000
CXUS56 KLOX 011155
CF6SMX
PRELIMINARY LOCAL CLIMATOLOGICAL DATA (WS FORM: F-6)
STATION: SANTA MARIA AIRPORT CA
MONTH: APRIL
YEAR: 2023
LATITUDE: 34 54 N
LONGITUDE: 120 27 W
TEMPERATURE IN F: :PCPN: SNOW: WIND :SUNSHINE: SKY :PK WND
================================================================================
1 2 3 4 5 6A 6B 7 8 9 10 11 12 13 14 15 16 17 18
12Z AVG MX 2MIN
DY MAX MIN AVG DEP HDD CDD WTR SNW DPTH SPD SPD DIR MIN PSBL S-S WX SPD DR
================================================================================
1 63 37 50 -6 15 0 0.00 M M 8.7 25 290 M M 0 8 31 280
2 60 40 50 -6 15 0 0.00 M M 10.1 26 290 M M 2 1 33 280
3 55 41 48 -8 17 0 0.00 M M 16.5 35 300 M M 3 78 45 300
4 56 35 46 -10 19 0 0.00 M M 9.1 29 290 M M 0 7 35 280
5 60 38 49 -7 16 0 0.00 M M 8.2 26 290 M M 0 30 290
6 68 37 53 -3 12 0 0.00 M M 5.2 21 290 M M 0 27 290
7 63 47 55 -1 10 0 0.00 M M 5.7 17 290 M M 3 22 300
8 66 44 55 -1 10 0 0.00 M M 6.8 16 290 M M 4 1 21 290
9 74 51 63 7 2 0 0.00 M M 3.5 17 290 M M 4 1 21 290
10 71 49 60 4 5 0 0.00 M M 4.3 18 290 M M 2 18 20 290
11 63 49 56 0 9 0 0.00 M M 9.8 23 290 M M 6 128 28 280
12 61 43 52 -4 13 0 0.00 M M 11.8 31 290 M M 5 18 40 280
13 62 39 51 -5 14 0 0.00 M M 10.6 29 290 M M 3 18 36 280
14 60 39 50 -7 15 0 0.00 M M 7.2 18 300 M M 2 1 23 290
15 62 44 53 -4 12 0 0.00 M M 5.6 16 300 M M 4 1 20 300
16 58 46 52 -5 13 0 0.00 M M 7.2 17 280 M M 6 18 21 290
17 59 44 52 -5 13 0 0.00 M M 10.9 26 280 M M 4 12 32 280
18 61 39 50 -7 15 0 0.00 M M 12.4 31 290 M M 1 39 290
19 66 38 52 -5 13 0 0.00 M M 11.7 28 280 M M 0 1 34 280
20 76 49 63 6 2 0 0.00 M M 12.8 25 20 M M 0 32 360
21 85 49 67 10 0 2 0.00 M M 10.1 26 30 M M 0 8 33 20
22 66 46 56 -1 9 0 0.00 M M 6.8 22 320 M M 1 1 25 310
23 62 48 55 -2 10 0 0.00 M M 12.9 26 290 M M 5 12 31 290
24 63 46 55 -2 10 0 0.00 M M 9.4 23 300 M M 4 128 27 310
25 64 44 54 -3 11 0 0.00 M M 5.0 15 320 M M 6 18 18 320
26 64 47 56 -1 9 0 0.00 M M 4.4 13 310 M M 6 12 18 320
27 67 46 57 -1 8 0 0.00 M M 3.7 12 300 M M 6 12 20 290
28 65 47 56 -2 9 0 0.00 M M 4.5 12 310 M M 7 12 16 320
29 64 48 56 -2 9 0 0.00 M M 4.8 13 290 M M 8 1 21 280
30 64 49 57 -1 8 0 0.00 M M 9.7 24 280 M M 9 18 28 280
================================================================================
SM 1928 1319 323 2 0.00 M 249.4 M 101
================================================================================
AV 64.3 44.0 8.3 FASTST M M 3 MAX(MPH)
MISC ----> 35 300 45 300
================================================================================
NOTES:
# LAST OF SEVERAL OCCURRENCES
COLUMN 17 PEAK WIND IN M.P.H.
PRELIMINARY LOCAL CLIMATOLOGICAL DATA (WS FORM: F-6) , PAGE 2
STATION: SANTA MARIA AIRPORT CA
MONTH: APRIL
YEAR: 2023
LATITUDE: 34 54 N
LONGITUDE: 120 27 W
[TEMPERATURE DATA] [PRECIPITATION DATA] SYMBOLS USED IN COLUMN 16
AVERAGE MONTHLY: 54.1 TOTAL FOR MONTH: 0.00 1 = FOG OR MIST
DPTR FM NORMAL: -2.6 DPTR FM NORMAL: -0.93 2 = FOG REDUCING VISIBILITY
HIGHEST: 85 ON 21 GRTST 24HR T ON 31- 1 TO 1/4 MILE OR LESS
LOWEST: 35 ON 4 3 = THUNDER
SNOW, ICE PELLETS, HAIL 4 = ICE PELLETS
TOTAL MONTH: M 5 = HAIL
GRTST 24HR M ON M 6 = FREEZING RAIN OR DRIZZLE
GRTST DEPTH: M ON M 7 = DUSTSTORM OR SANDSTORM:
VSBY 1/2 MILE OR LESS
8 = SMOKE OR HAZE
[NO. OF DAYS WITH] [WEATHER - DAYS WITH] 9 = BLOWING SNOW
X = TORNADO
MAX 32 OR BELOW: 0 0.01 INCH OR MORE: 0
MAX 90 OR ABOVE: 0 0.10 INCH OR MORE: 0
MIN 32 OR BELOW: 0 0.50 INCH OR MORE: 0
MIN 0 OR BELOW: 0 1.00 INCH OR MORE: 0
[HDD (BASE 65) ]
TOTAL THIS MO. 323 CLEAR (SCALE 0-3) 14
DPTR FM NORMAL 71 PTCLDY (SCALE 4-7) 14
TOTAL FM JUL 1 2677 CLOUDY (SCALE 8-10) 2
DPTR FM NORMAL 502
[CDD (BASE 65) ]
TOTAL THIS MO. 2
DPTR FM NORMAL -3 [PRESSURE DATA]
TOTAL FM JAN 1 2 HIGHEST SLP 30.24 ON 20
DPTR FM NORMAL -6 LOWEST SLP 29.81 ON 13
[REMARKS]
#FINAL-04-23#