000
CXUS56 KPQR 011604
CLMSPB
CLIMATE REPORT
NATIONAL WEATHER SERVICE PORTLAND OREGON
904 AM PDT FRI SEP 01 2023
...................................
...THE SCAPPOOSE OR CLIMATE SUMMARY FOR THE MONTH OF AUGUST 2023...
CLIMATE NORMAL PERIOD 1991 TO 2020
CLIMATE RECORD PERIOD 9999 TO 9999
WEATHER OBSERVED NORMAL DEPART LAST YEAR`S
VALUE DATE(S) VALUE FROM VALUE DATE(S)
NORMAL
................................................................
TEMPERATURE (F)
HIGHEST 106 101 08/07
LOWEST 53 49 08/28
AVG. MAXIMUM 87.4 82.0 5.4 86.4
AVG. MINIMUM 59.5 54.4 5.1 59.1
MEAN 73.4 68.2 5.2 72.8
DAYS MAX >= 90 10 5.1 4.9 10
DAYS MAX <= 32 0 0.0 0.0 0
DAYS MIN <= 32 0 0.0 0.0 0
DAYS MIN <= 0 0 0.0 0.0 0
PRECIPITATION (INCHES)
RECORD
MAXIMUM 0.02 2022
MINIMUM 0.02 2022
TOTALS 0.83 0.52 0.31 0.02
DAYS >= .01 4 3.8 0.2 2
DAYS >= .10 1 1.5 -0.5 0
DAYS >= .50 1 0.2 0.8 0
DAYS >= 1.00 0 0.0 0.0 0
GREATEST
24 HR. TOTAL 0.68 08/31 TO 08/31
DEGREE DAYS
HEATING TOTAL 3 25 -22 0
SINCE 7/1 7 54 -47 MM
COOLING TOTAL 266 124 142 239
SINCE 1/1 575 287 288 MM
................................................................
WIND (MPH)
AVERAGE WIND SPEED 5.6
RESULTANT WIND SPEED/DIRECTION 4/360
HIGHEST WIND SPEED/DIRECTION 18/360 DATE 08/03
18/360 08/14
HIGHEST GUST SPEED/DIRECTION 26/360 DATE 08/03
SKY COVER
POSSIBLE SUNSHINE (PERCENT) MM
AVERAGE SKY COVER 0.26
AVERAGE RH (PERCENT) 56
WEATHER CONDITIONS. NUMBER OF DAYS WITH
THUNDERSTORM 2 MIXED PRECIP 0
HEAVY RAIN 0 RAIN 1
LIGHT RAIN 6 FREEZING RAIN 0
LT FREEZING RAIN 0 HAIL 0
HEAVY SNOW 0 SNOW 0
LIGHT SNOW 0 SLEET 0
FOG 2 FOG W/VIS <= 1/4 MILE 0
HAZE 3
- INDICATES NEGATIVE NUMBERS.
R INDICATES RECORD WAS SET OR TIED.
MM INDICATES DATA IS MISSING.
T INDICATES TRACE AMOUNT.
$$