000
CXUS55 KPUB 011210
CF6SPD
PRELIMINARY LOCAL CLIMATOLOGICAL DATA (WS FORM: F-6)
STATION: SPRINGFIELD CO
MONTH: OCTOBER
YEAR: 2021
LATITUDE: 37 16 N
LONGITUDE: 102 37 W
TEMPERATURE IN F: :PCPN: SNOW: WIND :SUNSHINE: SKY :PK WND
================================================================================
1 2 3 4 5 6A 6B 7 8 9 10 11 12 13 14 15 16 17 18
12Z AVG MX 2MIN
DY MAX MIN AVG DEP HDD CDD WTR SNW DPTH SPD SPD DIR MIN PSBL S-S WX SPD DR
================================================================================
1 61 44 53 -7 12 0 0.03 M M 4.8 14 80 M M 0 17 100
2 75 43 59 0 6 0 0.00 M M 8.2 22 360 M M 0 30 350
3 81 41 61 2 4 0 0.00 M M 4.8 12 200 M M 0 16 200
4 85 45 65 7 0 0 0.00 M M 9.3 20 360 M M 0 28 340
5 80 43 62 4 3 0 0.00 M M 7.9 14 110 M M 0 20 100
6 84 49 67 10 0 2 0.00 M M 14.8 24 180 M M 0 38 160
7 84 51 68 11 0 3 0.00 M M 9.0 26 310 M M 0 36 300
8 88 47 68 12 0 3 0.00 M M 8.1 18 160 M M 0 23 160
9 91 57 74 18 0 9 0.00 M M 11.8 25 350 M M 0 34 350
10 61 38 50 -5 15 0 0.00 M M 10.8 25 360 M M 0 33 360
11 72 34 53 -2 12 0 0.00 M M 12.4 32 170 M M 0 44 150
12 81 39 60 6 5 0 0.00 M M 13.2 25 170 M M 0 32 170
13 70 34 52 -2 13 0 0.00 M M 9.7 18 120 M M 0 26 170
14 57 30 44 -10 21 0 0.00 M M 9.9 16 10 M M 0 24 360
15 58 28 43 -10 22 0 0.06 M M 8.7 24 340 M M 0 31 350
16 70 25 48 -5 17 0 0.00 M M 4.8 13 290 M M 0 17 290
17 78 29 54 2 11 0 0.00 M M 10.9 26 180 M M 0 36 190
18 84 47 66 14 0 1 0.00 M M 15.2 32 190 M M 0 45 190
19 80 39 60 9 5 0 0.00 M M 13.1 25 230 M M 0 35 340
20 68 31 50 -1 15 0 0.00 M M 7.3 14 340 M M 0 22 360
21 71 29 50 -1 15 0 0.00 M M 4.6 13 30 M M 0 19 360
22 79 34 57 7 8 0 0.00 M M 4.7 14 310 M M 0 18 320
23 84 40 62 12 3 0 0.00 M M 8.5 21 230 M M 0 28 210
24 72 39 56 7 9 0 0.00 M M 9.5 21 310 M M 0 29 310
25 84 35 60 11 5 0 0.00 M M 11.0 28 180 M M 0 35 200
26 83 45 64 15 1 0 0.00 M M 17.4 38 360 M M 0 56 190
27 60 40 50 2 15 0 0.00 M M 24.9 46 340 M M 0 61 340
28 60 35 48 0 17 0 0.00 M M 18.3 33 340 M M 0 46 350
29 70 32 51 3 14 0 0.00 M M 7.6 14 360 M M 0 20 350
30 76 39 58 11 7 0 0.00 M M 13.5 28 340 M M 0 37 340
31 50 30 40 -7 25 0 0.00 M M 9.2 15 120 M M 0 20 100
================================================================================
SM 2297 1192 280 18 0.09 M 323.9 M 0
================================================================================
AV 74.1 38.5 10.4 FASTST M M 0 MAX(MPH)
MISC ----> 46 340 61 340
================================================================================
NOTES:
# LAST OF SEVERAL OCCURRENCES
COLUMN 17 PEAK WIND IN M.P.H.
PRELIMINARY LOCAL CLIMATOLOGICAL DATA (WS FORM: F-6) , PAGE 2
STATION: SPRINGFIELD CO
MONTH: OCTOBER
YEAR: 2021
LATITUDE: 37 16 N
LONGITUDE: 102 37 W
[TEMPERATURE DATA] [PRECIPITATION DATA] SYMBOLS USED IN COLUMN 16
AVERAGE MONTHLY: 56.3 TOTAL FOR MONTH: 0.09 1 = FOG OR MIST
DPTR FM NORMAL: 3.5 DPTR FM NORMAL: -0.93 2 = FOG REDUCING VISIBILITY
HIGHEST: 91 ON 9 GRTST 24HR 0.06 ON 15-15 TO 1/4 MILE OR LESS
LOWEST: 25 ON 16 3 = THUNDER
SNOW, ICE PELLETS, HAIL 4 = ICE PELLETS
TOTAL MONTH: M 5 = HAIL
GRTST 24HR M ON M 6 = FREEZING RAIN OR DRIZZLE
GRTST DEPTH: M ON M 7 = DUSTSTORM OR SANDSTORM:
VSBY 1/2 MILE OR LESS
8 = SMOKE OR HAZE
[NO. OF DAYS WITH] [WEATHER - DAYS WITH] 9 = BLOWING SNOW
X = TORNADO
MAX 32 OR BELOW: 0 0.01 INCH OR MORE: 2
MAX 90 OR ABOVE: 1 0.10 INCH OR MORE: 0
MIN 32 OR BELOW: 8 0.50 INCH OR MORE: 0
MIN 0 OR BELOW: 0 1.00 INCH OR MORE: 0
[HDD (BASE 65) ]
TOTAL THIS MO. 280 CLEAR (SCALE 0-3) 31
DPTR FM NORMAL -105 PTCLDY (SCALE 4-7) 0
TOTAL FM JUL 1 302 CLOUDY (SCALE 8-10) 0
DPTR FM NORMAL -171
[CDD (BASE 65) ]
TOTAL THIS MO. 18
DPTR FM NORMAL 9 [PRESSURE DATA]
TOTAL FM JAN 1 1291 HIGHEST SLP 30.36 ON 16
DPTR FM NORMAL 313 LOWEST SLP 29.30 ON 26
[REMARKS]
#FINAL-10-21#