000
CXUS53 KILX 010900
CF6SPI
PRELIMINARY LOCAL CLIMATOLOGICAL DATA (WS FORM: F-6)
STATION: SPRINGFIELD IL
MONTH: OCTOBER
YEAR: 2022
LATITUDE: 39 50 N
LONGITUDE: 89 41 W
TEMPERATURE IN F: :PCPN: SNOW: WIND :SUNSHINE: SKY :PK WND
================================================================================
1 2 3 4 5 6A 6B 7 8 9 10 11 12 13 14 15 16 17 18
12Z AVG MX 2MIN
DY MAX MIN AVG DEP HDD CDD WTR SNW DPTH SPD SPD DIR MIN PSBL S-S WX SPD DR
================================================================================
1 75 40 58 -4 7 0 0.00 0.0 0 6.0 14 30 M M 0 1 22 50
2 76 41 59 -3 6 0 0.00 0.0 0 6.5 15 40 M M 0 21 70
3 72 40 56 -5 9 0 0.00 0.0 0 4.8 12 70 M M 0 17 90
4 75 37 56 -5 9 0 0.00 0.0 0 2.4 7 90 M M 0 11 100
5 77 38 58 -2 7 0 T 0.0 0 4.1 13 320 M M 3 19 340
6 77 48 63 3 2 0 0.01 0.0 0 7.2 18 280 M M 2 27 280
7 61 38 50 -10 15 0 0.00 0.0 0 7.9 16 360 M M 4 23 350
8 62 31 47 -12 18 0 0.00 0.0 0 3.9 14 250 M M 1 21 270
9 74 34 54 -5 11 0 0.00 0.0 0 7.6 18 250 M M 1 28 240
10 79 41 60 2 5 0 0.00 0.0 M 4.9 13 230 M M 1 19 220
11 63 58 61 3 4 0 0.63 0.0 M 8.4 15 160 M M 8 1 21 160
12 70 45 58 0 7 0 0.06 0.0 0 9.4 28 320 M M 7 38 44 320
13 61 35 48 -9 17 0 0.00 0.0 0 8.1 23 290 M M 2 40 250
14 66 33 50 -7 15 0 0.12 0.0 0 10.2 29 260 M M 3 1 45 260
15 58 33 46 -10 19 0 0.00 0.0 0 5.8 13 240 M M 1 1 20 250
16 62 39 51 -5 14 0 0.00 0.0 0 9.2 20 330 M M 2 27 320
17 47 34 41 -15 24 0 0.00 0.0 0 11.9 22 320 M M 4 33 310
18 50 29 40 -15 25 0 0.00 0.0 0 11.4 20 300 M M 0 32 300
19 50 23 37 -18 28 0 0.00 0.0 0 7.7 20 270 M M 0 28 280
20 70 27 49 -5 16 0 0.00 0.0 0 6.3 15 250 M M 1 24 250
21 79 43 61 7 4 0 0.00 0.0 0 10.4 21 200 M M 0 31 200
22 81 54 68 14 0 3 0.00 0.0 0 12.8 23 170 M M 0 38 160
23 77 62 70 17 0 5 T 0.0 0 17.4 29 180 M M 2 42 180
24 76 61 69 16 0 4 0.11 0.0 0 17.1 28 170 M M 3 42 160
25 61 44 53 1 12 0 1.19 0.0 0 13.2 35 10 M M 10 1 46 10
26 59 35 47 -5 18 0 0.02 0.0 0 7.7 17 350 M M 2 24 320
27 58 34 46 -6 19 0 0.00 0.0 0 7.0 16 70 M M 0 1 23 80
28 63 34 49 -2 16 0 0.00 0.0 0 5.5 13 30 M M 0 8 19 50
29 67 33 50 -1 15 0 0.00 0.0 0 3.0 9 140 M M 0 1 12 140
30 57 48 53 3 12 0 0.10 0.0 0 5.1 12 80 M M 8 12 15 110
31 62 41 52 2 13 0 0.89 0.0 0 5.0 13 260 M M 7 128 15 260
================================================================================
SM 2065 1233 367 12 3.13 0.0 247.9 M 72
================================================================================
AV 66.6 39.8 8.0 FASTST M M 2 MAX(MPH)
MISC ----> 35 10 46 10
================================================================================
NOTES:
# LAST OF SEVERAL OCCURRENCES
COLUMN 17 PEAK WIND IN M.P.H.
PRELIMINARY LOCAL CLIMATOLOGICAL DATA (WS FORM: F-6) , PAGE 2
STATION: SPRINGFIELD IL
MONTH: OCTOBER
YEAR: 2022
LATITUDE: 39 50 N
LONGITUDE: 89 41 W
[TEMPERATURE DATA] [PRECIPITATION DATA] SYMBOLS USED IN COLUMN 16
AVERAGE MONTHLY: 53.2 TOTAL FOR MONTH: 3.13 1 = FOG OR MIST
DPTR FM NORMAL: -2.8 DPTR FM NORMAL: -0.13 2 = FOG REDUCING VISIBILITY
HIGHEST: 81 ON 22 GRTST 24HR 1.30 ON 24-25 TO 1/4 MILE OR LESS
LOWEST: 23 ON 19 3 = THUNDER
SNOW, ICE PELLETS, HAIL 4 = ICE PELLETS
TOTAL MONTH: 0.0 INCH 5 = HAIL
GRTST 24HR 0.0 6 = FREEZING RAIN OR DRIZZLE
GRTST DEPTH: 0 7 = DUSTSTORM OR SANDSTORM:
VSBY 1/2 MILE OR LESS
8 = SMOKE OR HAZE
[NO. OF DAYS WITH] [WEATHER - DAYS WITH] 9 = BLOWING SNOW
X = TORNADO
MAX 32 OR BELOW: 0 0.01 INCH OR MORE: 9
MAX 90 OR ABOVE: 0 0.10 INCH OR MORE: 6
MIN 32 OR BELOW: 4 0.50 INCH OR MORE: 3
MIN 0 OR BELOW: 0 1.00 INCH OR MORE: 1
[HDD (BASE 65) ]
TOTAL THIS MO. 367 CLEAR (SCALE 0-3) 24
DPTR FM NORMAL 57 PTCLDY (SCALE 4-7) 6
TOTAL FM JUL 1 443 CLOUDY (SCALE 8-10) 1
DPTR FM NORMAL 70
[CDD (BASE 65) ]
TOTAL THIS MO. 12
DPTR FM NORMAL -18 [PRESSURE DATA]
TOTAL FM JAN 1 1279 HIGHEST SLP 30.49 ON 8
DPTR FM NORMAL 29 LOWEST SLP 29.44 ON 25
[REMARKS]
#FINAL-10-22#