000
CXUS54 KLZK 011130
CF6SRC
PRELIMINARY LOCAL CLIMATOLOGICAL DATA (WS FORM: F-6)
STATION: SEARCY AIRPORT
MONTH: MAY
YEAR: 2022
LATITUDE: 35 12 N
LONGITUDE: 91 44 W
TEMPERATURE IN F: :PCPN: SNOW: WIND :SUNSHINE: SKY :PK WND
================================================================================
1 2 3 4 5 6A 6B 7 8 9 10 11 12 13 14 15 16 17 18
12Z AVG MX 2MIN
DY MAX MIN AVG DEP HDD CDD WTR SNW DPTH SPD SPD DIR MIN PSBL S-S WX SPD DR
================================================================================
1 82 49 66 1 0 1 0.00 M M 1.5 7 99 M M 0 1 M M
2 74 54 64 -1 1 0 0.76 M M 4.9 14 60 M M 5 13 M M
3 74 60 67 1 0 2 0.85 M M 7.3 15 150 M M 7 13 33 280
4 68 57 63 -3 2 0 T M M 9.7 14 70 M M 8 M M
5 65 60 63 -3 2 0 0.77 M M 5.1 12 100 M M 8 13 M M
6 74 59 67 0 0 2 T M M 8.6 14 270 M M 8 8 22 270
7 75 51 63 -4 2 0 0.00 M M 5.1 10 80 M M 0 1 M M
8 79 52 66 -1 0 1 0.00 M M 6.4 14 130 M M 4 1 21 130
9 88 65 77 9 0 12 0.00 M M 8.8 18 180 M M 4 29 190
10 89 68 79 11 0 14 0.00 M M 6.2 17 200 M M 1 1 24 200
11 93 67 80 12 0 15 0.00 M M 0.0 M M M M 0 1 M M
12 94 65 80 12 0 15 0.00 M M 1.8 6 99 M M 0 12 M M
13 94 67 81 12 0 16 0.00 M M 4.7 16 130 M M 0 1 23 130
14 88 64 76 7 0 11 0.20 M M 3.7 15 30 M M 2 3 24 30
15 87 63 75 6 0 10 0.45 M M 3.6 23 340 M M 3 13 41 350
16 82 58 70 0 0 5 0.00 M M 4.1 12 60 M M 3 M M
17 81 55 68 -2 0 3 0.00 M M 2.4 9 150 M M 0 M M
18 89 62 76 6 0 11 0.00 M M 4.9 15 170 M M 0 17 210
19 89 71 80 9 0 15 0.00 M M 9.6 20 200 M M 0 31 200
20 89 73 81 10 0 16 0.00 M M 12.6 20 200 M M 5 31 190
21 89 61 75 4 0 10 1.26 M M 9.9 20 190 M M 5 13 41 320
22 65 58 62 -10 3 0 0.40 M M 11.4 17 20 M M 10 38 22 20
23 71 57 64 -8 1 0 0.00 M M 8.4 13 60 M M 8 M M
24 73 61 67 -5 0 2 0.52 M M 7.0 12 60 M M 10 13 M M
25 80 65 73 1 0 8 0.90 M M 10.1 22 140 M M 8 1 37 140
26 69 56 63 -10 2 0 T M M 7.0 12 220 M M 5 22 220
27 80 53 67 -6 0 2 0.00 M M 4.7 13 340 M M 2 16 320
28 81 57 69 -4 0 4 0.00 M M 5.6 12 170 M M 0 M M
29 87 59 73 -1 0 8 0.00 M M 7.0 16 170 M M 0 21 150
30 89 64 77 3 0 12 0.00 M M 9.4 20 180 M M 2 24 180
31 90 65 78 4 0 13 0.00 M M 6.3 15 200 M M 2 21 190
================================================================================
SM 2528 1876 13 208 6.11 M 197.9 M 110
================================================================================
AV 81.5 60.5 6.4 FASTST M M 4 MAX(MPH)
MISC ----> 23 340 41 350
================================================================================
NOTES:
# LAST OF SEVERAL OCCURRENCES
COLUMN 17 PEAK WIND IN M.P.H.
PRELIMINARY LOCAL CLIMATOLOGICAL DATA (WS FORM: F-6) , PAGE 2
STATION: SEARCY AIRPORT
MONTH: MAY
YEAR: 2022
LATITUDE: 35 12 N
LONGITUDE: 91 44 W
[TEMPERATURE DATA] [PRECIPITATION DATA] SYMBOLS USED IN COLUMN 16
AVERAGE MONTHLY: 71.0 TOTAL FOR MONTH: 6.11 1 = FOG OR MIST
DPTR FM NORMAL: 1.3 DPTR FM NORMAL: 0.59 2 = FOG REDUCING VISIBILITY
HIGHEST: 94 ON 12,13 GRTST 24HR 1.66 ON 21-22 TO 1/4 MILE OR LESS
LOWEST: 49 ON 1 3 = THUNDER
SNOW, ICE PELLETS, HAIL 4 = ICE PELLETS
TOTAL MONTH: M 5 = HAIL
GRTST 24HR M ON M 6 = FREEZING RAIN OR DRIZZLE
GRTST DEPTH: M ON M 7 = DUSTSTORM OR SANDSTORM:
VSBY 1/2 MILE OR LESS
8 = SMOKE OR HAZE
[NO. OF DAYS WITH] [WEATHER - DAYS WITH] 9 = BLOWING SNOW
X = TORNADO
MAX 32 OR BELOW: 0 0.01 INCH OR MORE: 9
MAX 90 OR ABOVE: 4 0.10 INCH OR MORE: 9
MIN 32 OR BELOW: 0 0.50 INCH OR MORE: 6
MIN 0 OR BELOW: 0 1.00 INCH OR MORE: 1
[HDD (BASE 65) ]
TOTAL THIS MO. 13 CLEAR (SCALE 0-3) 16
DPTR FM NORMAL -20 PTCLDY (SCALE 4-7) 10
TOTAL FM JUL 1 3081 CLOUDY (SCALE 8-10) 5
DPTR FM NORMAL -449
[CDD (BASE 65) ]
TOTAL THIS MO. 208
DPTR FM NORMAL 30 [PRESSURE DATA]
TOTAL FM JAN 1 265 HIGHEST SLP 30.28 ON 22
DPTR FM NORMAL 35 LOWEST SLP 29.59 ON 19
[REMARKS]
#FINAL-05-22#