000
CXUS54 KEPZ 011030
CF6SRR
PRELIMINARY LOCAL CLIMATOLOGICAL DATA (WS FORM: F-6)
STATION: RUIDOSO AWOS
MONTH: JUNE
YEAR: 2022
LATITUDE: 33 28 N
LONGITUDE: 105 32 W
TEMPERATURE IN F: :PCPN: SNOW: WIND :SUNSHINE: SKY :PK WND
================================================================================
1 2 3 4 5 6A 6B 7 8 9 10 11 12 13 14 15 16 17 18
12Z AVG MX 2MIN
DY MAX MIN AVG DEP HDD CDD WTR SNW DPTH SPD SPD DIR MIN PSBL S-S WX SPD DR
================================================================================
1 73 52 63 M 2 0 0.00 M M 10.8 17 120 M M 3 27 90
2 66 48 57 M 8 0 0.16 M M 9.2 20 80 M M 6 12 33 80
3 73 46 60 M 5 0 0.00 M M 9.9 30 340 M M 2 45 110
4 81 50 66 M 0 1 0.00 M M 10.9 22 230 M M 1 29 230
5 82 59 71 M 0 6 0.00 M M 12.9 21 310 M M 0 29 310
6 88 64 76 M 0 11 0.00 M M 9.8 17 290 M M 0 21 290
7 82 64 73 M 0 8 0.00 M M 10.0 18 320 M M 0 24 130
8 84 55 70 M 0 5 0.19 M M 11.7 24 150 M M 2 8 32 150
9 79 55 67 M 0 2 0.59 M M 5.8 15 140 M M 1 48 140
10 90 59 75 M 0 10 0.00 M M 6.3 18 240 M M 0 24 140
11 90 66 78 M 0 13 0.00 M M 9.1 17 180 M M 0 27 80
12 88 64 76 M 0 11 0.00 M M 9.2 17 220 M M 1 29 240
13 88 68 78 M 0 13 0.00 M M 12.8 24 240 M M 1 37 240
14 86 64 75 M 0 10 0.00 M M 14.0 22 260 M M 1 32 260
15 88 64 76 M 0 11 0.00 M M 10.5 15 110 M M 1 25 80
16 86 63 75 M 0 10 0.00 M M 9.7 20 120 M M 0 25 70
17 77 57 67 M 0 2 0.17 M M 7.5 17 210 M M 2 21 160
18 81 57 69 M 0 4 0.00 M M 9.0 16 150 M M 2 25 240
19 73 59 66 M 0 1 0.02 M M 9.1 20 170 M M 5 30 130
20 73 55 64 M 1 0 0.33 M M 6.9 16 270 M M 6 8 30 110
21 61 55 58 M 7 0 1.31 M M 4.9 10 240 M M 9 1 M M
22 72 54 63 M 2 0 0.16 M M 6.3 12 140 M M 8 2 29 100
23 75 61 68 M 0 3 0.00 M M 7.6 16 160 M M 4 26 300
24 77 59 68 M 0 3 0.00 M M 6.8 16 130 M M 4 22 290
25 77 57 67 M 0 2 0.09 M M 6.7 15 150 M M 3 23 290
26 72 55 64 M 1 0 0.00 M M 10.8 16 120 M M 8 24 120
27 68 54 61 M 4 0 0.06 M M 5.5 12 130 M M 8 20 90
28 70 54 62 M 3 0 0.25 M M 4.9 9 120 M M 6 1 M M
29 75 57 66 M 0 1 0.00 M M 5.4 15 240 M M 2 24 90
30 77 55 66 M 0 1 T M M 6.9 14 220 M M 3 21 190
================================================================================
SM 2352 1730 33 128 3.33 M 260.8 M 89
================================================================================
AV 78.4 57.7 8.7 FASTST M M 3 MAX(MPH)
MISC ----> 30 340 48 140
================================================================================
NOTES:
# LAST OF SEVERAL OCCURRENCES
COLUMN 17 PEAK WIND IN M.P.H.
PRELIMINARY LOCAL CLIMATOLOGICAL DATA (WS FORM: F-6) , PAGE 2
STATION: RUIDOSO AWOS
MONTH: JUNE
YEAR: 2022
LATITUDE: 33 28 N
LONGITUDE: 105 32 W
[TEMPERATURE DATA] [PRECIPITATION DATA] SYMBOLS USED IN COLUMN 16
AVERAGE MONTHLY: 68.0 TOTAL FOR MONTH: 3.33 1 = FOG OR MIST
DPTR FM NORMAL: 0.0 DPTR FM NORMAL: M 2 = FOG REDUCING VISIBILITY
HIGHEST: 90 ON 11,10 GRTST 24HR 1.31 ON 21-21 TO 1/4 MILE OR LESS
LOWEST: 46 ON 3 3 = THUNDER
SNOW, ICE PELLETS, HAIL 4 = ICE PELLETS
TOTAL MONTH: M 5 = HAIL
GRTST 24HR M ON M 6 = FREEZING RAIN OR DRIZZLE
GRTST DEPTH: M ON M 7 = DUSTSTORM OR SANDSTORM:
VSBY 1/2 MILE OR LESS
8 = SMOKE OR HAZE
[NO. OF DAYS WITH] [WEATHER - DAYS WITH] 9 = BLOWING SNOW
X = TORNADO
MAX 32 OR BELOW: 0 0.01 INCH OR MORE: 11
MAX 90 OR ABOVE: 2 0.10 INCH OR MORE: 8
MIN 32 OR BELOW: 0 0.50 INCH OR MORE: 2
MIN 0 OR BELOW: 0 1.00 INCH OR MORE: 1
[HDD (BASE 65) ]
TOTAL THIS MO. 33 CLEAR (SCALE 0-3) 20
DPTR FM NORMAL M PTCLDY (SCALE 4-7) 9
TOTAL FM JUL 1 4219 CLOUDY (SCALE 8-10) 1
DPTR FM NORMAL M
[CDD (BASE 65) ]
TOTAL THIS MO. 128
DPTR FM NORMAL M [PRESSURE DATA]
TOTAL FM JAN 1 196 HIGHEST SLP M ON M
DPTR FM NORMAL M LOWEST SLP M ON M
[REMARKS]
#FINAL-06-22#