000
CXUS52 KJAX 062359
CF6SSI
PRELIMINARY LOCAL CLIMATOLOGICAL DATA (WS FORM: F-6)
STATION: ST SIMONS ISLAND
MONTH: JANUARY
YEAR: 2023
LATITUDE: 31 9 N
LONGITUDE: 81 23 W
TEMPERATURE IN F: :PCPN: SNOW: WIND :SUNSHINE: SKY :PK WND
================================================================================
1 2 3 4 5 6A 6B 7 8 9 10 11 12 13 14 15 16 17 18
12Z AVG MX 2MIN
DY MAX MIN AVG DEP HDD CDD WTR SNW DPTH SPD SPD DIR MIN PSBL S-S WX SPD DR
================================================================================
1 69 54 62 9 3 0 0.00 0.0 0 2.3 8 120 M M 10 12 10 240
2 68 53 61 8 4 0 0.00 0.0 0 2.6 8 100 M M 4 12 11 70
3 75 52 64 11 1 0 0.00 0.0 0 5.8 13 190 M M 3 12 23 180
4 78 62 70 17 0 5 1.09 0.0 0 7.0 17 200 M M 5 13 28 210
5 75 57 66 13 0 1 0.00 0.0 0 4.8 12 250 M M 5 12 16 260
6 64 44 54 1 11 0 0.00 0.0 0 5.3 13 270 M M 0 20 260
7 65 41 53 0 12 0 0.00 0.0 0 3.5 10 130 M M 0 15 330
8 67 44 56 3 9 0 0.00 0.0 0 2.3 7 240 M M 0 1 11 100
9 69 47 58 5 7 0 0.00 0.0 0 5.1 16 310 M M 2 25 290
10 66 43 55 2 10 0 0.00 0.0 0 1.5 12 260 M M 0 16 250
11 68 42 55 2 10 0 0.00 0.0 0 5.8 12 140 M M 0 17 140
12 71 57 64 11 1 0 0.00 0.0 0 7.6 14 220 M M 5 22 180
13 66 43 55 2 10 0 0.49 0.0 0 11.0 23 270 M M 7 13 41 310
14 50 38 44 -9 21 0 0.00 0.0 0 11.4 21 310 M M 1 33 330
15 55 32 44 -9 21 0 0.00 0.0 0 4.4 12 10 M M 0 20 290
16 59 33 46 -7 19 0 0.00 0.0 0 3.1 12 140 M M 0 15 140
17 71 46 59 6 6 0 0.00 0.0 0 8.0 14 230 M M 1 18 170
18 74 57 66 13 0 1 0.00 0.0 0 6.6 13 180 M M 5 1 23 160
19 73 58 66 13 0 1 T 0.0 0 7.8 16 280 M M 2 24 280
20 72 51 62 9 3 0 0.00 0.0 0 6.9 14 270 M M 0 1 20 270
21 59 43 51 -2 14 0 0.01 0.0 0 6.9 14 40 M M 5 18 30
22 73 53 63 10 2 0 0.87 0.0 0 6.7 30 300 M M 8 13 52 290
23 63 46 55 2 10 0 T 0.0 0 9.8 17 280 M M 3 28 280
24 63 37 50 -3 15 0 0.00 0.0 0 6.4 15 50 M M 0 20 60
25 71 54 63 10 2 0 0.21 0.0 0 9.4 16 240 M M 5 1 27 180
26 63 46 55 2 10 0 0.00 0.0 0 8.8 16 260 M M 1 25 270
27 59 39 49 -4 16 0 0.00 0.0 0 5.4 15 310 M M 0 23 320
28 59 35 47 -6 18 0 0.00 0.0 0 5.4 15 50 M M 0 23 30
29 66 47 57 4 8 0 0.02 0.0 0 2.9 8 90 M M 8 1 12 160
30 84 58 71 17 0 6 T 0.0 0 5.8 15 230 M M 6 1 21 230
31 82 60 71 17 0 6 0.00 0.0 0 3.9 10 130 M M 8 12 14 280
================================================================================
SM 2097 1472 243 20 2.69 0.0 184.2 M 94
================================================================================
AV 67.6 47.5 5.9 FASTST M M 3 MAX(MPH)
MISC ----> 30 300 52 290
================================================================================
NOTES:
# LAST OF SEVERAL OCCURRENCES
COLUMN 17 PEAK WIND IN M.P.H.
PRELIMINARY LOCAL CLIMATOLOGICAL DATA (WS FORM: F-6) , PAGE 2
STATION: ST SIMONS ISLAND
MONTH: JANUARY
YEAR: 2023
LATITUDE: 31 9 N
LONGITUDE: 81 23 W
[TEMPERATURE DATA] [PRECIPITATION DATA] SYMBOLS USED IN COLUMN 16
AVERAGE MONTHLY: 57.6 TOTAL FOR MONTH: 2.69 1 = FOG OR MIST
DPTR FM NORMAL: 4.6 DPTR FM NORMAL: -0.46 2 = FOG REDUCING VISIBILITY
HIGHEST: 84 ON 30 GRTST 24HR 1.09 ON 04-04 TO 1/4 MILE OR LESS
LOWEST: 32 ON 15 3 = THUNDER
SNOW, ICE PELLETS, HAIL 4 = ICE PELLETS
TOTAL MONTH: 0.0 INCH 5 = HAIL
GRTST 24HR 0.0 6 = FREEZING RAIN OR DRIZZLE
GRTST DEPTH: 0 7 = DUSTSTORM OR SANDSTORM:
VSBY 1/2 MILE OR LESS
8 = SMOKE OR HAZE
[NO. OF DAYS WITH] [WEATHER - DAYS WITH] 9 = BLOWING SNOW
X = TORNADO
MAX 32 OR BELOW: 0 0.01 INCH OR MORE: 6
MAX 90 OR ABOVE: 0 0.10 INCH OR MORE: 4
MIN 32 OR BELOW: 1 0.50 INCH OR MORE: 2
MIN 0 OR BELOW: 0 1.00 INCH OR MORE: 1
[HDD (BASE 65) ]
TOTAL THIS MO. 243 CLEAR (SCALE 0-3) 18
DPTR FM NORMAL -137 PTCLDY (SCALE 4-7) 11
TOTAL FM JUL 1 646 CLOUDY (SCALE 8-10) 2
DPTR FM NORMAL -196
[CDD (BASE 65) ]
TOTAL THIS MO. 20
DPTR FM NORMAL 14 [PRESSURE DATA]
TOTAL FM JAN 1 20 HIGHEST SLP 30.49 ON 28
DPTR FM NORMAL 14 LOWEST SLP 29.75 ON 22
[REMARKS]
#FINAL-01-23#