000
CXUS52 KJAX 010900
CF6SSI
PRELIMINARY LOCAL CLIMATOLOGICAL DATA (WS FORM: F-6)
STATION: ST SIMONS ISLAND
MONTH: FEBRUARY
YEAR: 2022
LATITUDE: 31 9 N
LONGITUDE: 81 23 W
TEMPERATURE IN F: :PCPN: SNOW: WIND :SUNSHINE: SKY :PK WND
================================================================================
1 2 3 4 5 6A 6B 7 8 9 10 11 12 13 14 15 16 17 18
12Z AVG MX 2MIN
DY MAX MIN AVG DEP HDD CDD WTR SNW DPTH SPD SPD DIR MIN PSBL S-S WX SPD DR
================================================================================
1 66 38 52 -2 13 0 0.00 0.0 0 8.0 15 40 M M 1 20 30
2 66 56 61 7 4 0 T 0.0 0 9.0 18 50 M M 7 27 70
3 70 55 63 9 2 0 0.00 0.0 0 7.7 15 180 M M 1 24 170
4 72 59 66 12 0 1 0.34 0.0 0 6.8 15 250 M M 4 1 27 170
5 59 44 52 -2 13 0 0.07 0.0 0 11.6 21 40 M M 6 1 29 320
6 51 44 48 -7 17 0 0.20 0.0 0 15.2 24 20 M M 10 1 35 40
7 51 43 47 -8 18 0 0.01 0.0 0 7.3 13 290 M M 10 1 19 300
8 57 43 50 -5 15 0 0.20 0.0 0 3.1 8 290 M M 6 1 12 290
9 60 39 50 -5 15 0 0.00 0.0 0 5.1 13 10 M M 0 1 18 360
10 68 38 53 -2 12 0 0.00 0.0 0 4.3 12 150 M M 0 1 16 150
11 70 41 56 1 9 0 0.00 0.0 0 2.5 9 130 M M 0 13 140
12 69 47 58 2 7 0 T 0.0 0 2.9 12 80 M M 6 15 70
13 68 47 58 2 7 0 0.11 0.0 0 7.4 16 300 M M 6 1 30 300
14 61 38 50 -6 15 0 0.00 0.0 0 5.8 15 340 M M 0 23 310
15 63 38 51 -5 14 0 0.00 0.0 0 8.6 18 30 M M 1 22 40
16 73 54 64 8 1 0 0.00 0.0 0 7.2 14 130 M M 3 22 130
17 74 58 66 9 0 1 0.00 0.0 0 8.3 16 180 M M 6 29 190
18 77 60 69 12 0 4 0.12 0.0 0 8.3 15 210 M M 7 1 22 220
19 64 45 55 -2 10 0 0.00 0.0 0 5.8 15 330 M M 2 22 320
20 66 42 54 -3 11 0 0.00 0.0 0 9.1 18 30 M M 1 25 30
21 74 53 64 7 1 0 0.00 0.0 0 4.9 9 100 M M 3 1 14 60
22 75 59 67 9 0 2 0.00 0.0 0 6.7 13 150 M M 0 18 170
23 79 59 69 11 0 4 0.00 0.0 0 7.4 14 240 M M 4 1 22 180
24 78 61 70 12 0 5 0.00 0.0 0 6.2 16 150 M M 0 1 25 150
25 80 61 71 13 0 6 0.00 0.0 0 6.2 14 220 M M 1 1 20 170
26 74 59 67 9 0 2 0.00 0.0 0 7.1 14 50 M M 2 1 19 70
27 70 58 64 6 1 0 0.00 0.0 0 6.8 17 30 M M 9 12 26 30
28 59 53 56 -3 9 0 0.23 0.0 0 13.0 23 20 M M 10 1 35 40
================================================================================
SM 1894 1392 194 25 1.28 0.0 202.3 M 106
================================================================================
AV 67.6 49.7 7.2 FASTST M M 4 MAX(MPH)
MISC ----> 24 20 # 35 40
================================================================================
NOTES:
# LAST OF SEVERAL OCCURRENCES
COLUMN 17 PEAK WIND IN M.P.H.
PRELIMINARY LOCAL CLIMATOLOGICAL DATA (WS FORM: F-6) , PAGE 2
STATION: ST SIMONS ISLAND
MONTH: FEBRUARY
YEAR: 2022
LATITUDE: 31 9 N
LONGITUDE: 81 23 W
[TEMPERATURE DATA] [PRECIPITATION DATA] SYMBOLS USED IN COLUMN 16
AVERAGE MONTHLY: 58.7 TOTAL FOR MONTH: 1.28 1 = FOG OR MIST
DPTR FM NORMAL: 2.6 DPTR FM NORMAL: -1.50 2 = FOG REDUCING VISIBILITY
HIGHEST: 80 ON 25 GRTST 24HR 0.41 ON 4- 5 TO 1/4 MILE OR LESS
LOWEST: 38 ON 15,14 3 = THUNDER
SNOW, ICE PELLETS, HAIL 4 = ICE PELLETS
TOTAL MONTH: 0.0 INCH 5 = HAIL
GRTST 24HR 0.0 6 = FREEZING RAIN OR DRIZZLE
GRTST DEPTH: 0 7 = DUSTSTORM OR SANDSTORM:
VSBY 1/2 MILE OR LESS
8 = SMOKE OR HAZE
[NO. OF DAYS WITH] [WEATHER - DAYS WITH] 9 = BLOWING SNOW
X = TORNADO
MAX 32 OR BELOW: 0 0.01 INCH OR MORE: 8
MAX 90 OR ABOVE: 0 0.10 INCH OR MORE: 6
MIN 32 OR BELOW: 0 0.50 INCH OR MORE: 0
MIN 0 OR BELOW: 0 1.00 INCH OR MORE: 0
[HDD (BASE 65) ]
TOTAL THIS MO. 194 CLEAR (SCALE 0-3) 15
DPTR FM NORMAL -69 PTCLDY (SCALE 4-7) 9
TOTAL FM JUL 1 885 CLOUDY (SCALE 8-10) 4
DPTR FM NORMAL -228
[CDD (BASE 65) ]
TOTAL THIS MO. 25
DPTR FM NORMAL 13 [PRESSURE DATA]
TOTAL FM JAN 1 39 HIGHEST SLP 30.56 ON 15
DPTR FM NORMAL 26 LOWEST SLP 29.95 ON 13
[REMARKS]
#FINAL-02-22#