000
CXUS53 KMPX 032158
CLASTC
CLIMATE REPORT
NATIONAL WEATHER SERVICE TWIN CITIES/CHANHASSEN MN
358 PM CST MON JAN 03 2022
...................................
...THE ST CLOUD MN CLIMATE SUMMARY FOR THE YEAR OF 2021...
CLIMATE NORMAL PERIOD 1991 TO 2020
CLIMATE RECORD PERIOD 1893 TO 2022
WEATHER OBSERVED NORMAL DEPART LAST YEAR`S
VALUE DATE(S) VALUE FROM VALUE
NORMAL
..............................................................
TEMPERATURE (F)
RECORD
HIGH 107 07/13/1936
07/23/1934
07/22/1934
LOW -43 01/09/1977
HIGHEST 98 06/05 58 40
LOWEST -28 02/15 27 -55
MEAN 45.5 42.9 2.6
DAYS MAX >= 90 20 8.8 11.2
DAYS MAX <= 32 69 83.5 -14.5
DAYS MIN <= 32 165 172.5 -7.5
DAYS MIN <= 0 29 35.7 -6.7
PRECIPITATION (INCHES)
RECORD
MAXIMUM 41.01 1897
MINIMUM 14.64 1910
TOTALS 25.77 28.49 -2.72
DAYS >= .01 110 110.5 -0.5
DAYS >= .10 61 56.9 4.1
DAYS >= .50 15 17.5 -2.5
DAYS >= 1.00 4 5.9 -1.9
GREATEST
24 HR. TOTAL 1.41 08/24 TO 08/24
STORM TOTAL 1.41
(MM/DD(HH))
SNOWFALL (INCHES)
RECORDS
TOTAL 84.3 2013
TOTALS 41.9 47.9 -6.0
SINCE 7/1 20.0 17.2 2.8
DAYS >= TRACE 65 36.0 29.0
DAYS >= 1.0 16 14.8 1.2
GREATEST
SNOW DEPTH 8 03/01
03/02
02/28
24 HR TOTAL 4.4
STORM TOTAL 4.4
(MM/DD(HH))
DEGREE DAYS
HEATING TOTAL 7676 8490 -814
SINCE 7/1 2845 3345 -500
COOLING TOTAL 723 468 255
SINCE 1/1 723 468 255
..............................................................
WIND (MPH)
HIGHEST WIND SPEED/DIRECTION 40/290 DATE 12/16
HIGHEST GUST SPEED/DIRECTION 54/290 DATE 12/16
- INDICATES NEGATIVE NUMBERS.
R INDICATES RECORD WAS SET OR TIED.
MM INDICATES DATA IS MISSING.
T INDICATES TRACE AMOUNT.
$$