000
CDUS43 KFSD 240637
CLISUX


CLIMATE REPORT
NATIONAL WEATHER SERVICE SIOUX FALLS SD
1235 AM CST MON NOV 24 2014


...................................

...THE SIOUX CITY IA CLIMATE SUMMARY FOR NOVEMBER 23 2014...

CLIMATE NORMAL PERIOD 1981 TO 2010
CLIMATE RECORD PERIOD 1889 TO 2014


WEATHER ITEM   OBSERVED TIME   RECORD YEAR NORMAL DEPARTURE LAST
                VALUE   (LST)  VALUE       VALUE  FROM      YEAR
                                                  NORMAL
..................................................................
TEMPERATURE (F)
 YESTERDAY
  MAXIMUM         55    218 AM  62    1902  42     13       22
  MINIMUM         30   1159 PM  -4    1898  21      9        6
  AVERAGE         43                        32     11       14

PRECIPITATION (IN)
  YESTERDAY        T             1.93 1905   0.05  -0.05     0.00
  MONTH TO DATE    0.27                      1.03  -0.76     1.09
  SINCE SEP 1      4.19                      6.12  -1.93     6.42
  SINCE JAN 1     39.82                     26.66  13.16    26.45

SNOWFALL (IN)
  YESTERDAY        0.0           1.5  1999   0.1   -0.1      0.0
                                      1909
  MONTH TO DATE    4.4                       2.8    1.6      0.9
  SINCE SEP 1      4.4                       3.8    0.6      0.9
  SINCE JUL 1      4.4                       3.8    0.6      0.9
  SNOW DEPTH       0

DEGREE DAYS
 HEATING
  YESTERDAY       22                        34    -12       51
  MONTH TO DATE  757                       626    131      629
  SINCE SEP 1   1231                      1211     20     1134
  SINCE JUL 1   1237                      1226     11     1154

 COOLING
  YESTERDAY        0                         0      0        0
  MONTH TO DATE    0                         0      0        0
  SINCE SEP 1     96                        92      4      159
  SINCE JAN 1    862                       869     -7      960
..................................................................


WIND (MPH)
  HIGHEST WIND SPEED    33   HIGHEST WIND DIRECTION    NW (330)
  HIGHEST GUST SPEED    43   HIGHEST GUST DIRECTION    NW (330)
  AVERAGE WIND SPEED    16.3


SKY COVER
  POSSIBLE SUNSHINE  MM
  AVERAGE SKY COVER 0.9


WEATHER CONDITIONS
 THE FOLLOWING WEATHER WAS RECORDED YESTERDAY.
  LIGHT RAIN
  FOG


RELATIVE HUMIDITY (PERCENT)
 HIGHEST    93           200 AM
 LOWEST     59           800 PM
 AVERAGE    76

..........................................................


THE SIOUX CITY IA CLIMATE NORMALS FOR TODAY
                         NORMAL    RECORD    YEAR
 MAXIMUM TEMPERATURE (F)   41        68      1990
 MINIMUM TEMPERATURE (F)   21         0      1893


SUNRISE AND SUNSET
NOVEMBER 24 2014......SUNRISE   727 AM CST   SUNSET   457 PM CST
NOVEMBER 25 2014......SUNRISE   728 AM CST   SUNSET   456 PM CST


-  INDICATES NEGATIVE NUMBERS.
R  INDICATES RECORD WAS SET OR TIED.
MM INDICATES DATA IS MISSING.
T  INDICATES TRACE AMOUNT.




$$
