201
CDUS43 KFSD 220628
CLISUX


CLIMATE REPORT
NATIONAL WEATHER SERVICE SIOUX FALLS SD
1227 AM CST SUN JAN 22 2017


...................................

...THE SIOUX CITY IA CLIMATE SUMMARY FOR JANUARY 21 2017...

CLIMATE NORMAL PERIOD 1981 TO 2010
CLIMATE RECORD PERIOD 1889 TO 2017


WEATHER ITEM   OBSERVED TIME   RECORD YEAR NORMAL DEPARTURE LAST
                VALUE   (LST)  VALUE       VALUE  FROM      YEAR
                                                  NORMAL
..................................................................
TEMPERATURE (F)
 YESTERDAY
  MAXIMUM         45    307 PM  57    1899  31     14       30
  MINIMUM         27   1139 PM -26    1970  10     17       24
  AVERAGE         36                        20     16       27

PRECIPITATION (IN)
  YESTERDAY        T             0.56 1917   0.02  -0.02     0.00
  MONTH TO DATE    0.37                      0.42  -0.05     0.68
  SINCE DEC 1      1.85                      1.22   0.63     3.54
  SINCE JAN 1      0.37                      0.42  -0.05     0.68

SNOWFALL (IN)
  YESTERDAY        0.0           8.0  1917   0.2   -0.2      0.0
  MONTH TO DATE    1.0                       4.4   -3.4      4.6
  SINCE DEC 1      5.5                      12.2   -6.7     16.4
  SINCE JUL 1      6.5                      17.6  -11.1     28.9
  SNOW DEPTH       0

DEGREE DAYS
 HEATING
  YESTERDAY       29                        45    -16       38
  MONTH TO DATE  885                       945    -60      968
  SINCE DEC 1   2125                      2261   -136     2013
  SINCE JUL 1   3069                      3737   -668     3119

 COOLING
  YESTERDAY        0                         0      0        0
  MONTH TO DATE    0                         0      0        0
  SINCE DEC 1      0                         0      0        0
  SINCE JAN 1      0                         0      0        0
..................................................................


WIND (MPH)
  HIGHEST WIND SPEED    14   HIGHEST WIND DIRECTION    NW (300)
  HIGHEST GUST SPEED    17   HIGHEST GUST DIRECTION     W (290)
  AVERAGE WIND SPEED     5.4


SKY COVER
  POSSIBLE SUNSHINE  MM
  AVERAGE SKY COVER 0.5


WEATHER CONDITIONS
 THE FOLLOWING WEATHER WAS RECORDED YESTERDAY.
  LIGHT RAIN
  FOG
  FOG W/VISIBILITY <= 1/4 MILE


RELATIVE HUMIDITY (PERCENT)
 HIGHEST   100          1200 AM
 LOWEST     76           200 PM
 AVERAGE    88

..........................................................


THE SIOUX CITY IA CLIMATE NORMALS FOR TODAY
                         NORMAL    RECORD    YEAR
 MAXIMUM TEMPERATURE (F)   31        62      1989
 MINIMUM TEMPERATURE (F)   10       -21      1936


SUNRISE AND SUNSET
JANUARY 22 2017.......SUNRISE   748 AM CST   SUNSET   527 PM CST
JANUARY 23 2017.......SUNRISE   747 AM CST   SUNSET   528 PM CST


-  INDICATES NEGATIVE NUMBERS.
R  INDICATES RECORD WAS SET OR TIED.
MM INDICATES DATA IS MISSING.
T  INDICATES TRACE AMOUNT.




$$
