000
CDUS43 KFSD 180648
CLISUX


CLIMATE REPORT
NATIONAL WEATHER SERVICE SIOUX FALLS SD
146 AM CDT FRI APR 18 2014


...................................

...THE SIOUX CITY IA CLIMATE SUMMARY FOR APRIL 17 2014...

CLIMATE NORMAL PERIOD 1981 TO 2010
CLIMATE RECORD PERIOD 1889 TO 2014


WEATHER ITEM   OBSERVED TIME   RECORD YEAR NORMAL DEPARTURE LAST
                VALUE   (LST)  VALUE       VALUE  FROM      YEAR
                                                  NORMAL
..................................................................
TEMPERATURE (F)
 YESTERDAY
  MAXIMUM         53    536 PM  88    1985  63    -10       40
  MINIMUM         30    616 AM  20    1997  37     -7       34
                                      1907
  AVERAGE         42                        50     -8       37

PRECIPITATION (IN)
  YESTERDAY        0.00          1.26 1900   0.10  -0.10     0.67
  MONTH TO DATE    0.87                      1.56  -0.69     3.63
  SINCE MAR 1      1.25                      3.56  -2.31     5.63
  SINCE JAN 1      2.02                      4.85  -2.83     6.83

SNOWFALL (IN)
  YESTERDAY        0.0           1.1  1910   0.1   -0.1       T
  MONTH TO DATE    5.3                       1.4    3.9      5.0
  SINCE MAR 1     10.0                       7.9    2.1     16.7
  SINCE JUL 1     23.8                      34.4  -10.6     37.5
  SNOW DEPTH       0

DEGREE DAYS
 HEATING
  YESTERDAY       23                        15      8       28
  MONTH TO DATE  345                       312     33      401
  SINCE MAR 1   1325                      1196    129     1448
  SINCE JUL 1   6929                      6490    439     6597

 COOLING
  YESTERDAY        0                         0      0        0
  MONTH TO DATE    4                         0      4        0
  SINCE MAR 1      4                         0      4        0
  SINCE JAN 1      4                         0      4        0
..................................................................


WIND (MPH)
  HIGHEST WIND SPEED    24   HIGHEST WIND DIRECTION     N (340)
  HIGHEST GUST SPEED    28   HIGHEST GUST DIRECTION     N (340)
  AVERAGE WIND SPEED     9.0


SKY COVER
  POSSIBLE SUNSHINE  MM
  AVERAGE SKY COVER 0.5


WEATHER CONDITIONS
 THE FOLLOWING WEATHER WAS RECORDED YESTERDAY.
  NO SIGNIFICANT WEATHER WAS OBSERVED.


RELATIVE HUMIDITY (PERCENT)
 HIGHEST    78           400 AM
 LOWEST     32           400 PM
 AVERAGE    55

..........................................................


THE SIOUX CITY IA CLIMATE NORMALS FOR TODAY
                         NORMAL    RECORD    YEAR
 MAXIMUM TEMPERATURE (F)   64        92      1994
 MINIMUM TEMPERATURE (F)   38        19      1953


SUNRISE AND SUNSET
APRIL 18 2014.........SUNRISE   640 AM CDT   SUNSET   811 PM CDT
APRIL 19 2014.........SUNRISE   638 AM CDT   SUNSET   812 PM CDT


-  INDICATES NEGATIVE NUMBERS.
R  INDICATES RECORD WAS SET OR TIED.
MM INDICATES DATA IS MISSING.
T  INDICATES TRACE AMOUNT.




$$
