000
CDUS43 KFSD 230639
CLISUX


CLIMATE REPORT
NATIONAL WEATHER SERVICE SIOUX FALLS SD
139 AM CDT MON OCT 23 2017


...................................

...THE SIOUX CITY IA CLIMATE SUMMARY FOR OCTOBER 22 2017...

CLIMATE NORMAL PERIOD 1981 TO 2010
CLIMATE RECORD PERIOD 1889 TO 2017


WEATHER ITEM   OBSERVED TIME   RECORD YEAR NORMAL DEPARTURE LAST
                VALUE   (LST)  VALUE       VALUE  FROM      YEAR
                                                  NORMAL
..................................................................
TEMPERATURE (F)
 YESTERDAY
  MAXIMUM         69    353 PM  85    2003  61      8       74
  MINIMUM         34    657 AM  17    1976  36     -2       34
  AVERAGE         52                        48      4       54

PRECIPITATION (IN)
  YESTERDAY        0.00          2.25 2008   0.06  -0.06     0.00
  MONTH TO DATE    6.81                      1.68   5.13     1.03
  SINCE SEP 1      8.99                      4.64   4.35     3.81
  SINCE JAN 1     29.18                     25.18   4.00    28.16

SNOWFALL (IN)
  YESTERDAY        0.0           0.6  2002   0.0    0.0      0.0
  MONTH TO DATE    0.0                       0.4   -0.4      0.0
  SINCE SEP 1      0.0                       0.4   -0.4      0.0
  SINCE JUL 1      0.0                       0.4   -0.4      0.0
  SNOW DEPTH       0

DEGREE DAYS
 HEATING
  YESTERDAY       13                        17     -4       11
  MONTH TO DATE  207                       283    -76      213
  SINCE SEP 1    273                       415   -142      263
  SINCE JUL 1    281                       430   -149      263

 COOLING
  YESTERDAY        0                         0      0        0
  MONTH TO DATE    0                         8     -8        0
  SINCE SEP 1    119                        92     27      143
  SINCE JAN 1    951                       869     82     1165
..................................................................


WIND (MPH)
  HIGHEST WIND SPEED    16   HIGHEST WIND DIRECTION    SW (230)
  HIGHEST GUST SPEED    22   HIGHEST GUST DIRECTION    SW (220)
  AVERAGE WIND SPEED     5.8


SKY COVER
  POSSIBLE SUNSHINE  MM
  AVERAGE SKY COVER 0.0


WEATHER CONDITIONS
 THE FOLLOWING WEATHER WAS RECORDED YESTERDAY.
  FOG


RELATIVE HUMIDITY (PERCENT)
 HIGHEST   100           500 AM
 LOWEST     20           400 PM
 AVERAGE    60

..........................................................


THE SIOUX CITY IA CLIMATE NORMALS FOR TODAY
                         NORMAL    RECORD    YEAR
 MAXIMUM TEMPERATURE (F)   60        83      1899
 MINIMUM TEMPERATURE (F)   36        15      1895


SUNRISE AND SUNSET
OCTOBER 23 2017.......SUNRISE   748 AM CDT   SUNSET   631 PM CDT
OCTOBER 24 2017.......SUNRISE   749 AM CDT   SUNSET   629 PM CDT


-  INDICATES NEGATIVE NUMBERS.
R  INDICATES RECORD WAS SET OR TIED.
MM INDICATES DATA IS MISSING.
T  INDICATES TRACE AMOUNT.




$$
