000
CDUS43 KFSD 060712
CLISUX


CLIMATE REPORT
NATIONAL WEATHER SERVICE SIOUX FALLS SD
111 AM CST TUE DEC 6 2016


...................................

...THE SIOUX CITY IA CLIMATE SUMMARY FOR DECEMBER 5 2016...

CLIMATE NORMAL PERIOD 1981 TO 2010
CLIMATE RECORD PERIOD 1889 TO 2016


WEATHER ITEM   OBSERVED TIME   RECORD YEAR NORMAL DEPARTURE LAST
                VALUE   (LST)  VALUE       VALUE  FROM      YEAR
                                                  NORMAL
..................................................................
TEMPERATURE (F)
 YESTERDAY
  MAXIMUM         48    345 PM  63    1939  35     13       43
  MINIMUM         30    219 AM  -9    2005  16     14       36
  AVERAGE         39                        25     14       40

PRECIPITATION (IN)
  YESTERDAY        0.00          0.50 1912   0.03  -0.03     0.00
  MONTH TO DATE    0.05                      0.16  -0.11     0.21
  SINCE DEC 1      0.05                      0.16  -0.11     0.21
  SINCE JAN 1     30.82                     27.10   3.72    32.49

SNOWFALL (IN)
  YESTERDAY        0.0           3.3  1936   0.2   -0.2      0.0
  MONTH TO DATE    0.2                       1.2   -1.0      3.2
  SINCE DEC 1      0.2                       1.2   -1.0      3.2
  SINCE JUL 1      1.2                       6.6   -5.4     15.7
  SNOW DEPTH       0

DEGREE DAYS
 HEATING
  YESTERDAY       26                        40    -14       25
  MONTH TO DATE  147                       194    -47      187
  SINCE DEC 1    147                       194    -47      187
  SINCE JUL 1   1091                      1670   -579     1293

 COOLING
  YESTERDAY        0                         0      0        0
  MONTH TO DATE    0                         0      0        0
  SINCE DEC 1      0                         0      0        0
  SINCE JAN 1   1165                       869    296      889
..................................................................


WIND (MPH)
  HIGHEST WIND SPEED    31   HIGHEST WIND DIRECTION     S (180)
  HIGHEST GUST SPEED    40   HIGHEST GUST DIRECTION     S (170)
  AVERAGE WIND SPEED    14.9


SKY COVER
  POSSIBLE SUNSHINE  MM
  AVERAGE SKY COVER 0.6


WEATHER CONDITIONS
 THE FOLLOWING WEATHER WAS RECORDED YESTERDAY.
  FOG
  HAZE


RELATIVE HUMIDITY (PERCENT)
 HIGHEST   100          1200 AM
 LOWEST     60           100 PM
 AVERAGE    80

..........................................................


THE SIOUX CITY IA CLIMATE NORMALS FOR TODAY
                         NORMAL    RECORD    YEAR
 MAXIMUM TEMPERATURE (F)   35        71      1939
 MINIMUM TEMPERATURE (F)   16       -16      2005


SUNRISE AND SUNSET
DECEMBER  6 2016......SUNRISE   741 AM CST   SUNSET   453 PM CST
DECEMBER  7 2016......SUNRISE   742 AM CST   SUNSET   453 PM CST


-  INDICATES NEGATIVE NUMBERS.
R  INDICATES RECORD WAS SET OR TIED.
MM INDICATES DATA IS MISSING.
T  INDICATES TRACE AMOUNT.




$$
