363
CDUS43 KFSD 220722
CLISUX


CLIMATE REPORT
NATIONAL WEATHER SERVICE SIOUX FALLS SD
221 AM CDT MON MAY 22 2017


...................................

...THE SIOUX CITY IA CLIMATE SUMMARY FOR MAY 21 2017...

CLIMATE NORMAL PERIOD 1981 TO 2010
CLIMATE RECORD PERIOD 1889 TO 2017


WEATHER ITEM   OBSERVED TIME   RECORD YEAR NORMAL DEPARTURE LAST
                VALUE   (LST)  VALUE       VALUE  FROM      YEAR
                                                  NORMAL
..................................................................
TEMPERATURE (F)
 YESTERDAY
  MAXIMUM         63    542 PM  94    1973  75    -12       74
  MINIMUM         41    445 AM  31    1895  51    -10       46
  AVERAGE         52                        63    -11       60

PRECIPITATION (IN)
  YESTERDAY        0.00          1.75 1945   0.12  -0.12     0.06
  MONTH TO DATE    3.23                      2.48   0.75     1.75
  SINCE MAR 1      7.67                      7.43   0.24    10.62
  SINCE JAN 1      9.26                      8.72   0.54    12.46

SNOWFALL (IN)
  YESTERDAY        0.0           0.0    MM   0.0    0.0      0.0
  MONTH TO DATE    T                         0.2   -0.2      0.0
  SINCE MAR 1      3.1                       8.5   -5.4     14.5
  SINCE JUL 1     28.6                      35.0   -6.4     57.6
  SNOW DEPTH       0

DEGREE DAYS
 HEATING
  YESTERDAY       13                         5      8        5
  MONTH TO DATE  145                       148     -3      169
  SINCE MAR 1   1353                      1506   -153     1196
  SINCE JUL 1   5590                      6800  -1210     5655

 COOLING
  YESTERDAY        0                         2     -2        0
  MONTH TO DATE   34                        28      6        3
  SINCE MAR 1     35                        39     -4        3
  SINCE JAN 1     35                        39     -4        3
..................................................................


WIND (MPH)
  HIGHEST WIND SPEED    25   HIGHEST WIND DIRECTION    NW (320)
  HIGHEST GUST SPEED    35   HIGHEST GUST DIRECTION    NW (320)
  AVERAGE WIND SPEED    14.7


SKY COVER
  POSSIBLE SUNSHINE  MM
  AVERAGE SKY COVER 0.6


WEATHER CONDITIONS
 THE FOLLOWING WEATHER WAS RECORDED YESTERDAY.
  NO SIGNIFICANT WEATHER WAS OBSERVED.


RELATIVE HUMIDITY (PERCENT)
 HIGHEST    96          1200 AM
 LOWEST     52           500 PM
 AVERAGE    74

..........................................................


THE SIOUX CITY IA CLIMATE NORMALS FOR TODAY
                         NORMAL    RECORD    YEAR
 MAXIMUM TEMPERATURE (F)   75        92      2010
                                             2000
                                             1925
 MINIMUM TEMPERATURE (F)   51        31      1963


SUNRISE AND SUNSET
MAY 22 2017...........SUNRISE   557 AM CDT   SUNSET   848 PM CDT
MAY 23 2017...........SUNRISE   557 AM CDT   SUNSET   849 PM CDT


-  INDICATES NEGATIVE NUMBERS.
R  INDICATES RECORD WAS SET OR TIED.
MM INDICATES DATA IS MISSING.
T  INDICATES TRACE AMOUNT.




$$
