000
CDUS43 KFSD 192229
CLISUX


CLIMATE REPORT
NATIONAL WEATHER SERVICE SIOUX FALLS SD
529 PM CDT FRI SEP 19 2014


...................................

...THE SIOUX CITY IA CLIMATE SUMMARY FOR SEPTEMBER 19 2014...
VALID TODAY AS OF 0500 PM LOCAL TIME.

CLIMATE NORMAL PERIOD 1981 TO 2010
CLIMATE RECORD PERIOD 1889 TO 2014


WEATHER ITEM   OBSERVED TIME   RECORD YEAR NORMAL DEPARTURE LAST
                VALUE   (LST)  VALUE       VALUE  FROM      YEAR
                                                  NORMAL
..................................................................
TEMPERATURE (F)
 TODAY
  MAXIMUM         90    324 PM  98    1948  75     15       77
                                      1895
  MINIMUM         60    253 AM  29    1991  49     11       55
  AVERAGE         75                        62     13       66

PRECIPITATION (IN)
  TODAY            0.00          2.78 1923   0.09  -0.09     0.02
  MONTH TO DATE    1.35                      1.91  -0.56     1.17
  SINCE SEP 1      1.35                      1.91  -0.56     1.17
  SINCE JAN 1     36.98                     22.45  14.53    21.20

SNOWFALL (IN)
  TODAY            0.0           0.0    MM   0.0    0.0      0.0
  MONTH TO DATE    0.0                       0.0    0.0      0.0
  SINCE SEP 1      0.0                       0.0    0.0      0.0
  SINCE JUL 1      0.0                       0.0    0.0      0.0
  SNOW DEPTH       0

DEGREE DAYS
 HEATING
  TODAY            0                         5     -5        0
  MONTH TO DATE   92                        56     36       12
  SINCE SEP 1     92                        56     36       12
  SINCE JUL 1     98                        71     27       32

 COOLING
  TODAY           10                         2      8        1
  MONTH TO DATE   52                        68    -16      119
  SINCE SEP 1     52                        68    -16      119
  SINCE JAN 1    818                       845    -27      920
..................................................................


WIND (MPH)
  HIGHEST WIND SPEED    24   HIGHEST WIND DIRECTION     S (200)
  HIGHEST GUST SPEED    34   HIGHEST GUST DIRECTION     S (200)
  AVERAGE WIND SPEED    12.5


SKY COVER
  POSSIBLE SUNSHINE  MM
  AVERAGE SKY COVER 0.5


WEATHER CONDITIONS
 THE FOLLOWING WEATHER WAS RECORDED TODAY.
  FOG


RELATIVE HUMIDITY (PERCENT)
 HIGHEST    MM
 LOWEST     MM
 AVERAGE    MM

..........................................................


THE SIOUX CITY IA CLIMATE NORMALS FOR TOMORROW
                         NORMAL    RECORD    YEAR
 MAXIMUM TEMPERATURE (F)   75        94      2005
 MINIMUM TEMPERATURE (F)   49        29      1918


SUNRISE AND SUNSET
SEPTEMBER 19 2014.....SUNRISE   710 AM CDT   SUNSET   728 PM CDT
SEPTEMBER 20 2014.....SUNRISE   711 AM CDT   SUNSET   726 PM CDT


-  INDICATES NEGATIVE NUMBERS.
R  INDICATES RECORD WAS SET OR TIED.
MM INDICATES DATA IS MISSING.
T  INDICATES TRACE AMOUNT.




$$
