000
CDUS43 KFSD 130736
CLISUX


CLIMATE REPORT
NATIONAL WEATHER SERVICE SIOUX FALLS SD
134 AM CST MON NOV 13 2017


...................................

...THE SIOUX CITY IA CLIMATE SUMMARY FOR NOVEMBER 12 2017...

CLIMATE NORMAL PERIOD 1981 TO 2010
CLIMATE RECORD PERIOD 1889 TO 2017


WEATHER ITEM   OBSERVED TIME   RECORD YEAR NORMAL DEPARTURE LAST
                VALUE   (LST)  VALUE       VALUE  FROM      YEAR
                                                  NORMAL
..................................................................
TEMPERATURE (F)
 YESTERDAY
  MAXIMUM         49    324 PM  73    2005  49      0       58
  MINIMUM         26   1131 PM  -1    1911  27     -1       22
  AVERAGE         38                        38      0       40

PRECIPITATION (IN)
  YESTERDAY        0.00          1.03 1912   0.05  -0.05     0.00
  MONTH TO DATE    T                         0.53  -0.53     0.00
  SINCE SEP 1      9.01                      5.62   3.39     4.38
  SINCE JAN 1     29.20                     26.16   3.04    28.73

SNOWFALL (IN)
  YESTERDAY        0.0           6.1  1959   0.1   -0.1      0.0
  MONTH TO DATE    0.0                       1.1   -1.1      0.0
  SINCE SEP 1      T                         2.1   -2.1      0.0
  SINCE JUL 1      T                         2.1   -2.1      0.0
  SNOW DEPTH       0

DEGREE DAYS
 HEATING
  YESTERDAY       27                        27      0       25
  MONTH TO DATE  351                       289     62      171
  SINCE SEP 1    841                       874    -33      525
  SINCE JUL 1    849                       889    -40      525

 COOLING
  YESTERDAY        0                         0      0        0
  MONTH TO DATE    0                         0      0        0
  SINCE SEP 1    119                        92     27      143
  SINCE JAN 1    951                       869     82     1165
..................................................................


WIND (MPH)
  HIGHEST WIND SPEED    10   HIGHEST WIND DIRECTION     E (110)
  HIGHEST GUST SPEED    13   HIGHEST GUST DIRECTION     N (10)
  AVERAGE WIND SPEED     5.2


SKY COVER
  POSSIBLE SUNSHINE  MM
  AVERAGE SKY COVER 0.2


WEATHER CONDITIONS
 THE FOLLOWING WEATHER WAS RECORDED YESTERDAY.
  NO SIGNIFICANT WEATHER WAS OBSERVED.


RELATIVE HUMIDITY (PERCENT)
 HIGHEST    85           700 AM
 LOWEST     39           400 PM
 AVERAGE    62

..........................................................


THE SIOUX CITY IA CLIMATE NORMALS FOR TODAY
                         NORMAL    RECORD    YEAR
 MAXIMUM TEMPERATURE (F)   48        78      1999
 MINIMUM TEMPERATURE (F)   27        -4      1986


SUNRISE AND SUNSET
NOVEMBER 13 2017......SUNRISE   714 AM CST   SUNSET   505 PM CST
NOVEMBER 14 2017......SUNRISE   716 AM CST   SUNSET   504 PM CST


-  INDICATES NEGATIVE NUMBERS.
R  INDICATES RECORD WAS SET OR TIED.
MM INDICATES DATA IS MISSING.
T  INDICATES TRACE AMOUNT.




$$
