000
CDUS43 KFSD 250629
CLISUX


CLIMATE REPORT
NATIONAL WEATHER SERVICE SIOUX FALLS SD
127 AM CDT THU AUG 25 2016


...................................

...THE SIOUX CITY IA CLIMATE SUMMARY FOR AUGUST 24 2016...

CLIMATE NORMAL PERIOD 1981 TO 2010
CLIMATE RECORD PERIOD 1889 TO 2016


WEATHER ITEM   OBSERVED TIME   RECORD YEAR NORMAL DEPARTURE LAST
                VALUE   (LST)  VALUE       VALUE  FROM      YEAR
                                                  NORMAL
..................................................................
TEMPERATURE (F)
 YESTERDAY
  MAXIMUM         75   1142 AM 108    1936  83     -8       75
  MINIMUM         58   1159 PM  42    1928  60     -2       45
  AVERAGE         67                        71     -4       60

PRECIPITATION (IN)
  YESTERDAY        0.00          1.06 1900   0.10  -0.10     0.00
  MONTH TO DATE    4.91                      2.48   2.43     3.77
  SINCE JUN 1      8.48                      9.81  -1.33    13.64
  SINCE JAN 1     24.21                     19.79   4.42    21.54

SNOWFALL (IN)
  YESTERDAY        0.0           0.0    MM   0.0    0.0      0.0
  MONTH TO DATE    0.0                       0.0    0.0      0.0
  SINCE JUN 1      0.0                       0.0    0.0      0.0
  SINCE JUL 1      0.0                       0.0    0.0      0.0
  SNOW DEPTH       0

DEGREE DAYS
 HEATING
  YESTERDAY        0                         1     -1        5
  MONTH TO DATE    0                         2     -2       15
  SINCE JUN 1      0                        32    -32       20
  SINCE JUL 1      0                         5     -5       18

 COOLING
  YESTERDAY        2                         7     -5        0
  MONTH TO DATE  239                       192     47      171
  SINCE JUN 1    921                       673    248      668
  SINCE JAN 1    973                       737    236      697
..................................................................


WIND (MPH)
  HIGHEST WIND SPEED    16   HIGHEST WIND DIRECTION    NW (330)
  HIGHEST GUST SPEED    19   HIGHEST GUST DIRECTION    NW (320)
  AVERAGE WIND SPEED     6.8


SKY COVER
  POSSIBLE SUNSHINE  MM
  AVERAGE SKY COVER 0.1


WEATHER CONDITIONS
 THE FOLLOWING WEATHER WAS RECORDED YESTERDAY.
  HAZE


RELATIVE HUMIDITY (PERCENT)
 HIGHEST    93           300 AM
 LOWEST     64           300 PM
 AVERAGE    79

..........................................................


THE SIOUX CITY IA CLIMATE NORMALS FOR TODAY
                         NORMAL    RECORD    YEAR
 MAXIMUM TEMPERATURE (F)   82       102      1955
 MINIMUM TEMPERATURE (F)   59        44      1915


SUNRISE AND SUNSET
AUGUST 25 2016........SUNRISE   644 AM CDT   SUNSET   810 PM CDT
AUGUST 26 2016........SUNRISE   645 AM CDT   SUNSET   809 PM CDT


-  INDICATES NEGATIVE NUMBERS.
R  INDICATES RECORD WAS SET OR TIED.
MM INDICATES DATA IS MISSING.
T  INDICATES TRACE AMOUNT.




$$
