370
CDUS43 KFSD 220654
CLISUX


CLIMATE REPORT
NATIONAL WEATHER SERVICE SIOUX FALLS SD
1253 AM CST WED FEB 22 2017


...................................

...THE SIOUX CITY IA CLIMATE SUMMARY FOR FEBRUARY 21 2017...

CLIMATE NORMAL PERIOD 1981 TO 2010
CLIMATE RECORD PERIOD 1889 TO 2017


WEATHER ITEM   OBSERVED TIME   RECORD YEAR NORMAL DEPARTURE LAST
                VALUE   (LST)  VALUE       VALUE  FROM      YEAR
                                                  NORMAL
..................................................................
TEMPERATURE (F)
 YESTERDAY
  MAXIMUM         73R   430 PM  64    1943  37     36       45
  MINIMUM         30    449 AM -15    1918  17     13       34
  AVERAGE         52                        27     25       40

PRECIPITATION (IN)
  YESTERDAY        0.00          0.62 2013   0.03  -0.03     0.10
  MONTH TO DATE    0.17                      0.46  -0.29     1.07
  SINCE DEC 1      2.32                      1.88   0.44     4.66
  SINCE JAN 1      0.84                      1.08  -0.24     1.80

SNOWFALL (IN)
  YESTERDAY        0.0           8.0  2013   0.2   -0.2      0.3
  MONTH TO DATE    2.9                       5.0   -2.1     13.8
  SINCE DEC 1     14.6                      19.5   -4.9     30.5
  SINCE JUL 1     15.6                      24.9   -9.3     43.0
  SNOW DEPTH       0

DEGREE DAYS
 HEATING
  YESTERDAY       13                        38    -25       25
  MONTH TO DATE  607                       861   -254      773
  SINCE DEC 1   3071                      3561   -490     3140
  SINCE JUL 1   4015                      5037  -1022     4246

 COOLING
  YESTERDAY        0                         0      0        0
  MONTH TO DATE    0                         0      0        0
  SINCE DEC 1      0                         0      0        0
  SINCE JAN 1      0                         0      0        0
..................................................................


WIND (MPH)
  HIGHEST WIND SPEED    30   HIGHEST WIND DIRECTION    SW (210)
  HIGHEST GUST SPEED    37   HIGHEST GUST DIRECTION    SW (230)
  AVERAGE WIND SPEED    11.6


SKY COVER
  POSSIBLE SUNSHINE  MM
  AVERAGE SKY COVER 0.0


WEATHER CONDITIONS
 THE FOLLOWING WEATHER WAS RECORDED YESTERDAY.
  FOG
  FOG W/VISIBILITY <= 1/4 MILE


RELATIVE HUMIDITY (PERCENT)
 HIGHEST   100           100 AM
 LOWEST     27           400 PM
 AVERAGE    64

..........................................................


THE SIOUX CITY IA CLIMATE NORMALS FOR TODAY
                         NORMAL    RECORD    YEAR
 MAXIMUM TEMPERATURE (F)   37        68      1982
 MINIMUM TEMPERATURE (F)   18       -16      1962


SUNRISE AND SUNSET
FEBRUARY 22 2017......SUNRISE   711 AM CST   SUNSET   607 PM CST
FEBRUARY 23 2017......SUNRISE   710 AM CST   SUNSET   608 PM CST


-  INDICATES NEGATIVE NUMBERS.
R  INDICATES RECORD WAS SET OR TIED.
MM INDICATES DATA IS MISSING.
T  INDICATES TRACE AMOUNT.




$$
