241
CDUS43 KFSD 210635
CLISUX


CLIMATE REPORT
NATIONAL WEATHER SERVICE SIOUX FALLS SD
1234 AM CST SAT JAN 21 2017


...................................

...THE SIOUX CITY IA CLIMATE SUMMARY FOR JANUARY 20 2017...

CLIMATE NORMAL PERIOD 1981 TO 2010
CLIMATE RECORD PERIOD 1889 TO 2017


WEATHER ITEM   OBSERVED TIME   RECORD YEAR NORMAL DEPARTURE LAST
                VALUE   (LST)  VALUE       VALUE  FROM      YEAR
                                                  NORMAL
..................................................................
TEMPERATURE (F)
 YESTERDAY
  MAXIMUM         43    458 PM  65    1944  31     12       27
  MINIMUM         37    338 AM -19    1970  10     27       19
  AVERAGE         40                        20     20       23

PRECIPITATION (IN)
  YESTERDAY        0.01          0.40 2010   0.02  -0.01     0.00
  MONTH TO DATE    0.37                      0.40  -0.03     0.68
  SINCE DEC 1      1.85                      1.20   0.65     3.54
  SINCE JAN 1      0.37                      0.40  -0.03     0.68

SNOWFALL (IN)
  YESTERDAY        0.0           3.6  2008   0.2   -0.2      0.0
  MONTH TO DATE    1.0                       4.2   -3.2      4.6
  SINCE DEC 1      5.5                      12.0   -6.5     16.4
  SINCE JUL 1      6.5                      17.4  -10.9     28.9
  SNOW DEPTH       0

DEGREE DAYS
 HEATING
  YESTERDAY       25                        45    -20       42
  MONTH TO DATE  856                       900    -44      930
  SINCE DEC 1   2096                      2216   -120     1975
  SINCE JUL 1   3040                      3692   -652     3081

 COOLING
  YESTERDAY        0                         0      0        0
  MONTH TO DATE    0                         0      0        0
  SINCE DEC 1      0                         0      0        0
  SINCE JAN 1      0                         0      0        0
..................................................................


WIND (MPH)
  HIGHEST WIND SPEED    13   HIGHEST WIND DIRECTION    SE (120)
  HIGHEST GUST SPEED    16   HIGHEST GUST DIRECTION    SE (120)
  AVERAGE WIND SPEED     7.7


SKY COVER
  POSSIBLE SUNSHINE  MM
  AVERAGE SKY COVER 1.0


WEATHER CONDITIONS
 THE FOLLOWING WEATHER WAS RECORDED YESTERDAY.
  LIGHT RAIN
  FOG
  FOG W/VISIBILITY <= 1/4 MILE


RELATIVE HUMIDITY (PERCENT)
 HIGHEST   100           100 AM
 LOWEST     89           100 PM
 AVERAGE    95

..........................................................


THE SIOUX CITY IA CLIMATE NORMALS FOR TODAY
                         NORMAL    RECORD    YEAR
 MAXIMUM TEMPERATURE (F)   31        57      1899
 MINIMUM TEMPERATURE (F)   10       -26      1970


SUNRISE AND SUNSET
JANUARY 21 2017.......SUNRISE   748 AM CST   SUNSET   526 PM CST
JANUARY 22 2017.......SUNRISE   748 AM CST   SUNSET   527 PM CST


-  INDICATES NEGATIVE NUMBERS.
R  INDICATES RECORD WAS SET OR TIED.
MM INDICATES DATA IS MISSING.
T  INDICATES TRACE AMOUNT.




$$
