000
CDUS43 KFSD 180625
CLISUX


CLIMATE REPORT
NATIONAL WEATHER SERVICE SIOUX FALLS SD
124 AM CDT THU MAY 18 2017


...................................

...THE SIOUX CITY IA CLIMATE SUMMARY FOR MAY 17 2017...

CLIMATE NORMAL PERIOD 1981 TO 2010
CLIMATE RECORD PERIOD 1889 TO 2017


WEATHER ITEM   OBSERVED TIME   RECORD YEAR NORMAL DEPARTURE LAST
                VALUE   (LST)  VALUE       VALUE  FROM      YEAR
                                                  NORMAL
..................................................................
TEMPERATURE (F)
 YESTERDAY
  MAXIMUM         69   1202 PM  97    1996  73     -4       72
  MINIMUM         55   1159 PM  30    2014  49      6       39
  AVERAGE         62                        61      1       56

PRECIPITATION (IN)
  YESTERDAY        0.87          3.38 1892   0.12   0.75     0.00
  MONTH TO DATE    2.16                      2.00   0.16     1.69
  SINCE MAR 1      6.60                      6.95  -0.35    10.56
  SINCE JAN 1      8.19                      8.24  -0.05    12.40

SNOWFALL (IN)
  YESTERDAY        0.0           0.0    MM   0.0    0.0      0.0
  MONTH TO DATE    T                         0.2   -0.2      0.0
  SINCE MAR 1      3.1                       8.5   -5.4     14.5
  SINCE JUL 1     28.6                      35.0   -6.4     57.6
  SNOW DEPTH       0

DEGREE DAYS
 HEATING
  YESTERDAY        3                         5     -2        9
  MONTH TO DATE   89                       128    -39      143
  SINCE MAR 1   1297                      1486   -189     1170
  SINCE JUL 1   5534                      6780  -1246     5629

 COOLING
  YESTERDAY        0                         2     -2        0
  MONTH TO DATE   34                        20     14        3
  SINCE MAR 1     35                        31      4        3
  SINCE JAN 1     35                        31      4        3
..................................................................


WIND (MPH)
  HIGHEST WIND SPEED    29   HIGHEST WIND DIRECTION     S (180)
  HIGHEST GUST SPEED    36   HIGHEST GUST DIRECTION     S (180)
  AVERAGE WIND SPEED    10.0


SKY COVER
  POSSIBLE SUNSHINE  MM
  AVERAGE SKY COVER 0.8


WEATHER CONDITIONS
 THE FOLLOWING WEATHER WAS RECORDED YESTERDAY.
  THUNDERSTORM
  HEAVY RAIN
  RAIN
  LIGHT RAIN
  FOG


RELATIVE HUMIDITY (PERCENT)
 HIGHEST   100           200 AM
 LOWEST     78           600 PM
 AVERAGE    89

..........................................................


THE SIOUX CITY IA CLIMATE NORMALS FOR TODAY
                         NORMAL    RECORD    YEAR
 MAXIMUM TEMPERATURE (F)   74        99      1934
 MINIMUM TEMPERATURE (F)   50        33      1915


SUNRISE AND SUNSET
MAY 18 2017...........SUNRISE   601 AM CDT   SUNSET   844 PM CDT
MAY 19 2017...........SUNRISE   600 AM CDT   SUNSET   845 PM CDT


-  INDICATES NEGATIVE NUMBERS.
R  INDICATES RECORD WAS SET OR TIED.
MM INDICATES DATA IS MISSING.
T  INDICATES TRACE AMOUNT.




$$
