000
CDUS43 KFSD 270700
CLISUX


CLIMATE REPORT
NATIONAL WEATHER SERVICE SIOUX FALLS SD
200 AM CDT WED AUG 27 2014


...................................

...THE SIOUX CITY IA CLIMATE SUMMARY FOR AUGUST 26 2014...

CLIMATE NORMAL PERIOD 1981 TO 2010
CLIMATE RECORD PERIOD 1889 TO 2014


WEATHER ITEM   OBSERVED TIME   RECORD YEAR NORMAL DEPARTURE LAST
                VALUE   (LST)  VALUE       VALUE  FROM      YEAR
                                                  NORMAL
..................................................................
TEMPERATURE (F)
 YESTERDAY
  MAXIMUM         75    325 PM 104    1955  82     -7       92
  MINIMUM         63    713 AM  44    1910  59      4       75
                                      1896
  AVERAGE         69                        71     -2       84

PRECIPITATION (IN)
  YESTERDAY        T             2.16 1903   0.11  -0.11     0.00
  MONTH TO DATE    7.86                      2.69   5.17     3.02
  SINCE JUN 1     28.12                     10.02  18.10     6.75
  SINCE JAN 1     33.37                     20.00  13.37    19.98

SNOWFALL (IN)
  YESTERDAY        0.0           0.0    MM   0.0    0.0      0.0
  MONTH TO DATE    0.0                       0.0    0.0      0.0
  SINCE JUN 1      0.0                       0.0    0.0      0.0
  SINCE JUL 1      0.0                       0.0    0.0      0.0
  SNOW DEPTH       0

DEGREE DAYS
 HEATING
  YESTERDAY        0                         1     -1        0
  MONTH TO DATE    0                         4     -4        5
  SINCE JUN 1     26                        34     -8       60
  SINCE JUL 1      6                         7     -1       20

 COOLING
  YESTERDAY        4                         6     -2       19
  MONTH TO DATE  224                       204     20      189
  SINCE JUN 1    612                       685    -73      670
  SINCE JAN 1    733                       749    -16      726
..................................................................


WIND (MPH)
  HIGHEST WIND SPEED    16   HIGHEST WIND DIRECTION    NE (50)
  HIGHEST GUST SPEED    22   HIGHEST GUST DIRECTION    NE (60)
  AVERAGE WIND SPEED     5.6


SKY COVER
  POSSIBLE SUNSHINE  MM
  AVERAGE SKY COVER 0.2


WEATHER CONDITIONS
 THE FOLLOWING WEATHER WAS RECORDED YESTERDAY.
  NO SIGNIFICANT WEATHER WAS OBSERVED.


RELATIVE HUMIDITY (PERCENT)
 HIGHEST    93           300 AM
 LOWEST     64           300 PM
 AVERAGE    79

..........................................................


THE SIOUX CITY IA CLIMATE NORMALS FOR TODAY
                         NORMAL    RECORD    YEAR
 MAXIMUM TEMPERATURE (F)   82       104      1955
 MINIMUM TEMPERATURE (F)   59        41      1896


SUNRISE AND SUNSET
AUGUST 27 2014........SUNRISE   645 AM CDT   SUNSET   808 PM CDT
AUGUST 28 2014........SUNRISE   646 AM CDT   SUNSET   806 PM CDT


-  INDICATES NEGATIVE NUMBERS.
R  INDICATES RECORD WAS SET OR TIED.
MM INDICATES DATA IS MISSING.
T  INDICATES TRACE AMOUNT.




$$
