000
CDUS43 KFSD 150716
CLISUX


CLIMATE REPORT
NATIONAL WEATHER SERVICE SIOUX FALLS SD
115 AM CST THU FEB 15 2018


...................................

...THE SIOUX CITY IA CLIMATE SUMMARY FOR FEBRUARY 14 2018...

CLIMATE NORMAL PERIOD 1981 TO 2010
CLIMATE RECORD PERIOD 1889 TO 2018


WEATHER ITEM   OBSERVED TIME   RECORD YEAR NORMAL DEPARTURE LAST
                VALUE   (LST)  VALUE       VALUE  FROM      YEAR
                                                  NORMAL
..................................................................
TEMPERATURE (F)
 YESTERDAY
  MAXIMUM         44    351 PM  62    1934  34     10       49
  MINIMUM         15    336 AM -22    1936  15      0       33
  AVERAGE         30                        25      5       41

PRECIPITATION (IN)
  YESTERDAY        0.00          0.85 2003   0.02  -0.02     0.00
  MONTH TO DATE    0.59                      0.29   0.30     0.17
  SINCE DEC 1      2.36                      1.71   0.65     2.32
  SINCE JAN 1      1.97                      0.91   1.06     0.84

SNOWFALL (IN)
  YESTERDAY        0.0           5.0  1918   0.3   -0.3      0.0
  MONTH TO DATE    7.1                       3.4    3.7      2.9
  SINCE DEC 1     27.8                      17.9    9.9     14.6
  SINCE JUL 1     27.8                      23.3    4.5     15.6
  SNOW DEPTH      12

DEGREE DAYS
 HEATING
  YESTERDAY       35                        40     -5       24
  MONTH TO DATE  750                       588    162      489
  SINCE DEC 1   3439                      3288    151     2953
  SINCE JUL 1   4758                      4764     -6     3897

 COOLING
  YESTERDAY        0                         0      0        0
  MONTH TO DATE    0                         0      0        0
  SINCE DEC 1      0                         0      0        0
  SINCE JAN 1      0                         0      0        0
..................................................................


WIND (MPH)
  HIGHEST WIND SPEED    16   HIGHEST WIND DIRECTION    SW (220)
  HIGHEST GUST SPEED    20   HIGHEST GUST DIRECTION    SW (220)
  AVERAGE WIND SPEED     9.9


SKY COVER
  POSSIBLE SUNSHINE  MM
  AVERAGE SKY COVER 0.0


WEATHER CONDITIONS
 THE FOLLOWING WEATHER WAS RECORDED YESTERDAY.
  FOG


RELATIVE HUMIDITY (PERCENT)
 HIGHEST   100           700 AM
 LOWEST     57           100 PM
 AVERAGE    79

..........................................................


THE SIOUX CITY IA CLIMATE NORMALS FOR TODAY
                         NORMAL    RECORD    YEAR
 MAXIMUM TEMPERATURE (F)   35        67      1921
 MINIMUM TEMPERATURE (F)   15       -20      1936


SUNRISE AND SUNSET
FEBRUARY 15 2018......SUNRISE   722 AM CST   SUNSET   558 PM CST
FEBRUARY 16 2018......SUNRISE   721 AM CST   SUNSET   559 PM CST


-  INDICATES NEGATIVE NUMBERS.
R  INDICATES RECORD WAS SET OR TIED.
MM INDICATES DATA IS MISSING.
T  INDICATES TRACE AMOUNT.




$$
