000
CDUS43 KFSD 180654
CLISUX


CLIMATE REPORT
NATIONAL WEATHER SERVICE SIOUX FALLS SD
152 AM CDT SUN SEP 18 2016


...................................

...THE SIOUX CITY IA CLIMATE SUMMARY FOR SEPTEMBER 17 2016...

CLIMATE NORMAL PERIOD 1981 TO 2010
CLIMATE RECORD PERIOD 1889 TO 2016


WEATHER ITEM   OBSERVED TIME   RECORD YEAR NORMAL DEPARTURE LAST
                VALUE   (LST)  VALUE       VALUE  FROM      YEAR
                                                  NORMAL
..................................................................
TEMPERATURE (F)
 YESTERDAY
  MAXIMUM         79    426 PM 103    1895  76      3       85
  MINIMUM         52    459 AM  33    1980  50      2       58
  AVERAGE         66                        63      3       72

PRECIPITATION (IN)
  YESTERDAY        0.00          2.82 1926   0.10  -0.10     0.02
  MONTH TO DATE    1.30                      1.72  -0.42     0.31
  SINCE SEP 1      1.30                      1.72  -0.42     0.31
  SINCE JAN 1     25.65                     22.26   3.39    24.05

SNOWFALL (IN)
  YESTERDAY        0.0           0.0    MM   0.0    0.0      0.0
  MONTH TO DATE    0.0                       0.0    0.0      0.0
  SINCE SEP 1      0.0                       0.0    0.0      0.0
  SINCE JUL 1      0.0                       0.0    0.0      0.0
  SNOW DEPTH       0

DEGREE DAYS
 HEATING
  YESTERDAY        0                         5     -5        0
  MONTH TO DATE   13                        46    -33       19
  SINCE SEP 1     13                        46    -33       19
  SINCE JUL 1     13                        61    -48       42

 COOLING
  YESTERDAY        1                         2     -1        7
  MONTH TO DATE   68                        64      4      133
  SINCE SEP 1     68                        64      4      133
  SINCE JAN 1   1090                       841    249      853
..................................................................


WIND (MPH)
  HIGHEST WIND SPEED    10   HIGHEST WIND DIRECTION     N (340)
  HIGHEST GUST SPEED    16   HIGHEST GUST DIRECTION    NW (310)
  AVERAGE WIND SPEED     6.0


SKY COVER
  POSSIBLE SUNSHINE  MM
  AVERAGE SKY COVER 0.2


WEATHER CONDITIONS
 THE FOLLOWING WEATHER WAS RECORDED YESTERDAY.
  NO SIGNIFICANT WEATHER WAS OBSERVED.


RELATIVE HUMIDITY (PERCENT)
 HIGHEST    93           400 AM
 LOWEST     45           300 PM
 AVERAGE    69

..........................................................


THE SIOUX CITY IA CLIMATE NORMALS FOR TODAY
                         NORMAL    RECORD    YEAR
 MAXIMUM TEMPERATURE (F)   76       101      1895
 MINIMUM TEMPERATURE (F)   49        30      1901


SUNRISE AND SUNSET
SEPTEMBER 18 2016.....SUNRISE   709 AM CDT   SUNSET   729 PM CDT
SEPTEMBER 19 2016.....SUNRISE   710 AM CDT   SUNSET   727 PM CDT


-  INDICATES NEGATIVE NUMBERS.
R  INDICATES RECORD WAS SET OR TIED.
MM INDICATES DATA IS MISSING.
T  INDICATES TRACE AMOUNT.




$$
