000
CDUS43 KFSD 240630
CLISUX


CLIMATE REPORT
NATIONAL WEATHER SERVICE SIOUX FALLS SD
1229 AM CST WED DEC 24 2014


...................................

...THE SIOUX CITY IA CLIMATE SUMMARY FOR DECEMBER 23 2014...

CLIMATE NORMAL PERIOD 1981 TO 2010
CLIMATE RECORD PERIOD 1889 TO 2014


WEATHER ITEM   OBSERVED TIME   RECORD YEAR NORMAL DEPARTURE LAST
                VALUE   (LST)  VALUE       VALUE  FROM      YEAR
                                                  NORMAL
..................................................................
TEMPERATURE (F)
 YESTERDAY
  MAXIMUM         39    541 PM  58    1950  30      9        7
  MINIMUM         33    208 AM -24    1989  11     22      -10
  AVERAGE         36                        21     15       -1

PRECIPITATION (IN)
  YESTERDAY        0.24          0.35 2009   0.03   0.21     0.00
  MONTH TO DATE    1.18                      0.63   0.55     0.16
  SINCE DEC 1      1.18                      0.63   0.55     0.16
  SINCE JAN 1     41.14                     27.57  13.57    26.61

SNOWFALL (IN)
  YESTERDAY        1.1           3.7  2009   0.3    0.8      0.0
  MONTH TO DATE    1.1                       6.0   -4.9      2.1
  SINCE DEC 1      1.1                       6.0   -4.9      2.1
  SINCE JUL 1      5.6                      11.4   -5.8      3.0
  SNOW DEPTH       1

DEGREE DAYS
 HEATING
  YESTERDAY       29                        44    -15       66
  MONTH TO DATE  749                       958   -209     1098
  SINCE DEC 1    749                       958   -209     1098
  SINCE JUL 1   2244                      2434   -190     2522

 COOLING
  YESTERDAY        0                         0      0        0
  MONTH TO DATE    0                         0      0        0
  SINCE DEC 1      0                         0      0        0
  SINCE JAN 1    862                       869     -7      960
..................................................................


WIND (MPH)
  HIGHEST WIND SPEED    25   HIGHEST WIND DIRECTION    NW (330)
  HIGHEST GUST SPEED    31   HIGHEST GUST DIRECTION     N (340)
  AVERAGE WIND SPEED    14.6


SKY COVER
  POSSIBLE SUNSHINE  MM
  AVERAGE SKY COVER 1.0


WEATHER CONDITIONS
 THE FOLLOWING WEATHER WAS RECORDED YESTERDAY.
  LIGHT SNOW
  FOG


RELATIVE HUMIDITY (PERCENT)
 HIGHEST    96           100 AM
 LOWEST     85           100 PM
 AVERAGE    91

..........................................................


THE SIOUX CITY IA CLIMATE NORMALS FOR TODAY
                         NORMAL    RECORD    YEAR
 MAXIMUM TEMPERATURE (F)   30        62      1889
 MINIMUM TEMPERATURE (F)   11       -18      1983


SUNRISE AND SUNSET
DECEMBER 24 2014......SUNRISE   753 AM CST   SUNSET   458 PM CST
DECEMBER 25 2014......SUNRISE   753 AM CST   SUNSET   458 PM CST


-  INDICATES NEGATIVE NUMBERS.
R  INDICATES RECORD WAS SET OR TIED.
MM INDICATES DATA IS MISSING.
T  INDICATES TRACE AMOUNT.




$$
