000
CDUS43 KFSD 200704
CLISUX


CLIMATE REPORT
NATIONAL WEATHER SERVICE SIOUX FALLS SD
202 AM CDT THU APR 20 2017


...................................

...THE SIOUX CITY IA CLIMATE SUMMARY FOR APRIL 19 2017...

CLIMATE NORMAL PERIOD 1981 TO 2010
CLIMATE RECORD PERIOD 1889 TO 2017


WEATHER ITEM   OBSERVED TIME   RECORD YEAR NORMAL DEPARTURE LAST
                VALUE   (LST)  VALUE       VALUE  FROM      YEAR
                                                  NORMAL
..................................................................
TEMPERATURE (F)
 YESTERDAY
  MAXIMUM         52   1202 AM  90    1987  64    -12       65
  MINIMUM         45    829 AM  20    1928  38      7       36
  AVERAGE         49                        51     -2       51

PRECIPITATION (IN)
  YESTERDAY        0.07          1.95 1993   0.10  -0.03     0.00
  MONTH TO DATE    1.35                      1.77  -0.42     0.44
  SINCE MAR 1      2.86                      3.77  -0.91     3.50
  SINCE JAN 1      4.45                      5.06  -0.61     5.34

SNOWFALL (IN)
  YESTERDAY        0.0           0.8  1959   0.1   -0.1      0.0
  MONTH TO DATE    T                         1.5   -1.5      0.0
  SINCE MAR 1      3.1                       8.0   -4.9     14.5
  SINCE JUL 1     28.6                      34.5   -5.9     57.6
  SNOW DEPTH       0

DEGREE DAYS
 HEATING
  YESTERDAY       16                        14      2       14
  MONTH TO DATE  235                       341   -106      272
  SINCE MAR 1   1004                      1225   -221      905
  SINCE JUL 1   5241                      6519  -1278     5364

 COOLING
  YESTERDAY        0                         0      0        0
  MONTH TO DATE    1                         0      1        0
  SINCE MAR 1      1                         0      1        0
  SINCE JAN 1      1                         0      1        0
..................................................................


WIND (MPH)
  HIGHEST WIND SPEED    25   HIGHEST WIND DIRECTION     E (100)
  HIGHEST GUST SPEED    33   HIGHEST GUST DIRECTION     E (110)
  AVERAGE WIND SPEED    12.7


SKY COVER
  POSSIBLE SUNSHINE  MM
  AVERAGE SKY COVER 0.8


WEATHER CONDITIONS
 THE FOLLOWING WEATHER WAS RECORDED YESTERDAY.
  THUNDERSTORM
  RAIN
  LIGHT RAIN
  FOG


RELATIVE HUMIDITY (PERCENT)
 HIGHEST   100           300 PM
 LOWEST     80           100 AM
 AVERAGE    90

..........................................................


THE SIOUX CITY IA CLIMATE NORMALS FOR TODAY
                         NORMAL    RECORD    YEAR
 MAXIMUM TEMPERATURE (F)   64        91      1980
 MINIMUM TEMPERATURE (F)   39        22      2013
                                             1953


SUNRISE AND SUNSET
APRIL 20 2017.........SUNRISE   636 AM CDT   SUNSET   813 PM CDT
APRIL 21 2017.........SUNRISE   635 AM CDT   SUNSET   814 PM CDT


-  INDICATES NEGATIVE NUMBERS.
R  INDICATES RECORD WAS SET OR TIED.
MM INDICATES DATA IS MISSING.
T  INDICATES TRACE AMOUNT.




$$
