000
CDUS43 KFSD 250654
CLISUX


CLIMATE REPORT
NATIONAL WEATHER SERVICE SIOUX FALLS SD
153 AM CDT WED MAR 25 2015


...................................

...THE SIOUX CITY IA CLIMATE SUMMARY FOR MARCH 24 2015...

CLIMATE NORMAL PERIOD 1981 TO 2010
CLIMATE RECORD PERIOD 1889 TO 2015


WEATHER ITEM   OBSERVED TIME   RECORD YEAR NORMAL DEPARTURE LAST
                VALUE   (LST)  VALUE       VALUE  FROM      YEAR
                                                  NORMAL
..................................................................
TEMPERATURE (F)
 YESTERDAY
  MAXIMUM         37    100 AM  82    1967  52    -15       43
  MINIMUM         33    420 AM  -4    1952  28      5       21
  AVERAGE         35                        40     -5       32

PRECIPITATION (IN)
  YESTERDAY        0.87          1.01 1937   0.07   0.80      T
  MONTH TO DATE    0.87                      1.40  -0.53     0.31
  SINCE MAR 1      0.87                      1.40  -0.53     0.31
  SINCE JAN 1      1.83                      2.69  -0.86     1.08

SNOWFALL (IN)
  YESTERDAY        0.0           2.8  1975   0.2   -0.2       T
  MONTH TO DATE    T                         5.4   -5.4      4.6
  SINCE MAR 1      T                         5.4   -5.4      4.6
  SINCE JUL 1     21.5                      31.9  -10.4     18.4
  SNOW DEPTH       0

DEGREE DAYS
 HEATING
  YESTERDAY       30                        25      5       33
  MONTH TO DATE  552                       721   -169      804
  SINCE MAR 1    552                       721   -169      804
  SINCE JUL 1   5718                      6015   -297     6408

 COOLING
  YESTERDAY        0                         0      0        0
  MONTH TO DATE    0                         0      0        0
  SINCE MAR 1      0                         0      0        0
  SINCE JAN 1      0                         0      0        0
..................................................................


WIND (MPH)
  HIGHEST WIND SPEED    22   HIGHEST WIND DIRECTION    SE (120)
  HIGHEST GUST SPEED    27   HIGHEST GUST DIRECTION    SE (120)
  AVERAGE WIND SPEED    10.1


SKY COVER
  POSSIBLE SUNSHINE  MM
  AVERAGE SKY COVER 0.9


WEATHER CONDITIONS
 THE FOLLOWING WEATHER WAS RECORDED YESTERDAY.
  HEAVY RAIN
  RAIN
  LIGHT RAIN
  FOG


RELATIVE HUMIDITY (PERCENT)
 HIGHEST    92           200 PM
 LOWEST     70           100 AM
 AVERAGE    81

..........................................................


THE SIOUX CITY IA CLIMATE NORMALS FOR TODAY
                         NORMAL    RECORD    YEAR
 MAXIMUM TEMPERATURE (F)   52        80      1925
 MINIMUM TEMPERATURE (F)   29         0      1894


SUNRISE AND SUNSET
MARCH 25 2015.........SUNRISE   721 AM CDT   SUNSET   743 PM CDT
MARCH 26 2015.........SUNRISE   719 AM CDT   SUNSET   744 PM CDT


-  INDICATES NEGATIVE NUMBERS.
R  INDICATES RECORD WAS SET OR TIED.
MM INDICATES DATA IS MISSING.
T  INDICATES TRACE AMOUNT.




$$
