000
CDUS43 KFSD 300631
CLISUX


CLIMATE REPORT
NATIONAL WEATHER SERVICE SIOUX FALLS SD
1228 AM CST WED NOV 30 2016


...................................

...THE SIOUX CITY IA CLIMATE SUMMARY FOR NOVEMBER 29 2016...

CLIMATE NORMAL PERIOD 1981 TO 2010
CLIMATE RECORD PERIOD 1889 TO 2016


WEATHER ITEM   OBSERVED TIME   RECORD YEAR NORMAL DEPARTURE LAST
                VALUE   (LST)  VALUE       VALUE  FROM      YEAR
                                                  NORMAL
..................................................................
TEMPERATURE (F)
 YESTERDAY
  MAXIMUM         39        MM  63    2014  38      1       34
                                      1998
  MINIMUM         34        MM  -5    1896  18     16       30
  AVERAGE         37                        28      9       32

PRECIPITATION (IN)
  YESTERDAY        T             1.69 1991   0.04  -0.04     0.00
  MONTH TO DATE    2.04                      1.27   0.77     3.92
  SINCE SEP 1      6.42                      6.36   0.06     7.91
  SINCE JAN 1     30.77                     26.90   3.87    31.65

SNOWFALL (IN)
  YESTERDAY        T             4.2  1919   0.3   -0.3      0.0
  MONTH TO DATE    1.0                       4.2   -3.2      5.9
  SINCE SEP 1      1.0                       5.2   -4.2      5.9
  SINCE JUL 1      1.0                       5.2   -4.2      5.9
  SNOW DEPTH       0

DEGREE DAYS
 HEATING
  YESTERDAY       28                        37     -9       33
  MONTH TO DATE  560                       839   -279      669
  SINCE SEP 1    914                      1424   -510     1050
  SINCE JUL 1    914                      1439   -525     1073

 COOLING
  YESTERDAY        0                         0      0        0
  MONTH TO DATE    0                         0      0        0
  SINCE SEP 1    143                        92     51      169
  SINCE JAN 1   1165                       869    296      889
..................................................................


WIND (MPH)
  HIGHEST WIND SPEED    20   HIGHEST WIND DIRECTION    NW (300)
  HIGHEST GUST SPEED    35   HIGHEST GUST DIRECTION     W (290)
  AVERAGE WIND SPEED    16.1


SKY COVER
  POSSIBLE SUNSHINE  MM
  AVERAGE SKY COVER 0.8


WEATHER CONDITIONS
 THE FOLLOWING WEATHER WAS RECORDED YESTERDAY.
  LIGHT RAIN
  LIGHT SNOW
  FOG


RELATIVE HUMIDITY (PERCENT)
 HIGHEST    89           500 PM
 LOWEST     64           800 AM
 AVERAGE    77

..........................................................


THE SIOUX CITY IA CLIMATE NORMALS FOR TODAY
                         NORMAL    RECORD    YEAR
 MAXIMUM TEMPERATURE (F)   38        62      1990
                                             1922
 MINIMUM TEMPERATURE (F)   18        -9      1896


SUNRISE AND SUNSET
NOVEMBER 30 2016......SUNRISE   735 AM CST   SUNSET   454 PM CST
DECEMBER  1 2016......SUNRISE   736 AM CST   SUNSET   454 PM CST


-  INDICATES NEGATIVE NUMBERS.
R  INDICATES RECORD WAS SET OR TIED.
MM INDICATES DATA IS MISSING.
T  INDICATES TRACE AMOUNT.




$$
