000
CDUS43 KFSD 292225
CLISUX


CLIMATE REPORT
NATIONAL WEATHER SERVICE SIOUX FALLS SD
523 PM CDT MON JUN 29 2015


...................................

...THE SIOUX CITY IA CLIMATE SUMMARY FOR JUNE 29 2015...
VALID TODAY AS OF 0500 PM LOCAL TIME.

CLIMATE NORMAL PERIOD 1981 TO 2010
CLIMATE RECORD PERIOD 1889 TO 2015


WEATHER ITEM   OBSERVED TIME   RECORD YEAR NORMAL DEPARTURE LAST
                VALUE   (LST)  VALUE       VALUE  FROM      YEAR
                                                  NORMAL
..................................................................
TEMPERATURE (F)
 TODAY
  MAXIMUM         86    325 PM 100    1970  85      1       85
                                      1931
                                      1911
  MINIMUM         62    527 AM  44    1923  62      0       63
  AVERAGE         74                        74      0       74

PRECIPITATION (IN)
  TODAY            0.00          1.81 1986   0.12  -0.12     0.53
  MONTH TO DATE    4.14                      3.77   0.37    14.84
  SINCE JUN 1      4.14                      3.77   0.37    14.84
  SINCE JAN 1     12.04                     13.75  -1.71    20.09

SNOWFALL (IN)
  TODAY            0.0           0.0    MM   0.0    0.0      0.0
  MONTH TO DATE    0.0                       0.0    0.0      0.0
  SINCE JUN 1      0.0                       0.0    0.0      0.0
  SINCE JUL 1     21.5                      34.8  -13.3     23.8
  SNOW DEPTH       0

DEGREE DAYS
 HEATING
  TODAY            0                         0      0        0
  MONTH TO DATE    2                        24    -22       20
  SINCE JUN 1      2                        24    -22       20
  SINCE JUL 1   6409                      6858   -449     7246

 COOLING
  TODAY            9                         9      0        9
  MONTH TO DATE  205                       178     27      187
  SINCE JUN 1    205                       178     27      187
  SINCE JAN 1    234                       242     -8      308
..................................................................


WIND (MPH)
  HIGHEST WIND SPEED    15   HIGHEST WIND DIRECTION    NW (330)
  HIGHEST GUST SPEED    18   HIGHEST GUST DIRECTION    NW (320)
  AVERAGE WIND SPEED     6.9


SKY COVER
  POSSIBLE SUNSHINE  MM
  AVERAGE SKY COVER 0.0


WEATHER CONDITIONS
 THE FOLLOWING WEATHER WAS RECORDED TODAY.
  NO SIGNIFICANT WEATHER WAS OBSERVED.


RELATIVE HUMIDITY (PERCENT)
 HIGHEST    84           300 AM
 LOWEST     40           400 PM
 AVERAGE    62

..........................................................


THE SIOUX CITY IA CLIMATE NORMALS FOR TOMORROW
                         NORMAL    RECORD    YEAR
 MAXIMUM TEMPERATURE (F)   85       104      1961
 MINIMUM TEMPERATURE (F)   62        49      1892


SUNRISE AND SUNSET
JUNE 29 2015..........SUNRISE   551 AM CDT   SUNSET   907 PM CDT
JUNE 30 2015..........SUNRISE   552 AM CDT   SUNSET   906 PM CDT


-  INDICATES NEGATIVE NUMBERS.
R  INDICATES RECORD WAS SET OR TIED.
MM INDICATES DATA IS MISSING.
T  INDICATES TRACE AMOUNT.




$$
