000
CDUS43 KFSD 270624
CLISUX


CLIMATE REPORT
NATIONAL WEATHER SERVICE SIOUX FALLS SD
124 AM CDT SAT SEP 27 2014


...................................

...THE SIOUX CITY IA CLIMATE SUMMARY FOR SEPTEMBER 26 2014...

CLIMATE NORMAL PERIOD 1981 TO 2010
CLIMATE RECORD PERIOD 1889 TO 2014


WEATHER ITEM   OBSERVED TIME   RECORD YEAR NORMAL DEPARTURE LAST
                VALUE   (LST)  VALUE       VALUE  FROM      YEAR
                                                  NORMAL
..................................................................
TEMPERATURE (F)
 YESTERDAY
  MAXIMUM         86    348 PM  93    1956  72     14       89
  MINIMUM         57    615 AM  25    1984  46     11       60
  AVERAGE         72                        59     13       75

PRECIPITATION (IN)
  YESTERDAY        0.00          0.95 1908   0.10  -0.10     0.00
  MONTH TO DATE    2.44                      2.60  -0.16     1.29
  SINCE SEP 1      2.44                      2.60  -0.16     1.29
  SINCE JAN 1     38.07                     23.14  14.93    21.32

SNOWFALL (IN)
  YESTERDAY        0.0           T    1942   0.0    0.0      0.0
                                      1927
  MONTH TO DATE    0.0                       0.0    0.0      0.0
  SINCE SEP 1      0.0                       0.0    0.0      0.0
  SINCE JUL 1      0.0                       0.0    0.0      0.0
  SNOW DEPTH       0

DEGREE DAYS
 HEATING
  YESTERDAY        0                         7     -7        0
  MONTH TO DATE  104                       100      4       36
  SINCE SEP 1    104                       100      4       36
  SINCE JUL 1    110                       115     -5       56

 COOLING
  YESTERDAY        7                         1      6       10
  MONTH TO DATE   73                        78     -5      133
  SINCE SEP 1     73                        78     -5      133
  SINCE JAN 1    839                       855    -16      934
..................................................................


WIND (MPH)
  HIGHEST WIND SPEED    16   HIGHEST WIND DIRECTION     S (180)
  HIGHEST GUST SPEED    22   HIGHEST GUST DIRECTION     S (180)
  AVERAGE WIND SPEED     7.5


SKY COVER
  POSSIBLE SUNSHINE  MM
  AVERAGE SKY COVER 0.0


WEATHER CONDITIONS
 THE FOLLOWING WEATHER WAS RECORDED YESTERDAY.
  FOG


RELATIVE HUMIDITY (PERCENT)
 HIGHEST    97           100 AM
 LOWEST     43           400 PM
 AVERAGE    70

..........................................................


THE SIOUX CITY IA CLIMATE NORMALS FOR TODAY
                         NORMAL    RECORD    YEAR
 MAXIMUM TEMPERATURE (F)   72        93      1956
 MINIMUM TEMPERATURE (F)   45        28      1942


SUNRISE AND SUNSET
SEPTEMBER 27 2014.....SUNRISE   718 AM CDT   SUNSET   714 PM CDT
SEPTEMBER 28 2014.....SUNRISE   719 AM CDT   SUNSET   712 PM CDT


-  INDICATES NEGATIVE NUMBERS.
R  INDICATES RECORD WAS SET OR TIED.
MM INDICATES DATA IS MISSING.
T  INDICATES TRACE AMOUNT.




$$
