000
CDUS43 KFSD 110643
CLISUX


CLIMATE REPORT
NATIONAL WEATHER SERVICE SIOUX FALLS SD
137 AM CDT WED OCT 11 2017


...................................

...THE SIOUX CITY IA CLIMATE SUMMARY FOR OCTOBER 10 2017...

CLIMATE NORMAL PERIOD 1981 TO 2010
CLIMATE RECORD PERIOD 1889 TO 2017


WEATHER ITEM   OBSERVED TIME   RECORD YEAR NORMAL DEPARTURE LAST
                VALUE   (LST)  VALUE       VALUE  FROM      YEAR
                                                  NORMAL
..................................................................
TEMPERATURE (F)
 YESTERDAY
  MAXIMUM         50    329 PM  92    1928  66    -16       68
  MINIMUM         33   1159 PM  24    2009  40     -7       50
                                      2000
                                      1906
  AVERAGE         42                        53    -11       59

PRECIPITATION (IN)
  YESTERDAY        0.05          1.45 1901   0.07  -0.02     0.00
  MONTH TO DATE    6.52                      0.85   5.67     1.02
  SINCE SEP 1      8.70                      3.81   4.89     3.80
  SINCE JAN 1     28.89                     24.35   4.54    28.15

SNOWFALL (IN)
  YESTERDAY        0.0           1.0  2009   0.0    0.0      0.0
  MONTH TO DATE    0.0                       0.1   -0.1      0.0
  SINCE SEP 1      0.0                       0.1   -0.1      0.0
  SINCE JUL 1      0.0                       0.1   -0.1      0.0
  SNOW DEPTH       0

DEGREE DAYS
 HEATING
  YESTERDAY       23                        12     11        6
  MONTH TO DATE   77                       107    -30       69
  SINCE SEP 1    143                       239    -96      119
  SINCE JUL 1    151                       254   -103      119

 COOLING
  YESTERDAY        0                         0      0        0
  MONTH TO DATE    0                         8     -8        0
  SINCE SEP 1    119                        92     27      143
  SINCE JAN 1    951                       869     82     1165
..................................................................


WIND (MPH)
  HIGHEST WIND SPEED    16   HIGHEST WIND DIRECTION     N (360)
  HIGHEST GUST SPEED    22   HIGHEST GUST DIRECTION     N (360)
  AVERAGE WIND SPEED     6.9


SKY COVER
  POSSIBLE SUNSHINE  MM
  AVERAGE SKY COVER 0.7


WEATHER CONDITIONS
 THE FOLLOWING WEATHER WAS RECORDED YESTERDAY.
  LIGHT RAIN


RELATIVE HUMIDITY (PERCENT)
 HIGHEST    92          1000 PM
 LOWEST     54           300 PM
 AVERAGE    73

..........................................................


THE SIOUX CITY IA CLIMATE NORMALS FOR TODAY
                         NORMAL    RECORD    YEAR
 MAXIMUM TEMPERATURE (F)   66        91      2015
 MINIMUM TEMPERATURE (F)   40        19      1987


SUNRISE AND SUNSET
OCTOBER 11 2017.......SUNRISE   734 AM CDT   SUNSET   650 PM CDT
OCTOBER 12 2017.......SUNRISE   735 AM CDT   SUNSET   648 PM CDT


-  INDICATES NEGATIVE NUMBERS.
R  INDICATES RECORD WAS SET OR TIED.
MM INDICATES DATA IS MISSING.
T  INDICATES TRACE AMOUNT.




$$
