000
CDUS43 KFSD 150630
CLISUX


CLIMATE REPORT
NATIONAL WEATHER SERVICE SIOUX FALLS SD
1226 AM CST MON DEC 15 2014


...................................

...THE SIOUX CITY IA CLIMATE SUMMARY FOR DECEMBER 14 2014...

CLIMATE NORMAL PERIOD 1981 TO 2010
CLIMATE RECORD PERIOD 1889 TO 2014


WEATHER ITEM   OBSERVED TIME   RECORD YEAR NORMAL DEPARTURE LAST
                VALUE   (LST)  VALUE       VALUE  FROM      YEAR
                                                  NORMAL
..................................................................
TEMPERATURE (F)
 YESTERDAY
  MAXIMUM         56    711 PM  59    1998  32     24       18
  MINIMUM         40   1159 PM -22    1901  13     27        7
  AVERAGE         48                        22     26       13

PRECIPITATION (IN)
  YESTERDAY        0.05          0.67 1891   0.03   0.02     0.03
  MONTH TO DATE    0.05                      0.42  -0.37     0.16
  SINCE DEC 1      0.05                      0.42  -0.37     0.16
  SINCE JAN 1     40.01                     27.36  12.65    26.61

SNOWFALL (IN)
  YESTERDAY        0.0           3.5  1974   0.3   -0.3      0.5
  MONTH TO DATE    0.0                       3.7   -3.7      2.1
  SINCE DEC 1      0.0                       3.7   -3.7      2.1
  SINCE JUL 1      4.5                       9.1   -4.6      3.0
  SNOW DEPTH       0

DEGREE DAYS
 HEATING
  YESTERDAY       17                        43    -26       52
  MONTH TO DATE  442                       566   -124      679
  SINCE DEC 1    442                       566   -124      679
  SINCE JUL 1   1937                      2042   -105     2103

 COOLING
  YESTERDAY        0                         0      0        0
  MONTH TO DATE    0                         0      0        0
  SINCE DEC 1      0                         0      0        0
  SINCE JAN 1    862                       869     -7      960
..................................................................


WIND (MPH)
  HIGHEST WIND SPEED    18   HIGHEST WIND DIRECTION     S (160)
  HIGHEST GUST SPEED    23   HIGHEST GUST DIRECTION     S (160)
  AVERAGE WIND SPEED    11.6


SKY COVER
  POSSIBLE SUNSHINE  MM
  AVERAGE SKY COVER 1.0


WEATHER CONDITIONS
 THE FOLLOWING WEATHER WAS RECORDED YESTERDAY.
  LIGHT RAIN
  FOG


RELATIVE HUMIDITY (PERCENT)
 HIGHEST   100           300 AM
 LOWEST     89          1000 PM
 AVERAGE    95

..........................................................


THE SIOUX CITY IA CLIMATE NORMALS FOR TODAY
                         NORMAL    RECORD    YEAR
 MAXIMUM TEMPERATURE (F)   32        62      1939
 MINIMUM TEMPERATURE (F)   13       -20      1901


SUNRISE AND SUNSET
DECEMBER 15 2014......SUNRISE   748 AM CST   SUNSET   454 PM CST
DECEMBER 16 2014......SUNRISE   749 AM CST   SUNSET   454 PM CST


-  INDICATES NEGATIVE NUMBERS.
R  INDICATES RECORD WAS SET OR TIED.
MM INDICATES DATA IS MISSING.
T  INDICATES TRACE AMOUNT.




$$
