000
CDUS43 KFSD 192230
CLISUX


CLIMATE REPORT
NATIONAL WEATHER SERVICE SIOUX FALLS SD
529 PM CDT FRI AUG 19 2016


...................................

...THE SIOUX CITY IA CLIMATE SUMMARY FOR AUGUST 19 2016...
VALID TODAY AS OF 0500 PM LOCAL TIME.

CLIMATE NORMAL PERIOD 1981 TO 2010
CLIMATE RECORD PERIOD 1889 TO 2016


WEATHER ITEM   OBSERVED TIME   RECORD YEAR NORMAL DEPARTURE LAST
                VALUE   (LST)  VALUE       VALUE  FROM      YEAR
                                                  NORMAL
..................................................................
TEMPERATURE (F)
 TODAY
  MAXIMUM         82   1135 AM 100    1938  83     -1       73
  MINIMUM         67    611 AM  43    2012  61      6       51
                                      2004
  AVERAGE         75                        72      3       62

PRECIPITATION (IN)
  TODAY            0.00          0.90 1893   0.10  -0.10      T
  MONTH TO DATE    2.46                      1.97   0.49     3.76
  SINCE JUN 1      6.03                      9.30  -3.27    13.63
  SINCE JAN 1     21.76                     19.28   2.48    21.53

SNOWFALL (IN)
  TODAY            0.0           0.0    MM   0.0    0.0      0.0
  MONTH TO DATE    0.0                       0.0    0.0      0.0
  SINCE JUN 1      0.0                       0.0    0.0      0.0
  SINCE JUL 1      0.0                       0.0    0.0      0.0
  SNOW DEPTH       0

DEGREE DAYS
 HEATING
  TODAY            0                         0      0        3
  MONTH TO DATE    0                         0      0        5
  SINCE JUN 1      0                        30    -30       10
  SINCE JUL 1      0                         3     -3        8

 COOLING
  TODAY           10                         7      3        0
  MONTH TO DATE  220                       157     63      161
  SINCE JUN 1    902                       638    264      658
  SINCE JAN 1    954                       702    252      687
..................................................................


WIND (MPH)
  HIGHEST WIND SPEED    21   HIGHEST WIND DIRECTION    NW (330)
  HIGHEST GUST SPEED    25   HIGHEST GUST DIRECTION     N (360)
  AVERAGE WIND SPEED     8.5


SKY COVER
  POSSIBLE SUNSHINE  MM
  AVERAGE SKY COVER 0.2


WEATHER CONDITIONS
 THE FOLLOWING WEATHER WAS RECORDED TODAY.
  NO SIGNIFICANT WEATHER WAS OBSERVED.


RELATIVE HUMIDITY (PERCENT)
 HIGHEST    87           400 AM
 LOWEST     58          1100 AM
 AVERAGE    73

..........................................................


THE SIOUX CITY IA CLIMATE NORMALS FOR TOMORROW
                         NORMAL    RECORD    YEAR
 MAXIMUM TEMPERATURE (F)   83       101      1947
 MINIMUM TEMPERATURE (F)   61        37      1950


SUNRISE AND SUNSET
AUGUST 19 2016........SUNRISE   637 AM CDT   SUNSET   820 PM CDT
AUGUST 20 2016........SUNRISE   638 AM CDT   SUNSET   818 PM CDT


-  INDICATES NEGATIVE NUMBERS.
R  INDICATES RECORD WAS SET OR TIED.
MM INDICATES DATA IS MISSING.
T  INDICATES TRACE AMOUNT.




$$
