000
CDUS43 KFSD 020648
CLISUX


CLIMATE REPORT
NATIONAL WEATHER SERVICE SIOUX FALLS SD
147 AM CDT THU JUL 2 2015


...................................

...THE SIOUX CITY IA CLIMATE SUMMARY FOR JULY 1 2015...

CLIMATE NORMAL PERIOD 1981 TO 2010
CLIMATE RECORD PERIOD 1889 TO 2015


WEATHER ITEM   OBSERVED TIME   RECORD YEAR NORMAL DEPARTURE LAST
                VALUE   (LST)  VALUE       VALUE  FROM      YEAR
                                                  NORMAL
..................................................................
TEMPERATURE (F)
 YESTERDAY
  MAXIMUM         77    316 PM 101    1911  85     -8       75
  MINIMUM         64   1159 PM  44    1995  62      2       57
  AVERAGE         71                        74     -3       66

PRECIPITATION (IN)
  YESTERDAY        0.54          1.56 1957   0.11   0.43      T
  MONTH TO DATE    0.54                      0.11   0.43      T
  SINCE JUN 1      4.73                      4.00   0.73    16.65
  SINCE JAN 1     12.63                     13.98  -1.35    21.90

SNOWFALL (IN)
  YESTERDAY        0.0           0.0    MM   0.0    0.0      0.0
  MONTH TO DATE    0.0                       0.0    0.0      0.0
  SINCE JUN 1      0.0                       0.0    0.0      0.0
  SINCE JUL 1      0.0                       0.0    0.0      0.0
  SNOW DEPTH       0

DEGREE DAYS
 HEATING
  YESTERDAY        0                         0      0        0
  MONTH TO DATE    0                         0      0        0
  SINCE JUN 1      2                        27    -25       20
  SINCE JUL 1      0                         0      0        0

 COOLING
  YESTERDAY        6                         9     -3        1
  MONTH TO DATE    6                         9     -3        1
  SINCE JUN 1    215                       197     18      196
  SINCE JAN 1    244                       261    -17      317
..................................................................


WIND (MPH)
  HIGHEST WIND SPEED    22   HIGHEST WIND DIRECTION    SE (120)
  HIGHEST GUST SPEED    26   HIGHEST GUST DIRECTION    SE (120)
  AVERAGE WIND SPEED     8.0


SKY COVER
  POSSIBLE SUNSHINE  MM
  AVERAGE SKY COVER 0.6


WEATHER CONDITIONS
 THE FOLLOWING WEATHER WAS RECORDED YESTERDAY.
  THUNDERSTORM
  HEAVY RAIN
  RAIN
  LIGHT RAIN
  FOG
  HAZE


RELATIVE HUMIDITY (PERCENT)
 HIGHEST    93           100 AM
 LOWEST     68           800 PM
 AVERAGE    81

..........................................................


THE SIOUX CITY IA CLIMATE NORMALS FOR TODAY
                         NORMAL    RECORD    YEAR
 MAXIMUM TEMPERATURE (F)   85        99      1911
 MINIMUM TEMPERATURE (F)   63        47      1945


SUNRISE AND SUNSET
JULY  2 2015..........SUNRISE   553 AM CDT   SUNSET   906 PM CDT
JULY  3 2015..........SUNRISE   553 AM CDT   SUNSET   906 PM CDT


-  INDICATES NEGATIVE NUMBERS.
R  INDICATES RECORD WAS SET OR TIED.
MM INDICATES DATA IS MISSING.
T  INDICATES TRACE AMOUNT.




$$
