131
CDUS43 KFSD 050645
CLISUX


CLIMATE REPORT
NATIONAL WEATHER SERVICE SIOUX FALLS SD
1245 AM CST MON DEC 5 2016


...................................

...THE SIOUX CITY IA CLIMATE SUMMARY FOR DECEMBER 4 2016...

CLIMATE NORMAL PERIOD 1981 TO 2010
CLIMATE RECORD PERIOD 1889 TO 2016


WEATHER ITEM   OBSERVED TIME   RECORD YEAR NORMAL DEPARTURE LAST
                VALUE   (LST)  VALUE       VALUE  FROM      YEAR
                                                  NORMAL
..................................................................
TEMPERATURE (F)
 YESTERDAY
  MAXIMUM         51    325 PM  59    1916  36     15       42
  MINIMUM         29    849 PM  -9    1978  16     13       16
                                      1902
  AVERAGE         40                        26     14       29

PRECIPITATION (IN)
  YESTERDAY        0.00          1.04 1924   0.03  -0.03     0.00
  MONTH TO DATE    0.05                      0.13  -0.08     0.21
  SINCE DEC 1      0.05                      0.13  -0.08     0.21
  SINCE JAN 1     30.82                     27.07   3.75    32.49

SNOWFALL (IN)
  YESTERDAY        0.0           9.0  1924   0.3   -0.3      0.0
  MONTH TO DATE    0.2                       1.0   -0.8      3.2
  SINCE DEC 1      0.2                       1.0   -0.8      3.2
  SINCE JUL 1      1.2                       6.4   -5.2     15.7
  SNOW DEPTH       0

DEGREE DAYS
 HEATING
  YESTERDAY       25                        39    -14       36
  MONTH TO DATE  121                       154    -33      162
  SINCE DEC 1    121                       154    -33      162
  SINCE JUL 1   1065                      1630   -565     1268

 COOLING
  YESTERDAY        0                         0      0        0
  MONTH TO DATE    0                         0      0        0
  SINCE DEC 1      0                         0      0        0
  SINCE JAN 1   1165                       869    296      889
..................................................................


WIND (MPH)
  HIGHEST WIND SPEED    14   HIGHEST WIND DIRECTION     W (270)
  HIGHEST GUST SPEED    16   HIGHEST GUST DIRECTION     W (260)
  AVERAGE WIND SPEED     6.8


SKY COVER
  POSSIBLE SUNSHINE  MM
  AVERAGE SKY COVER 0.3


WEATHER CONDITIONS
 THE FOLLOWING WEATHER WAS RECORDED YESTERDAY.
  FOG


RELATIVE HUMIDITY (PERCENT)
 HIGHEST    92          1200 AM
 LOWEST     50           300 PM
 AVERAGE    71

..........................................................


THE SIOUX CITY IA CLIMATE NORMALS FOR TODAY
                         NORMAL    RECORD    YEAR
 MAXIMUM TEMPERATURE (F)   35        63      1939
 MINIMUM TEMPERATURE (F)   16        -9      2005


SUNRISE AND SUNSET
DECEMBER  5 2016......SUNRISE   740 AM CST   SUNSET   453 PM CST
DECEMBER  6 2016......SUNRISE   741 AM CST   SUNSET   453 PM CST


-  INDICATES NEGATIVE NUMBERS.
R  INDICATES RECORD WAS SET OR TIED.
MM INDICATES DATA IS MISSING.
T  INDICATES TRACE AMOUNT.




$$
