000
CDUS43 KFSD 010722
CLISUX


CLIMATE REPORT
NATIONAL WEATHER SERVICE SIOUX FALLS SD
221 AM CDT MON SEP 1 2014


...................................

...THE SIOUX CITY IA CLIMATE SUMMARY FOR AUGUST 31 2014...

CLIMATE NORMAL PERIOD 1981 TO 2010
CLIMATE RECORD PERIOD 1889 TO 2014


WEATHER ITEM   OBSERVED TIME   RECORD YEAR NORMAL DEPARTURE LAST
                VALUE   (LST)  VALUE       VALUE  FROM      YEAR
                                                  NORMAL
..................................................................
TEMPERATURE (F)
 YESTERDAY
  MAXIMUM         81    332 PM  96    1948  81      0       90
  MINIMUM         62    506 PM  43    1967  57      5       66
  AVERAGE         72                        69      3       78

PRECIPITATION (IN)
  YESTERDAY        1.17          1.24 1921   0.11   1.06     0.05
  MONTH TO DATE   10.12                      3.23   6.89     3.07
  SINCE JUN 1     30.38                     10.56  19.82     6.80
  SINCE JAN 1     35.63                     20.54  15.09    20.03

SNOWFALL (IN)
  YESTERDAY        0.0           0.0    MM   0.0    0.0      0.0
  MONTH TO DATE    0.0                       0.0    0.0      0.0
  SINCE JUN 1      0.0                       0.0    0.0      0.0
  SINCE JUL 1      0.0                       0.0    0.0      0.0
  SNOW DEPTH       0

DEGREE DAYS
 HEATING
  YESTERDAY        0                         1     -1        0
  MONTH TO DATE    0                         9     -9        5
  SINCE JUN 1     26                        42    -16       60
  SINCE JUL 1      6                        15     -9       20

 COOLING
  YESTERDAY        7                         5      2       13
  MONTH TO DATE  257                       232     25      264
  SINCE JUN 1    645                       713    -68      745
  SINCE JAN 1    766                       777    -11      801
..................................................................


WIND (MPH)
  HIGHEST WIND SPEED    39   HIGHEST WIND DIRECTION     N (350)
  HIGHEST GUST SPEED    57   HIGHEST GUST DIRECTION    SW (240)
  AVERAGE WIND SPEED     6.7


SKY COVER
  POSSIBLE SUNSHINE  MM
  AVERAGE SKY COVER 0.1


WEATHER CONDITIONS
 THE FOLLOWING WEATHER WAS RECORDED YESTERDAY.
  THUNDERSTORM
  HEAVY RAIN
  RAIN
  LIGHT RAIN
  FOG
  HAZE


RELATIVE HUMIDITY (PERCENT)
 HIGHEST   100           900 PM
 LOWEST     62           100 PM
 AVERAGE    81

..........................................................


THE SIOUX CITY IA CLIMATE NORMALS FOR TODAY
                         NORMAL    RECORD    YEAR
 MAXIMUM TEMPERATURE (F)   81        98      1970
                                             1913
 MINIMUM TEMPERATURE (F)   57        38      1949


SUNRISE AND SUNSET
SEPTEMBER  1 2014.....SUNRISE   651 AM CDT   SUNSET   759 PM CDT
SEPTEMBER  2 2014.....SUNRISE   652 AM CDT   SUNSET   758 PM CDT


-  INDICATES NEGATIVE NUMBERS.
R  INDICATES RECORD WAS SET OR TIED.
MM INDICATES DATA IS MISSING.
T  INDICATES TRACE AMOUNT.




$$
