000
CDUS43 KFSD 252225
CLISUX


CLIMATE REPORT
NATIONAL WEATHER SERVICE SIOUX FALLS SD
524 PM CDT MON SEP 25 2017


...................................

...THE SIOUX CITY IA CLIMATE SUMMARY FOR SEPTEMBER 25 2017...
VALID TODAY AS OF 0500 PM LOCAL TIME.

CLIMATE NORMAL PERIOD 1981 TO 2010
CLIMATE RECORD PERIOD 1889 TO 2017


WEATHER ITEM   OBSERVED TIME   RECORD YEAR NORMAL DEPARTURE LAST
                VALUE   (LST)  VALUE       VALUE  FROM      YEAR
                                                  NORMAL
..................................................................
TEMPERATURE (F)
 TODAY
  MAXIMUM         60    110 PM  93    1998  73    -13       71
                                      1897
  MINIMUM         56    617 AM  29    1926  46     10       49
                                      1893
  AVERAGE         58                        59     -1       60

PRECIPITATION (IN)
  TODAY            1.38          2.14 2005   0.09   1.29      T
  MONTH TO DATE    2.06                      2.50  -0.44     2.78
  SINCE SEP 1      2.06                      2.50  -0.44     2.78
  SINCE JAN 1     22.25                     23.04  -0.79    27.13

SNOWFALL (IN)
  TODAY            0.0           T    1939   0.0    0.0      0.0
  MONTH TO DATE    0.0                       0.0    0.0      0.0
  SINCE SEP 1      0.0                       0.0    0.0      0.0
  SINCE JUL 1      0.0                       0.0    0.0      0.0
  SNOW DEPTH       0

DEGREE DAYS
 HEATING
  TODAY            7                         7      0        5
  MONTH TO DATE   40                        93    -53       18
  SINCE SEP 1     40                        93    -53       18
  SINCE JUL 1     48                       108    -60       18

 COOLING
  TODAY            0                         1     -1        0
  MONTH TO DATE  119                        77     42      143
  SINCE SEP 1    119                        77     42      143
  SINCE JAN 1    951                       854     97     1165
..................................................................


WIND (MPH)
  HIGHEST WIND SPEED    18   HIGHEST WIND DIRECTION     W (270)
  HIGHEST GUST SPEED    23   HIGHEST GUST DIRECTION     W (270)
  AVERAGE WIND SPEED     9.1


SKY COVER
  POSSIBLE SUNSHINE  MM
  AVERAGE SKY COVER 0.9


WEATHER CONDITIONS
 THE FOLLOWING WEATHER WAS RECORDED TODAY.
  THUNDERSTORM
  HEAVY RAIN
  RAIN
  LIGHT RAIN
  FOG


RELATIVE HUMIDITY (PERCENT)
 HIGHEST   100           100 AM
 LOWEST     93           200 PM
 AVERAGE    97

..........................................................


THE SIOUX CITY IA CLIMATE NORMALS FOR TOMORROW
                         NORMAL    RECORD    YEAR
 MAXIMUM TEMPERATURE (F)   72        93      1956
 MINIMUM TEMPERATURE (F)   46        25      1984


SUNRISE AND SUNSET
SEPTEMBER 25 2017.....SUNRISE   716 AM CDT   SUNSET   717 PM CDT
SEPTEMBER 26 2017.....SUNRISE   717 AM CDT   SUNSET   715 PM CDT


-  INDICATES NEGATIVE NUMBERS.
R  INDICATES RECORD WAS SET OR TIED.
MM INDICATES DATA IS MISSING.
T  INDICATES TRACE AMOUNT.




$$
