000
CDUS43 KFSD 280625
CLISUX


CLIMATE REPORT
NATIONAL WEATHER SERVICE SIOUX FALLS SD
1224 AM CST FRI NOV 28 2014


...................................

...THE SIOUX CITY IA CLIMATE SUMMARY FOR NOVEMBER 27 2014...

CLIMATE NORMAL PERIOD 1981 TO 2010
CLIMATE RECORD PERIOD 1889 TO 2014


WEATHER ITEM   OBSERVED TIME   RECORD YEAR NORMAL DEPARTURE LAST
                VALUE   (LST)  VALUE       VALUE  FROM      YEAR
                                                  NORMAL
..................................................................
TEMPERATURE (F)
 YESTERDAY
  MAXIMUM         23   1159 PM  73    1998  39    -16       34
  MINIMUM          7    818 AM  -1    1985  19    -12        4
  AVERAGE         15                        29    -14       19

PRECIPITATION (IN)
  YESTERDAY        0.00          1.36 1983   0.04  -0.04     0.00
  MONTH TO DATE    0.41                      1.19  -0.78     1.09
  SINCE SEP 1      4.33                      6.28  -1.95     6.42
  SINCE JAN 1     39.96                     26.82  13.14    26.45

SNOWFALL (IN)
  YESTERDAY        0.0          12.2  1983   0.2   -0.2      0.0
  MONTH TO DATE    4.5                       3.7    0.8      0.9
  SINCE SEP 1      4.5                       4.7   -0.2      0.9
  SINCE JUL 1      4.5                       4.7   -0.2      0.9
  SNOW DEPTH       T

DEGREE DAYS
 HEATING
  YESTERDAY       50                        36     14       46
  MONTH TO DATE  920                       766    154      791
  SINCE SEP 1   1394                      1351     43     1296
  SINCE JUL 1   1400                      1366     34     1316

 COOLING
  YESTERDAY        0                         0      0        0
  MONTH TO DATE    0                         0      0        0
  SINCE SEP 1     96                        92      4      159
  SINCE JAN 1    862                       869     -7      960
..................................................................


WIND (MPH)
  HIGHEST WIND SPEED    18   HIGHEST WIND DIRECTION    SE (150)
  HIGHEST GUST SPEED    24   HIGHEST GUST DIRECTION    SE (140)
  AVERAGE WIND SPEED    10.5


SKY COVER
  POSSIBLE SUNSHINE  MM
  AVERAGE SKY COVER 0.6


WEATHER CONDITIONS
 THE FOLLOWING WEATHER WAS RECORDED YESTERDAY.
  NO SIGNIFICANT WEATHER WAS OBSERVED.


RELATIVE HUMIDITY (PERCENT)
 HIGHEST    80           100 AM
 LOWEST     45           800 AM
 AVERAGE    63

..........................................................


THE SIOUX CITY IA CLIMATE NORMALS FOR TODAY
                         NORMAL    RECORD    YEAR
 MAXIMUM TEMPERATURE (F)   39        63      1941
 MINIMUM TEMPERATURE (F)   19        -9      1891


SUNRISE AND SUNSET
NOVEMBER 28 2014......SUNRISE   732 AM CST   SUNSET   455 PM CST
NOVEMBER 29 2014......SUNRISE   733 AM CST   SUNSET   454 PM CST


-  INDICATES NEGATIVE NUMBERS.
R  INDICATES RECORD WAS SET OR TIED.
MM INDICATES DATA IS MISSING.
T  INDICATES TRACE AMOUNT.




$$
