000
CDUS43 KFSD 230636
CLISUX


CLIMATE REPORT
NATIONAL WEATHER SERVICE SIOUX FALLS SD
1234 AM CST TUE JAN 23 2018


...................................

...THE SIOUX CITY IA CLIMATE SUMMARY FOR JANUARY 22 2018...

CLIMATE NORMAL PERIOD 1981 TO 2010
CLIMATE RECORD PERIOD 1889 TO 2018


WEATHER ITEM   OBSERVED TIME   RECORD YEAR NORMAL DEPARTURE LAST
                VALUE   (LST)  VALUE       VALUE  FROM      YEAR
                                                  NORMAL
..................................................................
TEMPERATURE (F)
 YESTERDAY
  MAXIMUM         35    439 AM  62    1989  31      4       38
  MINIMUM         27   1159 PM -21    1936  10     17       28
  AVERAGE         31                        20     11       33

PRECIPITATION (IN)
  YESTERDAY        1.26R         1.09 1982   0.02   1.24     0.00
  MONTH TO DATE    1.35                      0.44   0.91     0.37
  SINCE DEC 1      1.74                      1.24   0.50     1.85
  SINCE JAN 1      1.35                      0.44   0.91     0.37

SNOWFALL (IN)
  YESTERDAY       12.1          17.4  1982   0.2   11.9      0.0
  MONTH TO DATE   12.9                       4.6    8.3      1.0
  SINCE DEC 1     20.2                      12.4    7.8      5.5
  SINCE JUL 1     20.2                      17.8    2.4      6.5
  SNOW DEPTH       2

DEGREE DAYS
 HEATING
  YESTERDAY       34                        45    -11       32
  MONTH TO DATE 1037                       990     47      917
  SINCE DEC 1   2315                      2306      9     2157
  SINCE JUL 1   3634                      3782   -148     3101

 COOLING
  YESTERDAY        0                         0      0        0
  MONTH TO DATE    0                         0      0        0
  SINCE DEC 1      0                         0      0        0
  SINCE JAN 1      0                         0      0        0
..................................................................


WIND (MPH)
  HIGHEST WIND SPEED    36   HIGHEST WIND DIRECTION     N (350)
  HIGHEST GUST SPEED    44   HIGHEST GUST DIRECTION     N (350)
  AVERAGE WIND SPEED    24.0


SKY COVER
  POSSIBLE SUNSHINE  MM
  AVERAGE SKY COVER 0.9


WEATHER CONDITIONS
 THE FOLLOWING WEATHER WAS RECORDED YESTERDAY.
  RAIN
  HEAVY SNOW
  SNOW
  LIGHT SNOW
  FOG
  FOG W/VISIBILITY <= 1/4 MILE
  BLOWING SNOW


RELATIVE HUMIDITY (PERCENT)
 HIGHEST   100           800 AM
 LOWEST     92           600 PM
 AVERAGE    96

..........................................................


THE SIOUX CITY IA CLIMATE NORMALS FOR TODAY
                         NORMAL    RECORD    YEAR
 MAXIMUM TEMPERATURE (F)   31        60      1981
 MINIMUM TEMPERATURE (F)   10       -23      1948


SUNRISE AND SUNSET
JANUARY 23 2018.......SUNRISE   747 AM CST   SUNSET   528 PM CST
JANUARY 24 2018.......SUNRISE   746 AM CST   SUNSET   529 PM CST


-  INDICATES NEGATIVE NUMBERS.
R  INDICATES RECORD WAS SET OR TIED.
MM INDICATES DATA IS MISSING.
T  INDICATES TRACE AMOUNT.




$$
