000
CDUS43 KFSD 190621
CLISUX


CLIMATE REPORT
NATIONAL WEATHER SERVICE SIOUX FALLS SD
1220 AM CST SUN NOV 19 2017


...................................

...THE SIOUX CITY IA CLIMATE SUMMARY FOR NOVEMBER 18 2017...

CLIMATE NORMAL PERIOD 1981 TO 2010
CLIMATE RECORD PERIOD 1889 TO 2017


WEATHER ITEM   OBSERVED TIME   RECORD YEAR NORMAL DEPARTURE LAST
                VALUE   (LST)  VALUE       VALUE  FROM      YEAR
                                                  NORMAL
..................................................................
TEMPERATURE (F)
 YESTERDAY
  MAXIMUM         41    254 PM  73    1941  45     -4       44
  MINIMUM         24   1046 PM   3    2014  24      0       31
  AVERAGE         33                        34     -1       38

PRECIPITATION (IN)
  YESTERDAY        0.02          1.42 1941   0.04  -0.02     0.37
  MONTH TO DATE    0.08                      0.80  -0.72     0.37
  SINCE SEP 1      9.09                      5.89   3.20     4.75
  SINCE JAN 1     29.28                     26.43   2.85    29.10

SNOWFALL (IN)
  YESTERDAY        0.0           3.7  1957   0.2   -0.2      1.0
  MONTH TO DATE    0.0                       2.0   -2.0      1.0
  SINCE SEP 1      T                         3.0   -3.0      1.0
  SINCE JUL 1      T                         3.0   -3.0      1.0
  SNOW DEPTH       0

DEGREE DAYS
 HEATING
  YESTERDAY       32                        31      1       27
  MONTH TO DATE  511                       464     47      270
  SINCE SEP 1   1001                      1049    -48      624
  SINCE JUL 1   1009                      1064    -55      624

 COOLING
  YESTERDAY        0                         0      0        0
  MONTH TO DATE    0                         0      0        0
  SINCE SEP 1    119                        92     27      143
  SINCE JAN 1    951                       869     82     1165
..................................................................


WIND (MPH)
  HIGHEST WIND SPEED    35   HIGHEST WIND DIRECTION    NW (320)
  HIGHEST GUST SPEED    40   HIGHEST GUST DIRECTION    NW (330)
  AVERAGE WIND SPEED    16.4


SKY COVER
  POSSIBLE SUNSHINE  MM
  AVERAGE SKY COVER 0.2


WEATHER CONDITIONS
 THE FOLLOWING WEATHER WAS RECORDED YESTERDAY.
  LIGHT RAIN


RELATIVE HUMIDITY (PERCENT)
 HIGHEST    92          1200 AM
 LOWEST     51           300 PM
 AVERAGE    72

..........................................................


THE SIOUX CITY IA CLIMATE NORMALS FOR TODAY
                         NORMAL    RECORD    YEAR
 MAXIMUM TEMPERATURE (F)   44        71      1989
 MINIMUM TEMPERATURE (F)   23        -1      1914


SUNRISE AND SUNSET
NOVEMBER 19 2017......SUNRISE   722 AM CST   SUNSET   500 PM CST
NOVEMBER 20 2017......SUNRISE   723 AM CST   SUNSET   459 PM CST


-  INDICATES NEGATIVE NUMBERS.
R  INDICATES RECORD WAS SET OR TIED.
MM INDICATES DATA IS MISSING.
T  INDICATES TRACE AMOUNT.




$$
