000
CDUS43 KFSD 022226
CLISUX


CLIMATE REPORT
NATIONAL WEATHER SERVICE SIOUX FALLS SD
525 PM CDT MON MAY 2 2016


...................................

...THE SIOUX CITY IA CLIMATE SUMMARY FOR MAY 2 2016...
VALID TODAY AS OF 0500 PM LOCAL TIME.

CLIMATE NORMAL PERIOD 1981 TO 2010
CLIMATE RECORD PERIOD 1889 TO 2016


WEATHER ITEM   OBSERVED TIME   RECORD YEAR NORMAL DEPARTURE LAST
                VALUE   (LST)  VALUE       VALUE  FROM      YEAR
                                                  NORMAL
..................................................................
TEMPERATURE (F)
 TODAY
  MAXIMUM         67    230 PM  91    1965  69     -2       79
  MINIMUM         36    559 AM  25    1908  44     -8       46
  AVERAGE         52                        56     -4       63

PRECIPITATION (IN)
  TODAY            0.00          1.38 1913   0.12  -0.12     0.00
  MONTH TO DATE    0.51                      0.23   0.28     0.18
  SINCE MAR 1      9.38                      5.18   4.20     3.59
  SINCE JAN 1     11.22                      6.47   4.75     4.55

SNOWFALL (IN)
  TODAY            0.0           T    1976   0.0    0.0      0.0
                                      1954
  MONTH TO DATE    0.0                       0.0    0.0      0.0
  SINCE MAR 1     14.5                       8.3    6.2       T
  SINCE JUL 1     57.6                      34.8   22.8     21.5
  SNOW DEPTH       0

DEGREE DAYS
 HEATING
  TODAY           13                        10      3        2
  MONTH TO DATE   30                        20     10        8
  SINCE MAR 1   1057                      1378   -321     1083
  SINCE JUL 1   5516                      6672  -1156     6249

 COOLING
  TODAY            0                         1     -1        0
  MONTH TO DATE    0                         2     -2        0
  SINCE MAR 1      0                        13    -13        1
  SINCE JAN 1      0                        13    -13        1
..................................................................


WIND (MPH)
  HIGHEST WIND SPEED    10   HIGHEST WIND DIRECTION    NW (310)
  HIGHEST GUST SPEED    14   HIGHEST GUST DIRECTION    NW (320)
  AVERAGE WIND SPEED     4.3


SKY COVER
  POSSIBLE SUNSHINE  MM
  AVERAGE SKY COVER 0.1


WEATHER CONDITIONS
 THE FOLLOWING WEATHER WAS RECORDED TODAY.
  NO SIGNIFICANT WEATHER WAS OBSERVED.


RELATIVE HUMIDITY (PERCENT)
 HIGHEST    92          1200 AM
 LOWEST     32           200 PM
 AVERAGE    62

..........................................................


THE SIOUX CITY IA CLIMATE NORMALS FOR TOMORROW
                         NORMAL    RECORD    YEAR
 MAXIMUM TEMPERATURE (F)   69        94      1949
 MINIMUM TEMPERATURE (F)   44        25      1976


SUNRISE AND SUNSET
MAY  2 2016...........SUNRISE   619 AM CDT   SUNSET   827 PM CDT
MAY  3 2016...........SUNRISE   617 AM CDT   SUNSET   828 PM CDT


-  INDICATES NEGATIVE NUMBERS.
R  INDICATES RECORD WAS SET OR TIED.
MM INDICATES DATA IS MISSING.
T  INDICATES TRACE AMOUNT.




$$
