000
CDUS43 KFSD 240813
CLISUX


CLIMATE REPORT
NATIONAL WEATHER SERVICE SIOUX FALLS SD
313 AM CDT SUN MAY 24 2015


...................................

...THE SIOUX CITY IA CLIMATE SUMMARY FOR MAY 23 2015...

CLIMATE NORMAL PERIOD 1981 TO 2010
CLIMATE RECORD PERIOD 1889 TO 2015


WEATHER ITEM   OBSERVED TIME   RECORD YEAR NORMAL DEPARTURE LAST
                VALUE   (LST)  VALUE       VALUE  FROM      YEAR
                                                  NORMAL
..................................................................
TEMPERATURE (F)
 YESTERDAY
  MAXIMUM         66    334 PM  94    2010  75     -9       86
                                      1950
  MINIMUM         55    359 AM  37    1969  51      4       52
                                      1963
                                      1893
  AVERAGE         61                        63     -2       69

PRECIPITATION (IN)
  YESTERDAY        0.16          2.10 1990   0.12   0.04     0.00
  MONTH TO DATE    2.46                      2.73  -0.27     0.58
  SINCE MAR 1      5.87                      7.68  -1.81     3.03
  SINCE JAN 1      6.83                      8.97  -2.14     3.80

SNOWFALL (IN)
  YESTERDAY        0.0           0.0    MM   0.0    0.0      0.0
  MONTH TO DATE    0.0                       0.2   -0.2      0.0
  SINCE MAR 1      T                         8.5   -8.5     10.0
  SINCE JUL 1     21.5                      35.0  -13.5     23.8
  SNOW DEPTH       0

DEGREE DAYS
 HEATING
  YESTERDAY        4                         4      0        0
  MONTH TO DATE  146                       156    -10      177
  SINCE MAR 1   1221                      1514   -293     1622
  SINCE JUL 1   6387                      6808   -421     7226

 COOLING
  YESTERDAY        0                         2     -2        4
  MONTH TO DATE   18                        32    -14       39
  SINCE MAR 1     19                        43    -24       48
  SINCE JAN 1     19                        43    -24       48
..................................................................


WIND (MPH)
  HIGHEST WIND SPEED    17   HIGHEST WIND DIRECTION     S (170)
  HIGHEST GUST SPEED    20   HIGHEST GUST DIRECTION     S (180)
  AVERAGE WIND SPEED     8.2


SKY COVER
  POSSIBLE SUNSHINE  MM
  AVERAGE SKY COVER 1.0


WEATHER CONDITIONS
 THE FOLLOWING WEATHER WAS RECORDED YESTERDAY.
  RAIN
  LIGHT RAIN
  FOG


RELATIVE HUMIDITY (PERCENT)
 HIGHEST    90          1100 PM
 LOWEST     63          1200 PM
 AVERAGE    77

..........................................................


THE SIOUX CITY IA CLIMATE NORMALS FOR TODAY
                         NORMAL    RECORD    YEAR
 MAXIMUM TEMPERATURE (F)   76        98      1939
 MINIMUM TEMPERATURE (F)   52        34      1924


SUNRISE AND SUNSET
MAY 24 2015...........SUNRISE   556 AM CDT   SUNSET   849 PM CDT
MAY 25 2015...........SUNRISE   555 AM CDT   SUNSET   850 PM CDT


-  INDICATES NEGATIVE NUMBERS.
R  INDICATES RECORD WAS SET OR TIED.
MM INDICATES DATA IS MISSING.
T  INDICATES TRACE AMOUNT.




$$
