000
CDUS43 KFSD 230626
CLISUX


CLIMATE REPORT
NATIONAL WEATHER SERVICE SIOUX FALLS SD
1225 AM CST FRI JAN 23 2015


...................................

...THE SIOUX CITY IA CLIMATE SUMMARY FOR JANUARY 22 2015...

CLIMATE NORMAL PERIOD 1981 TO 2010
CLIMATE RECORD PERIOD 1889 TO 2015


WEATHER ITEM   OBSERVED TIME   RECORD YEAR NORMAL DEPARTURE LAST
                VALUE   (LST)  VALUE       VALUE  FROM      YEAR
                                                  NORMAL
..................................................................
TEMPERATURE (F)
 YESTERDAY
  MAXIMUM         40    325 PM  62    1989  31      9       25
  MINIMUM         28   1143 PM -21    1936  10     18       -3
  AVERAGE         34                        20     14       11

PRECIPITATION (IN)
  YESTERDAY        0.00          1.09 1982   0.02  -0.02      T
  MONTH TO DATE    0.25                      0.44  -0.19     0.18
  SINCE DEC 1      1.65                      1.24   0.41     0.36
  SINCE JAN 1      0.25                      0.44  -0.19     0.18

SNOWFALL (IN)
  YESTERDAY        0.0          17.4  1982   0.2   -0.2      0.3
  MONTH TO DATE    4.5                       4.6   -0.1      1.9
  SINCE DEC 1      8.3                      12.4   -4.1      4.2
  SINCE JUL 1     12.8                      17.8   -5.0      5.1
  SNOW DEPTH       T

DEGREE DAYS
 HEATING
  YESTERDAY       31                        45    -14       54
  MONTH TO DATE  993                       990      3     1019
  SINCE DEC 1   2123                      2306   -183     2469
  SINCE JUL 1   3618                      3782   -164     3893

 COOLING
  YESTERDAY        0                         0      0        0
  MONTH TO DATE    0                         0      0        0
  SINCE DEC 1      0                         0      0        0
  SINCE JAN 1      0                         0      0        0
..................................................................


WIND (MPH)
  HIGHEST WIND SPEED    16   HIGHEST WIND DIRECTION     S (200)
  HIGHEST GUST SPEED    20   HIGHEST GUST DIRECTION     S (200)
  AVERAGE WIND SPEED     8.6


SKY COVER
  POSSIBLE SUNSHINE  MM
  AVERAGE SKY COVER 0.6


WEATHER CONDITIONS
 THE FOLLOWING WEATHER WAS RECORDED YESTERDAY.
  NO SIGNIFICANT WEATHER WAS OBSERVED.


RELATIVE HUMIDITY (PERCENT)
 HIGHEST    85           800 AM
 LOWEST     59           300 PM
 AVERAGE    72

..........................................................


THE SIOUX CITY IA CLIMATE NORMALS FOR TODAY
                         NORMAL    RECORD    YEAR
 MAXIMUM TEMPERATURE (F)   31        60      1981
 MINIMUM TEMPERATURE (F)   10       -23      1948


SUNRISE AND SUNSET
JANUARY 23 2015.......SUNRISE   747 AM CST   SUNSET   528 PM CST
JANUARY 24 2015.......SUNRISE   747 AM CST   SUNSET   529 PM CST


-  INDICATES NEGATIVE NUMBERS.
R  INDICATES RECORD WAS SET OR TIED.
MM INDICATES DATA IS MISSING.
T  INDICATES TRACE AMOUNT.




$$
