000
CDUS43 KFSD 210627
CLISUX


CLIMATE REPORT
NATIONAL WEATHER SERVICE SIOUX FALLS SD
124 AM CDT SUN MAY 21 2017


...................................

...THE SIOUX CITY IA CLIMATE SUMMARY FOR MAY 20 2017...

CLIMATE NORMAL PERIOD 1981 TO 2010
CLIMATE RECORD PERIOD 1889 TO 2017


WEATHER ITEM   OBSERVED TIME   RECORD YEAR NORMAL DEPARTURE LAST
                VALUE   (LST)  VALUE       VALUE  FROM      YEAR
                                                  NORMAL
..................................................................
TEMPERATURE (F)
 YESTERDAY
  MAXIMUM         51    417 PM  98    1934  74    -23       70
  MINIMUM         42   1159 PM  32    1997  50     -8       45
  AVERAGE         47                        62    -15       58

PRECIPITATION (IN)
  YESTERDAY        0.55          1.31 1898   0.12   0.43     0.00
  MONTH TO DATE    3.23                      2.36   0.87     1.69
  SINCE MAR 1      7.67                      7.31   0.36    10.56
  SINCE JAN 1      9.26                      8.60   0.66    12.40

SNOWFALL (IN)
  YESTERDAY        0.0           T    1931   0.0    0.0      0.0
                                      1892
  MONTH TO DATE    T                         0.2   -0.2      0.0
  SINCE MAR 1      3.1                       8.5   -5.4     14.5
  SINCE JUL 1     28.6                      35.0   -6.4     57.6
  SNOW DEPTH       0

DEGREE DAYS
 HEATING
  YESTERDAY       18                         5     13        7
  MONTH TO DATE  132                       143    -11      164
  SINCE MAR 1   1340                      1501   -161     1191
  SINCE JUL 1   5577                      6795  -1218     5650

 COOLING
  YESTERDAY        0                         2     -2        0
  MONTH TO DATE   34                        26      8        3
  SINCE MAR 1     35                        37     -2        3
  SINCE JAN 1     35                        37     -2        3
..................................................................


WIND (MPH)
  HIGHEST WIND SPEED    21   HIGHEST WIND DIRECTION    NW (300)
  HIGHEST GUST SPEED    26   HIGHEST GUST DIRECTION    NW (300)
  AVERAGE WIND SPEED    12.6


SKY COVER
  POSSIBLE SUNSHINE  MM
  AVERAGE SKY COVER 1.0


WEATHER CONDITIONS
 THE FOLLOWING WEATHER WAS RECORDED YESTERDAY.
  HEAVY RAIN
  RAIN
  LIGHT RAIN
  FOG


RELATIVE HUMIDITY (PERCENT)
 HIGHEST   100           500 AM
 LOWEST     89           400 PM
 AVERAGE    95

..........................................................


THE SIOUX CITY IA CLIMATE NORMALS FOR TODAY
                         NORMAL    RECORD    YEAR
 MAXIMUM TEMPERATURE (F)   75        94      1973
 MINIMUM TEMPERATURE (F)   51        31      1895


SUNRISE AND SUNSET
MAY 21 2017...........SUNRISE   558 AM CDT   SUNSET   847 PM CDT
MAY 22 2017...........SUNRISE   557 AM CDT   SUNSET   848 PM CDT


-  INDICATES NEGATIVE NUMBERS.
R  INDICATES RECORD WAS SET OR TIED.
MM INDICATES DATA IS MISSING.
T  INDICATES TRACE AMOUNT.




$$
