000
CDUS43 KFSD 240636
CLISUX


CLIMATE REPORT
NATIONAL WEATHER SERVICE SIOUX FALLS SD
1235 AM CST SAT JAN 24 2015


...................................

...THE SIOUX CITY IA CLIMATE SUMMARY FOR JANUARY 23 2015...

CLIMATE NORMAL PERIOD 1981 TO 2010
CLIMATE RECORD PERIOD 1889 TO 2015


WEATHER ITEM   OBSERVED TIME   RECORD YEAR NORMAL DEPARTURE LAST
                VALUE   (LST)  VALUE       VALUE  FROM      YEAR
                                                  NORMAL
..................................................................
TEMPERATURE (F)
 YESTERDAY
  MAXIMUM         48    328 PM  60    1981  31     17       15
  MINIMUM         22    646 AM -23    1948  10     12       -6
  AVERAGE         35                        21     14        5

PRECIPITATION (IN)
  YESTERDAY        0.00          0.52 1949   0.02  -0.02     0.00
  MONTH TO DATE    0.25                      0.46  -0.21     0.18
  SINCE DEC 1      1.65                      1.26   0.39     0.36
  SINCE JAN 1      0.25                      0.46  -0.21     0.18

SNOWFALL (IN)
  YESTERDAY        0.0           4.3  1972   0.3   -0.3      0.0
  MONTH TO DATE    4.5                       4.9   -0.4      1.9
  SINCE DEC 1      8.3                      12.7   -4.4      4.2
  SINCE JUL 1     12.8                      18.1   -5.3      5.1
  SNOW DEPTH       0

DEGREE DAYS
 HEATING
  YESTERDAY       30                        44    -14       60
  MONTH TO DATE 1023                      1034    -11     1079
  SINCE DEC 1   2153                      2350   -197     2529
  SINCE JUL 1   3648                      3826   -178     3953

 COOLING
  YESTERDAY        0                         0      0        0
  MONTH TO DATE    0                         0      0        0
  SINCE DEC 1      0                         0      0        0
  SINCE JAN 1      0                         0      0        0
..................................................................


WIND (MPH)
  HIGHEST WIND SPEED    18   HIGHEST WIND DIRECTION    NW (320)
  HIGHEST GUST SPEED    23   HIGHEST GUST DIRECTION    NW (320)
  AVERAGE WIND SPEED     8.2


SKY COVER
  POSSIBLE SUNSHINE  MM
  AVERAGE SKY COVER 0.1


WEATHER CONDITIONS
 THE FOLLOWING WEATHER WAS RECORDED YESTERDAY.
  NO SIGNIFICANT WEATHER WAS OBSERVED.


RELATIVE HUMIDITY (PERCENT)
 HIGHEST    92          1100 PM
 LOWEST     45           300 PM
 AVERAGE    69

..........................................................


THE SIOUX CITY IA CLIMATE NORMALS FOR TODAY
                         NORMAL    RECORD    YEAR
 MAXIMUM TEMPERATURE (F)   31        70      1981
 MINIMUM TEMPERATURE (F)   10       -26      1894


SUNRISE AND SUNSET
JANUARY 24 2015.......SUNRISE   747 AM CST   SUNSET   529 PM CST
JANUARY 25 2015.......SUNRISE   746 AM CST   SUNSET   530 PM CST


-  INDICATES NEGATIVE NUMBERS.
R  INDICATES RECORD WAS SET OR TIED.
MM INDICATES DATA IS MISSING.
T  INDICATES TRACE AMOUNT.




$$
