000
CDUS43 KFSD 120708
CLISUX


CLIMATE REPORT
NATIONAL WEATHER SERVICE SIOUX FALLS SD
207 AM CDT SAT APR 12 2014


...................................

...THE SIOUX CITY IA CLIMATE SUMMARY FOR APRIL 11 2014...

CLIMATE NORMAL PERIOD 1981 TO 2010
CLIMATE RECORD PERIOD 1889 TO 2014


WEATHER ITEM   OBSERVED TIME   RECORD YEAR NORMAL DEPARTURE LAST
                VALUE   (LST)  VALUE       VALUE  FROM      YEAR
                                                  NORMAL
..................................................................
TEMPERATURE (F)
 YESTERDAY
  MAXIMUM         79    413 PM  89    1968  61     18       36
  MINIMUM         34    541 AM  16    1940  35     -1       30
  AVERAGE         57                        48      9       33

PRECIPITATION (IN)
  YESTERDAY        0.00          1.24 2001   0.10  -0.10     0.14
  MONTH TO DATE    0.66                      0.98  -0.32     2.70
  SINCE MAR 1      1.04                      2.98  -1.94     4.70
  SINCE JAN 1      1.81                      4.27  -2.46     5.90

SNOWFALL (IN)
  YESTERDAY        0.0           5.0  1997   0.0    0.0      1.3
  MONTH TO DATE    3.5                       1.0    2.5      5.0
  SINCE MAR 1      8.2                       7.5    0.7     16.7
  SINCE JUL 1     22.0                      34.0  -12.0     37.5
  SNOW DEPTH       0

DEGREE DAYS
 HEATING
  YESTERDAY        8                        18    -10       32
  MONTH TO DATE  221                       216      5      250
  SINCE MAR 1   1201                      1100    101     1297
  SINCE JUL 1   6805                      6394    411     6446

 COOLING
  YESTERDAY        0                         0      0        0
  MONTH TO DATE    0                         0      0        0
  SINCE MAR 1      0                         0      0        0
  SINCE JAN 1      0                         0      0        0
..................................................................


WIND (MPH)
  HIGHEST WIND SPEED    22   HIGHEST WIND DIRECTION     W (250)
  HIGHEST GUST SPEED    27   HIGHEST GUST DIRECTION     W (250)
  AVERAGE WIND SPEED     9.1


SKY COVER
  POSSIBLE SUNSHINE  MM
  AVERAGE SKY COVER 0.1


WEATHER CONDITIONS
 THE FOLLOWING WEATHER WAS RECORDED YESTERDAY.
  NO SIGNIFICANT WEATHER WAS OBSERVED.


RELATIVE HUMIDITY (PERCENT)
 HIGHEST    59           200 AM
 LOWEST     12           300 PM
 AVERAGE    36

..........................................................


THE SIOUX CITY IA CLIMATE NORMALS FOR TODAY
                         NORMAL    RECORD    YEAR
 MAXIMUM TEMPERATURE (F)   61        86      2010
 MINIMUM TEMPERATURE (F)   35        15      1957


SUNRISE AND SUNSET
APRIL 12 2014.........SUNRISE   649 AM CDT   SUNSET   804 PM CDT
APRIL 13 2014.........SUNRISE   648 AM CDT   SUNSET   805 PM CDT


-  INDICATES NEGATIVE NUMBERS.
R  INDICATES RECORD WAS SET OR TIED.
MM INDICATES DATA IS MISSING.
T  INDICATES TRACE AMOUNT.




$$
