000
CDUS43 KFSD 200627
CLISUX


CLIMATE REPORT
NATIONAL WEATHER SERVICE SIOUX FALLS SD
125 AM CDT WED APR 20 2016


...................................

...THE SIOUX CITY IA CLIMATE SUMMARY FOR APRIL 19 2016...

CLIMATE NORMAL PERIOD 1981 TO 2010
CLIMATE RECORD PERIOD 1889 TO 2016


WEATHER ITEM   OBSERVED TIME   RECORD YEAR NORMAL DEPARTURE LAST
                VALUE   (LST)  VALUE       VALUE  FROM      YEAR
                                                  NORMAL
..................................................................
TEMPERATURE (F)
 YESTERDAY
  MAXIMUM         65    223 PM  90    1987  64      1       56
  MINIMUM         36    604 AM  20    1928  38     -2       45
  AVERAGE         51                        51      0       51

PRECIPITATION (IN)
  YESTERDAY        0.00          1.95 1993   0.10  -0.10      T
  MONTH TO DATE    0.44                      1.77  -1.33     2.50
  SINCE MAR 1      3.50                      3.77  -0.27     3.38
  SINCE JAN 1      5.34                      5.06   0.28     4.34

SNOWFALL (IN)
  YESTERDAY        0.0           0.8  1959   0.1   -0.1      0.0
  MONTH TO DATE    0.0                       1.5   -1.5      0.0
  SINCE MAR 1     14.5                       8.0    6.5       T
  SINCE JUL 1     57.6                      34.5   23.1     21.5
  SNOW DEPTH       0

DEGREE DAYS
 HEATING
  YESTERDAY       14                        14      0       14
  MONTH TO DATE  272                       341    -69      230
  SINCE MAR 1    905                      1225   -320      937
  SINCE JUL 1   5364                      6519  -1155     6103

 COOLING
  YESTERDAY        0                         0      0        0
  MONTH TO DATE    0                         0      0        1
  SINCE MAR 1      0                         0      0        1
  SINCE JAN 1      0                         0      0        1
..................................................................


WIND (MPH)
  HIGHEST WIND SPEED    13   HIGHEST WIND DIRECTION    NW (320)
  HIGHEST GUST SPEED    17   HIGHEST GUST DIRECTION     N (350)
  AVERAGE WIND SPEED     5.1


SKY COVER
  POSSIBLE SUNSHINE  MM
  AVERAGE SKY COVER 0.6


WEATHER CONDITIONS
 THE FOLLOWING WEATHER WAS RECORDED YESTERDAY.
  FOG


RELATIVE HUMIDITY (PERCENT)
 HIGHEST    92           400 AM
 LOWEST     56           300 PM
 AVERAGE    74

..........................................................


THE SIOUX CITY IA CLIMATE NORMALS FOR TODAY
                         NORMAL    RECORD    YEAR
 MAXIMUM TEMPERATURE (F)   64        91      1980
 MINIMUM TEMPERATURE (F)   39        22      2013
                                             1953


SUNRISE AND SUNSET
APRIL 20 2016.........SUNRISE   636 AM CDT   SUNSET   813 PM CDT
APRIL 21 2016.........SUNRISE   634 AM CDT   SUNSET   815 PM CDT


-  INDICATES NEGATIVE NUMBERS.
R  INDICATES RECORD WAS SET OR TIED.
MM INDICATES DATA IS MISSING.
T  INDICATES TRACE AMOUNT.




$$
