000
CDUS43 KFSD 230646
CLISUX


CLIMATE REPORT
NATIONAL WEATHER SERVICE SIOUX FALLS SD
1244 AM CST TUE DEC 23 2014


...................................

...THE SIOUX CITY IA CLIMATE SUMMARY FOR DECEMBER 22 2014...

CLIMATE NORMAL PERIOD 1981 TO 2010
CLIMATE RECORD PERIOD 1889 TO 2014


WEATHER ITEM   OBSERVED TIME   RECORD YEAR NORMAL DEPARTURE LAST
                VALUE   (LST)  VALUE       VALUE  FROM      YEAR
                                                  NORMAL
..................................................................
TEMPERATURE (F)
 YESTERDAY
  MAXIMUM         43   1249 PM  61    1933  30     13       18
  MINIMUM         34   1159 PM -24    1989  11     23        2
  AVERAGE         39                        21     18       10

PRECIPITATION (IN)
  YESTERDAY        0.45          0.54 1968   0.02   0.43      T
  MONTH TO DATE    0.94                      0.60   0.34     0.16
  SINCE DEC 1      0.94                      0.60   0.34     0.16
  SINCE JAN 1     40.90                     27.54  13.36    26.61

SNOWFALL (IN)
  YESTERDAY        T             5.7  1968   0.2   -0.2       T
  MONTH TO DATE    T                         5.7   -5.7      2.1
  SINCE DEC 1      T                         5.7   -5.7      2.1
  SINCE JUL 1      4.5                      11.1   -6.6      3.0
  SNOW DEPTH       0

DEGREE DAYS
 HEATING
  YESTERDAY       26                        44    -18       55
  MONTH TO DATE  720                       914   -194     1032
  SINCE DEC 1    720                       914   -194     1032
  SINCE JUL 1   2215                      2390   -175     2456

 COOLING
  YESTERDAY        0                         0      0        0
  MONTH TO DATE    0                         0      0        0
  SINCE DEC 1      0                         0      0        0
  SINCE JAN 1    862                       869     -7      960
..................................................................


WIND (MPH)
  HIGHEST WIND SPEED    17   HIGHEST WIND DIRECTION     S (160)
  HIGHEST GUST SPEED    22   HIGHEST GUST DIRECTION    SE (150)
  AVERAGE WIND SPEED     9.7


SKY COVER
  POSSIBLE SUNSHINE  MM
  AVERAGE SKY COVER 1.0


WEATHER CONDITIONS
 THE FOLLOWING WEATHER WAS RECORDED YESTERDAY.
  LIGHT RAIN
  LIGHT SNOW
  FOG


RELATIVE HUMIDITY (PERCENT)
 HIGHEST    96           400 AM
 LOWEST     85           800 PM
 AVERAGE    91

..........................................................


THE SIOUX CITY IA CLIMATE NORMALS FOR TODAY
                         NORMAL    RECORD    YEAR
 MAXIMUM TEMPERATURE (F)   30        58      1950
 MINIMUM TEMPERATURE (F)   11       -24      1989


SUNRISE AND SUNSET
DECEMBER 23 2014......SUNRISE   752 AM CST   SUNSET   457 PM CST
DECEMBER 24 2014......SUNRISE   753 AM CST   SUNSET   458 PM CST


-  INDICATES NEGATIVE NUMBERS.
R  INDICATES RECORD WAS SET OR TIED.
MM INDICATES DATA IS MISSING.
T  INDICATES TRACE AMOUNT.




$$
