000
CDUS43 KFSD 070651
CLISUX


CLIMATE REPORT
NATIONAL WEATHER SERVICE SIOUX FALLS SD
148 AM CDT SAT OCT 7 2017


...................................

...THE SIOUX CITY IA CLIMATE SUMMARY FOR OCTOBER 6 2017...

CLIMATE NORMAL PERIOD 1981 TO 2010
CLIMATE RECORD PERIOD 1889 TO 2017


WEATHER ITEM   OBSERVED TIME   RECORD YEAR NORMAL DEPARTURE LAST
                VALUE   (LST)  VALUE       VALUE  FROM      YEAR
                                                  NORMAL
..................................................................
TEMPERATURE (F)
 YESTERDAY
  MAXIMUM         60    537 PM  91    1997  68     -8       61
                                      1963
  MINIMUM         54   1135 AM  22    2000  42     12       42
  AVERAGE         57                        55      2       52

PRECIPITATION (IN)
  YESTERDAY        2.85R         2.02 1903   0.08   2.77     0.27
  MONTH TO DATE    5.45                      0.54   4.91     1.02
  SINCE SEP 1      7.63                      3.50   4.13     3.80
  SINCE JAN 1     27.82                     24.04   3.78    28.15

SNOWFALL (IN)
  YESTERDAY        0.0           T    1952   0.0    0.0      0.0
                                      1925
                                      1891
  MONTH TO DATE    0.0                       0.0    0.0      0.0
  SINCE SEP 1      0.0                       0.0    0.0      0.0
  SINCE JUL 1      0.0                       0.0    0.0      0.0
  SNOW DEPTH       0

DEGREE DAYS
 HEATING
  YESTERDAY        8                        11     -3       13
  MONTH TO DATE   29                        60    -31       28
  SINCE SEP 1     95                       192    -97       78
  SINCE JUL 1    103                       207   -104       78

 COOLING
  YESTERDAY        0                         1     -1        0
  MONTH TO DATE    0                         6     -6        0
  SINCE SEP 1    119                        90     29      143
  SINCE JAN 1    951                       867     84     1165
..................................................................


WIND (MPH)
  HIGHEST WIND SPEED    22   HIGHEST WIND DIRECTION     N (360)
  HIGHEST GUST SPEED    28   HIGHEST GUST DIRECTION     N (350)
  AVERAGE WIND SPEED     9.7


SKY COVER
  POSSIBLE SUNSHINE  MM
  AVERAGE SKY COVER 1.0


WEATHER CONDITIONS
 THE FOLLOWING WEATHER WAS RECORDED YESTERDAY.
  THUNDERSTORM
  HEAVY RAIN
  RAIN
  LIGHT RAIN
  FOG


RELATIVE HUMIDITY (PERCENT)
 HIGHEST   100           100 AM
 LOWEST     90           500 PM
 AVERAGE    95

..........................................................


THE SIOUX CITY IA CLIMATE NORMALS FOR TODAY
                         NORMAL    RECORD    YEAR
 MAXIMUM TEMPERATURE (F)   67        89      1980
 MINIMUM TEMPERATURE (F)   41        15      2012


SUNRISE AND SUNSET
OCTOBER  7 2017.......SUNRISE   730 AM CDT   SUNSET   656 PM CDT
OCTOBER  8 2017.......SUNRISE   731 AM CDT   SUNSET   654 PM CDT


-  INDICATES NEGATIVE NUMBERS.
R  INDICATES RECORD WAS SET OR TIED.
MM INDICATES DATA IS MISSING.
T  INDICATES TRACE AMOUNT.




$$
