119
CDUS43 KFSD 170651
CLISUX


CLIMATE REPORT
NATIONAL WEATHER SERVICE SIOUX FALLS SD
151 AM CDT WED MAY 17 2017


...................................

...THE SIOUX CITY IA CLIMATE SUMMARY FOR MAY 16 2017...

CLIMATE NORMAL PERIOD 1981 TO 2010
CLIMATE RECORD PERIOD 1889 TO 2017


WEATHER ITEM   OBSERVED TIME   RECORD YEAR NORMAL DEPARTURE LAST
                VALUE   (LST)  VALUE       VALUE  FROM      YEAR
                                                  NORMAL
..................................................................
TEMPERATURE (F)
 YESTERDAY
  MAXIMUM         86    246 PM  92    1936  73     13       62
  MINIMUM         62   1159 PM  28    2014  49     13       41
  AVERAGE         74                        61     13       52

PRECIPITATION (IN)
  YESTERDAY        0.43          1.34 1992   0.13   0.30     0.00
  MONTH TO DATE    1.29                      1.88  -0.59     1.69
  SINCE MAR 1      5.73                      6.83  -1.10    10.56
  SINCE JAN 1      7.32                      8.12  -0.80    12.40

SNOWFALL (IN)
  YESTERDAY        0.0           0.0    MM   0.0    0.0      0.0
  MONTH TO DATE    T                         0.2   -0.2      0.0
  SINCE MAR 1      3.1                       8.5   -5.4     14.5
  SINCE JUL 1     28.6                      35.0   -6.4     57.6
  SNOW DEPTH       0

DEGREE DAYS
 HEATING
  YESTERDAY        0                         6     -6       13
  MONTH TO DATE   86                       123    -37      134
  SINCE MAR 1   1294                      1481   -187     1161
  SINCE JUL 1   5531                      6775  -1244     5620

 COOLING
  YESTERDAY        9                         2      7        0
  MONTH TO DATE   34                        18     16        3
  SINCE MAR 1     35                        29      6        3
  SINCE JAN 1     35                        29      6        3
..................................................................


WIND (MPH)
  HIGHEST WIND SPEED    41   HIGHEST WIND DIRECTION     W (260)
  HIGHEST GUST SPEED    51   HIGHEST GUST DIRECTION     W (270)
  AVERAGE WIND SPEED    13.4


SKY COVER
  POSSIBLE SUNSHINE  MM
  AVERAGE SKY COVER 0.4


WEATHER CONDITIONS
 THE FOLLOWING WEATHER WAS RECORDED YESTERDAY.
  THUNDERSTORM
  HEAVY RAIN
  RAIN
  LIGHT RAIN
  FOG


RELATIVE HUMIDITY (PERCENT)
 HIGHEST   100          1100 PM
 LOWEST     48           400 PM
 AVERAGE    74

..........................................................


THE SIOUX CITY IA CLIMATE NORMALS FOR TODAY
                         NORMAL    RECORD    YEAR
 MAXIMUM TEMPERATURE (F)   73        97      1996
 MINIMUM TEMPERATURE (F)   49        30      2014


SUNRISE AND SUNSET
MAY 17 2017...........SUNRISE   602 AM CDT   SUNSET   843 PM CDT
MAY 18 2017...........SUNRISE   601 AM CDT   SUNSET   844 PM CDT


-  INDICATES NEGATIVE NUMBERS.
R  INDICATES RECORD WAS SET OR TIED.
MM INDICATES DATA IS MISSING.
T  INDICATES TRACE AMOUNT.




$$
