000
CDUS43 KFSD 260706
CLISUX


CLIMATE REPORT
NATIONAL WEATHER SERVICE SIOUX FALLS SD
105 AM CST SAT NOV 26 2016


...................................

...THE SIOUX CITY IA CLIMATE SUMMARY FOR NOVEMBER 25 2016...

CLIMATE NORMAL PERIOD 1981 TO 2010
CLIMATE RECORD PERIOD 1889 TO 2016


WEATHER ITEM   OBSERVED TIME   RECORD YEAR NORMAL DEPARTURE LAST
                VALUE   (LST)  VALUE       VALUE  FROM      YEAR
                                                  NORMAL
..................................................................
TEMPERATURE (F)
 YESTERDAY
  MAXIMUM         56    240 PM  75    1960  40     16       53
  MINIMUM         29    755 AM  -1    1975  20      9       36
  AVERAGE         43                        30     13       45

PRECIPITATION (IN)
  YESTERDAY        0.00          0.47 1944   0.04  -0.04     0.00
  MONTH TO DATE    1.60                      1.11   0.49     3.56
  SINCE SEP 1      5.98                      6.20  -0.22     7.55
  SINCE JAN 1     30.33                     26.74   3.59    31.29

SNOWFALL (IN)
  YESTERDAY        0.0           4.2  1908   0.3   -0.3      0.0
  MONTH TO DATE    1.0                       3.3   -2.3      5.7
  SINCE SEP 1      1.0                       4.3   -3.3      5.7
  SINCE JUL 1      1.0                       4.3   -3.3      5.7
  SNOW DEPTH       0

DEGREE DAYS
 HEATING
  YESTERDAY       22                        35    -13       20
  MONTH TO DATE  464                       695   -231      514
  SINCE SEP 1    818                      1280   -462      895
  SINCE JUL 1    818                      1295   -477      918

 COOLING
  YESTERDAY        0                         0      0        0
  MONTH TO DATE    0                         0      0        0
  SINCE SEP 1    143                        92     51      169
  SINCE JAN 1   1165                       869    296      889
..................................................................


WIND (MPH)
  HIGHEST WIND SPEED    15   HIGHEST WIND DIRECTION    NW (310)
  HIGHEST GUST SPEED    19   HIGHEST GUST DIRECTION    NW (320)
  AVERAGE WIND SPEED     6.2


SKY COVER
  POSSIBLE SUNSHINE  MM
  AVERAGE SKY COVER 0.2


WEATHER CONDITIONS
 THE FOLLOWING WEATHER WAS RECORDED YESTERDAY.
  FOG


RELATIVE HUMIDITY (PERCENT)
 HIGHEST   100           800 AM
 LOWEST     46           300 PM
 AVERAGE    73

..........................................................


THE SIOUX CITY IA CLIMATE NORMALS FOR TODAY
                         NORMAL    RECORD    YEAR
 MAXIMUM TEMPERATURE (F)   40        68      1941
 MINIMUM TEMPERATURE (F)   20        -8      1993


SUNRISE AND SUNSET
NOVEMBER 26 2016......SUNRISE   730 AM CST   SUNSET   456 PM CST
NOVEMBER 27 2016......SUNRISE   731 AM CST   SUNSET   455 PM CST


-  INDICATES NEGATIVE NUMBERS.
R  INDICATES RECORD WAS SET OR TIED.
MM INDICATES DATA IS MISSING.
T  INDICATES TRACE AMOUNT.




$$
