000
CDUS43 KFSD 240638
CLISUX


CLIMATE REPORT
NATIONAL WEATHER SERVICE SIOUX FALLS SD
137 AM CDT SUN APR 24 2016


...................................

...THE SIOUX CITY IA CLIMATE SUMMARY FOR APRIL 23 2016...

CLIMATE NORMAL PERIOD 1981 TO 2010
CLIMATE RECORD PERIOD 1889 TO 2016


WEATHER ITEM   OBSERVED TIME   RECORD YEAR NORMAL DEPARTURE LAST
                VALUE   (LST)  VALUE       VALUE  FROM      YEAR
                                                  NORMAL
..................................................................
TEMPERATURE (F)
 YESTERDAY
  MAXIMUM         78    512 PM  92    2009  66     12       66
  MINIMUM         46    604 AM  25    1996  40      6       31
                                      1910
  AVERAGE         62                        53      9       49

PRECIPITATION (IN)
  YESTERDAY        0.00          1.71 1935   0.11  -0.11     0.00
  MONTH TO DATE    2.61                      2.21   0.40     2.50
  SINCE MAR 1      5.67                      4.21   1.46     3.38
  SINCE JAN 1      7.51                      5.50   2.01     4.34

SNOWFALL (IN)
  YESTERDAY        0.0           0.2  2001   0.0    0.0      0.0
                                      1968
  MONTH TO DATE    0.0                       1.6   -1.6      0.0
  SINCE MAR 1     14.5                       8.1    6.4       T
  SINCE JUL 1     57.6                      34.6   23.0     21.5
  SNOW DEPTH       0

DEGREE DAYS
 HEATING
  YESTERDAY        3                        13    -10       16
  MONTH TO DATE  306                       395    -89      307
  SINCE MAR 1    939                      1279   -340     1014
  SINCE JUL 1   5398                      6573  -1175     6180

 COOLING
  YESTERDAY        0                         1     -1        0
  MONTH TO DATE    0                         3     -3        1
  SINCE MAR 1      0                         3     -3        1
  SINCE JAN 1      0                         3     -3        1
..................................................................


WIND (MPH)
  HIGHEST WIND SPEED    30   HIGHEST WIND DIRECTION     S (160)
  HIGHEST GUST SPEED    37   HIGHEST GUST DIRECTION     S (170)
  AVERAGE WIND SPEED    15.7


SKY COVER
  POSSIBLE SUNSHINE  MM
  AVERAGE SKY COVER 0.0


WEATHER CONDITIONS
 THE FOLLOWING WEATHER WAS RECORDED YESTERDAY.
  FOG


RELATIVE HUMIDITY (PERCENT)
 HIGHEST    93           500 AM
 LOWEST     46           600 PM
 AVERAGE    70

..........................................................


THE SIOUX CITY IA CLIMATE NORMALS FOR TODAY
                         NORMAL    RECORD    YEAR
 MAXIMUM TEMPERATURE (F)   66        89      2012
 MINIMUM TEMPERATURE (F)   40        23      1956


SUNRISE AND SUNSET
APRIL 24 2016.........SUNRISE   630 AM CDT   SUNSET   818 PM CDT
APRIL 25 2016.........SUNRISE   628 AM CDT   SUNSET   819 PM CDT


-  INDICATES NEGATIVE NUMBERS.
R  INDICATES RECORD WAS SET OR TIED.
MM INDICATES DATA IS MISSING.
T  INDICATES TRACE AMOUNT.




$$
