000
CDUS43 KFSD 080658
CLISUX


CLIMATE REPORT
NATIONAL WEATHER SERVICE SIOUX FALLS SD
1256 AM CST SUN JAN 8 2017


...................................

...THE SIOUX CITY IA CLIMATE SUMMARY FOR JANUARY 7 2017...

CLIMATE NORMAL PERIOD 1981 TO 2010
CLIMATE RECORD PERIOD 1889 TO 2017


WEATHER ITEM   OBSERVED TIME   RECORD YEAR NORMAL DEPARTURE LAST
                VALUE   (LST)  VALUE       VALUE  FROM      YEAR
                                                  NORMAL
..................................................................
TEMPERATURE (F)
 YESTERDAY
  MAXIMUM         20    340 PM  64    2003  30    -10       36
  MINIMUM          3   1159 PM -26    1912  10     -7       34
  AVERAGE         12                        20     -8       35

PRECIPITATION (IN)
  YESTERDAY        0.00          0.30 1912   0.02  -0.02     0.20
  MONTH TO DATE    0.05                      0.14  -0.09     0.24
  SINCE DEC 1      1.53                      0.94   0.59     3.10
  SINCE JAN 1      0.05                      0.14  -0.09     0.24

SNOWFALL (IN)
  YESTERDAY        0.0           3.0  1940   0.2   -0.2      1.3
  MONTH TO DATE    0.2                       1.4   -1.2      1.3
  SINCE DEC 1      4.7                       9.2   -4.5     13.1
  SINCE JUL 1      5.7                      14.6   -8.9     25.6
  SNOW DEPTH       T

DEGREE DAYS
 HEATING
  YESTERDAY       53                        45      8       30
  MONTH TO DATE  346                       315     31      273
  SINCE DEC 1   1586                      1631    -45     1318
  SINCE JUL 1   2530                      3107   -577     2424

 COOLING
  YESTERDAY        0                         0      0        0
  MONTH TO DATE    0                         0      0        0
  SINCE DEC 1      0                         0      0        0
  SINCE JAN 1      0                         0      0        0
..................................................................


WIND (MPH)
  HIGHEST WIND SPEED    16   HIGHEST WIND DIRECTION    NW (330)
  HIGHEST GUST SPEED    18   HIGHEST GUST DIRECTION    NW (320)
  AVERAGE WIND SPEED     6.9


SKY COVER
  POSSIBLE SUNSHINE  MM
  AVERAGE SKY COVER 0.1


WEATHER CONDITIONS
 THE FOLLOWING WEATHER WAS RECORDED YESTERDAY.
  NO SIGNIFICANT WEATHER WAS OBSERVED.


RELATIVE HUMIDITY (PERCENT)
 HIGHEST    83           500 AM
 LOWEST     49           300 PM
 AVERAGE    66

..........................................................


THE SIOUX CITY IA CLIMATE NORMALS FOR TODAY
                         NORMAL    RECORD    YEAR
 MAXIMUM TEMPERATURE (F)   30        64      2002
 MINIMUM TEMPERATURE (F)   10       -17      1979


SUNRISE AND SUNSET
JANUARY  8 2017.......SUNRISE   754 AM CST   SUNSET   511 PM CST
JANUARY  9 2017.......SUNRISE   754 AM CST   SUNSET   512 PM CST


-  INDICATES NEGATIVE NUMBERS.
R  INDICATES RECORD WAS SET OR TIED.
MM INDICATES DATA IS MISSING.
T  INDICATES TRACE AMOUNT.




$$
