000
CDUS43 KFSD 210637
CLISUX


CLIMATE REPORT
NATIONAL WEATHER SERVICE SIOUX FALLS SD
137 AM CDT WED JUN 21 2017


...................................

...THE SIOUX CITY IA CLIMATE SUMMARY FOR JUNE 20 2017...

CLIMATE NORMAL PERIOD 1981 TO 2010
CLIMATE RECORD PERIOD 1889 TO 2017


WEATHER ITEM   OBSERVED TIME   RECORD YEAR NORMAL DEPARTURE LAST
                VALUE   (LST)  VALUE       VALUE  FROM      YEAR
                                                  NORMAL
..................................................................
TEMPERATURE (F)
 YESTERDAY
  MAXIMUM         90    133 PM 102    1988  84      6       85
  MINIMUM         54    339 AM  46    1946  60     -6       68
  AVERAGE         72                        72      0       77

PRECIPITATION (IN)
  YESTERDAY        0.00          3.57 1954   0.13  -0.13     0.00
  MONTH TO DATE    0.61                      2.63  -2.02     1.29
  SINCE JUN 1      0.61                      2.63  -2.02     1.29
  SINCE JAN 1     10.08                     12.61  -2.53    17.02

SNOWFALL (IN)
  YESTERDAY        0.0           0.0    MM   0.0    0.0      0.0
  MONTH TO DATE    0.0                       0.0    0.0      0.0
  SINCE JUN 1      0.0                       0.0    0.0      0.0
  SINCE JUL 1     28.6                      34.8   -6.2     57.6
  SNOW DEPTH       0

DEGREE DAYS
 HEATING
  YESTERDAY        0                         0      0        0
  MONTH TO DATE    0                        24    -24        0
  SINCE JUN 1      0                        24    -24        0
  SINCE JUL 1   5638                      6858  -1220     5655

 COOLING
  YESTERDAY        7                         7      0       12
  MONTH TO DATE  203                       105     98      213
  SINCE JUN 1    203                       105     98      213
  SINCE JAN 1    241                       169     72      265
..................................................................


WIND (MPH)
  HIGHEST WIND SPEED    23   HIGHEST WIND DIRECTION     N (340)
  HIGHEST GUST SPEED    27   HIGHEST GUST DIRECTION    NW (330)
  AVERAGE WIND SPEED     8.4


SKY COVER
  POSSIBLE SUNSHINE  MM
  AVERAGE SKY COVER 0.0


WEATHER CONDITIONS
 THE FOLLOWING WEATHER WAS RECORDED YESTERDAY.
  NO SIGNIFICANT WEATHER WAS OBSERVED.


RELATIVE HUMIDITY (PERCENT)
 HIGHEST    87           600 AM
 LOWEST     26          1000 AM
 AVERAGE    57

..........................................................


THE SIOUX CITY IA CLIMATE NORMALS FOR TODAY
                         NORMAL    RECORD    YEAR
 MAXIMUM TEMPERATURE (F)   84       108      1988
 MINIMUM TEMPERATURE (F)   60        41      1902


SUNRISE AND SUNSET
JUNE 21 2017..........SUNRISE   549 AM CDT   SUNSET   906 PM CDT
JUNE 22 2017..........SUNRISE   549 AM CDT   SUNSET   906 PM CDT


-  INDICATES NEGATIVE NUMBERS.
R  INDICATES RECORD WAS SET OR TIED.
MM INDICATES DATA IS MISSING.
T  INDICATES TRACE AMOUNT.




$$
