000
CDUS43 KFSD 200653
CLISUX


CLIMATE REPORT
NATIONAL WEATHER SERVICE SIOUX FALLS SD
152 AM CDT TUE SEP 20 2016


...................................

...THE SIOUX CITY IA CLIMATE SUMMARY FOR SEPTEMBER 19 2016...

CLIMATE NORMAL PERIOD 1981 TO 2010
CLIMATE RECORD PERIOD 1889 TO 2016


WEATHER ITEM   OBSERVED TIME   RECORD YEAR NORMAL DEPARTURE LAST
                VALUE   (LST)  VALUE       VALUE  FROM      YEAR
                                                  NORMAL
..................................................................
TEMPERATURE (F)
 YESTERDAY
  MAXIMUM         87    326 PM  98    1948  75     12       68
                                      1895
  MINIMUM         56   1134 PM  29    1991  49      7       43
  AVERAGE         72                        62     10       56

PRECIPITATION (IN)
  YESTERDAY        0.00          2.78 1923   0.09  -0.09     0.00
  MONTH TO DATE    1.30                      1.91  -0.61     0.45
  SINCE SEP 1      1.30                      1.91  -0.61     0.45
  SINCE JAN 1     25.65                     22.45   3.20    24.19

SNOWFALL (IN)
  YESTERDAY        0.0           0.0    MM   0.0    0.0      0.0
  MONTH TO DATE    0.0                       0.0    0.0      0.0
  SINCE SEP 1      0.0                       0.0    0.0      0.0
  SINCE JUL 1      0.0                       0.0    0.0      0.0
  SNOW DEPTH       0

DEGREE DAYS
 HEATING
  YESTERDAY        0                         5     -5        9
  MONTH TO DATE   13                        56    -43       36
  SINCE SEP 1     13                        56    -43       36
  SINCE JUL 1     13                        71    -58       59

 COOLING
  YESTERDAY        7                         2      5        0
  MONTH TO DATE   80                        68     12      133
  SINCE SEP 1     80                        68     12      133
  SINCE JAN 1   1102                       845    257      853
..................................................................


WIND (MPH)
  HIGHEST WIND SPEED    21   HIGHEST WIND DIRECTION    NE (50)
  HIGHEST GUST SPEED    33   HIGHEST GUST DIRECTION    NE (60)
  AVERAGE WIND SPEED     5.3


SKY COVER
  POSSIBLE SUNSHINE  MM
  AVERAGE SKY COVER 0.0


WEATHER CONDITIONS
 THE FOLLOWING WEATHER WAS RECORDED YESTERDAY.
  FOG
  FOG W/VISIBILITY <= 1/4 MILE


RELATIVE HUMIDITY (PERCENT)
 HIGHEST    93           300 AM
 LOWEST     30           300 PM
 AVERAGE    62

..........................................................


THE SIOUX CITY IA CLIMATE NORMALS FOR TODAY
                         NORMAL    RECORD    YEAR
 MAXIMUM TEMPERATURE (F)   75        94      2005
 MINIMUM TEMPERATURE (F)   49        29      1918


SUNRISE AND SUNSET
SEPTEMBER 20 2016.....SUNRISE   711 AM CDT   SUNSET   725 PM CDT
SEPTEMBER 21 2016.....SUNRISE   712 AM CDT   SUNSET   724 PM CDT


-  INDICATES NEGATIVE NUMBERS.
R  INDICATES RECORD WAS SET OR TIED.
MM INDICATES DATA IS MISSING.
T  INDICATES TRACE AMOUNT.




$$
