000
CDUS43 KFSD 150809
CLISUX


CLIMATE REPORT
NATIONAL WEATHER SERVICE SIOUX FALLS SD
308 AM CDT SAT APR 15 2017


...................................

...THE SIOUX CITY IA CLIMATE SUMMARY FOR APRIL 14 2017...

CLIMATE NORMAL PERIOD 1981 TO 2010
CLIMATE RECORD PERIOD 1889 TO 2017


WEATHER ITEM   OBSERVED TIME   RECORD YEAR NORMAL DEPARTURE LAST
                VALUE   (LST)  VALUE       VALUE  FROM      YEAR
                                                  NORMAL
..................................................................
TEMPERATURE (F)
 YESTERDAY
  MAXIMUM         66   1159 PM  90    1954  62      4       78
  MINIMUM         51    453 AM  17    1950  36     15       51
                                      1928
  AVERAGE         59                        49     10       65

PRECIPITATION (IN)
  YESTERDAY        0.11          2.49 2012   0.10   0.01     0.00
  MONTH TO DATE    0.64                      1.27  -0.63     0.03
  SINCE MAR 1      2.15                      3.27  -1.12     3.09
  SINCE JAN 1      3.74                      4.56  -0.82     4.93

SNOWFALL (IN)
  YESTERDAY        0.0           6.2  1949   0.0    0.0      0.0
  MONTH TO DATE    T                         1.2   -1.2      0.0
  SINCE MAR 1      3.1                       7.7   -4.6     14.5
  SINCE JUL 1     28.6                      34.2   -5.6     57.6
  SNOW DEPTH       0

DEGREE DAYS
 HEATING
  YESTERDAY        6                        16    -10        0
  MONTH TO DATE  200                       266    -66      239
  SINCE MAR 1    969                      1150   -181      872
  SINCE JUL 1   5206                      6444  -1238     5331

 COOLING
  YESTERDAY        0                         0      0        0
  MONTH TO DATE    0                         0      0        0
  SINCE MAR 1      0                         0      0        0
  SINCE JAN 1      0                         0      0        0
..................................................................


WIND (MPH)
  HIGHEST WIND SPEED    23   HIGHEST WIND DIRECTION     S (160)
  HIGHEST GUST SPEED    30   HIGHEST GUST DIRECTION    SE (150)
  AVERAGE WIND SPEED    11.5


SKY COVER
  POSSIBLE SUNSHINE  MM
  AVERAGE SKY COVER 0.8


WEATHER CONDITIONS
 THE FOLLOWING WEATHER WAS RECORDED YESTERDAY.
  THUNDERSTORM
  LIGHT RAIN
  FOG


RELATIVE HUMIDITY (PERCENT)
 HIGHEST   100           200 AM
 LOWEST     78          1000 AM
 AVERAGE    89

..........................................................


THE SIOUX CITY IA CLIMATE NORMALS FOR TODAY
                         NORMAL    RECORD    YEAR
 MAXIMUM TEMPERATURE (F)   62        96      2002
 MINIMUM TEMPERATURE (F)   37        16      2014


SUNRISE AND SUNSET
APRIL 15 2017.........SUNRISE   644 AM CDT   SUNSET   808 PM CDT
APRIL 16 2017.........SUNRISE   642 AM CDT   SUNSET   809 PM CDT


-  INDICATES NEGATIVE NUMBERS.
R  INDICATES RECORD WAS SET OR TIED.
MM INDICATES DATA IS MISSING.
T  INDICATES TRACE AMOUNT.




$$
