973
CDUS43 KFSD 120631
CLISUX


CLIMATE REPORT
NATIONAL WEATHER SERVICE SIOUX FALLS SD
130 AM CDT SAT AUG 12 2017


...................................

...THE SIOUX CITY IA CLIMATE SUMMARY FOR AUGUST 11 2017...

CLIMATE NORMAL PERIOD 1981 TO 2010
CLIMATE RECORD PERIOD 1889 TO 2017


WEATHER ITEM   OBSERVED TIME   RECORD YEAR NORMAL DEPARTURE LAST
                VALUE   (LST)  VALUE       VALUE  FROM      YEAR
                                                  NORMAL
..................................................................
TEMPERATURE (F)
 YESTERDAY
  MAXIMUM         82    241 PM 101    1935  84     -2       91
  MINIMUM         54    558 AM  46    1902  62     -8       69
  AVERAGE         68                        73     -5       80

PRECIPITATION (IN)
  YESTERDAY        0.00          1.82 1950   0.11  -0.11     1.58
  MONTH TO DATE    0.45                      1.11  -0.66     2.11
  SINCE JUN 1      3.01                      8.44  -5.43     5.68
  SINCE JAN 1     12.48                     18.42  -5.94    21.41

SNOWFALL (IN)
  YESTERDAY        0.0           0.0    MM   0.0    0.0      0.0
  MONTH TO DATE    0.0                       0.0    0.0      0.0
  SINCE JUN 1      0.0                       0.0    0.0      0.0
  SINCE JUL 1      0.0                       0.0    0.0      0.0
  SNOW DEPTH       0

DEGREE DAYS
 HEATING
  YESTERDAY        0                         0      0        0
  MONTH TO DATE    8                         0      8        0
  SINCE JUN 1     18                        30    -12        0
  SINCE JUL 1      8                         3      5        0

 COOLING
  YESTERDAY        3                         8     -5       15
  MONTH TO DATE   41                        95    -54      135
  SINCE JUN 1    697                       576    121      817
  SINCE JAN 1    735                       640     95      869
..................................................................


WIND (MPH)
  HIGHEST WIND SPEED    10   HIGHEST WIND DIRECTION    NE (60)
  HIGHEST GUST SPEED    13   HIGHEST GUST DIRECTION     N (360)
  AVERAGE WIND SPEED     5.5


SKY COVER
  POSSIBLE SUNSHINE  MM
  AVERAGE SKY COVER 0.2


WEATHER CONDITIONS
 THE FOLLOWING WEATHER WAS RECORDED YESTERDAY.
  FOG


RELATIVE HUMIDITY (PERCENT)
 HIGHEST   100           100 AM
 LOWEST     45           500 PM
 AVERAGE    73

..........................................................


THE SIOUX CITY IA CLIMATE NORMALS FOR TODAY
                         NORMAL    RECORD    YEAR
 MAXIMUM TEMPERATURE (F)   84       101      1936
 MINIMUM TEMPERATURE (F)   62        46      1964


SUNRISE AND SUNSET
AUGUST 12 2017........SUNRISE   630 AM CDT   SUNSET   830 PM CDT
AUGUST 13 2017........SUNRISE   631 AM CDT   SUNSET   829 PM CDT


-  INDICATES NEGATIVE NUMBERS.
R  INDICATES RECORD WAS SET OR TIED.
MM INDICATES DATA IS MISSING.
T  INDICATES TRACE AMOUNT.




$$
