000
CDUS43 KFSD 310631
CLISUX


CLIMATE REPORT
NATIONAL WEATHER SERVICE SIOUX FALLS SD
1231 AM CST SUN JAN 31 2016


...................................

...THE SIOUX CITY IA CLIMATE SUMMARY FOR JANUARY 30 2016...

CLIMATE NORMAL PERIOD 1981 TO 2010
CLIMATE RECORD PERIOD 1889 TO 2016


WEATHER ITEM   OBSERVED TIME   RECORD YEAR NORMAL DEPARTURE LAST
                VALUE   (LST)  VALUE       VALUE  FROM      YEAR
                                                  NORMAL
..................................................................
TEMPERATURE (F)
 YESTERDAY
  MAXIMUM         43   1209 PM  65    2012  32     11       41
  MINIMUM         26    754 AM -23    1918  11     15       16
  AVERAGE         35                        21     14       29

PRECIPITATION (IN)
  YESTERDAY        T             0.21 1947   0.02  -0.02     0.00
  MONTH TO DATE    0.69                      0.60   0.09     0.34
  SINCE DEC 1      3.55                      1.40   2.15     1.74
  SINCE JAN 1      0.69                      0.60   0.09     0.34

SNOWFALL (IN)
  YESTERDAY       MM             2.9  1947   0.3   MM        0.0
  MONTH TO DATE    4.9                       6.5   -1.6      4.5
  SINCE DEC 1     16.7                      14.3    2.4      8.3
  SINCE JUL 1     29.2                      19.7    9.5     12.8
  SNOW DEPTH       4

DEGREE DAYS
 HEATING
  YESTERDAY       30                        44    -14       36
  MONTH TO DATE 1293                      1342    -49     1224
  SINCE DEC 1   2338                      2658   -320     2354
  SINCE JUL 1   3444                      4134   -690     3849

 COOLING
  YESTERDAY        0                         0      0        0
  MONTH TO DATE    0                         0      0        0
  SINCE DEC 1      0                         0      0        0
  SINCE JAN 1      0                         0      0        0
..................................................................


WIND (MPH)
  HIGHEST WIND SPEED    17   HIGHEST WIND DIRECTION     S (190)
  HIGHEST GUST SPEED    20   HIGHEST GUST DIRECTION     S (200)
  AVERAGE WIND SPEED     7.0


SKY COVER
  POSSIBLE SUNSHINE  MM
  AVERAGE SKY COVER 0.4


WEATHER CONDITIONS
 THE FOLLOWING WEATHER WAS RECORDED YESTERDAY.
  NO SIGNIFICANT WEATHER WAS OBSERVED.


RELATIVE HUMIDITY (PERCENT)
 HIGHEST    89           100 AM
 LOWEST     70           100 PM
 AVERAGE    80

..........................................................


THE SIOUX CITY IA CLIMATE NORMALS FOR TODAY
                         NORMAL    RECORD    YEAR
 MAXIMUM TEMPERATURE (F)   32        57      1989
                                             1987
                                             1906
 MINIMUM TEMPERATURE (F)   11       -25      1918


SUNRISE AND SUNSET
JANUARY 31 2016.......SUNRISE   741 AM CST   SUNSET   538 PM CST
FEBRUARY  1 2016......SUNRISE   740 AM CST   SUNSET   539 PM CST


-  INDICATES NEGATIVE NUMBERS.
R  INDICATES RECORD WAS SET OR TIED.
MM INDICATES DATA IS MISSING.
T  INDICATES TRACE AMOUNT.




$$
