000
CDUS43 KFSD 132233
CLISUX


CLIMATE REPORT
NATIONAL WEATHER SERVICE SIOUX FALLS SD
532 PM CDT SAT SEP 13 2014


...................................

...THE SIOUX CITY IA CLIMATE SUMMARY FOR SEPTEMBER 13 2014...
VALID TODAY AS OF 0500 PM LOCAL TIME.

CLIMATE NORMAL PERIOD 1981 TO 2010
CLIMATE RECORD PERIOD 1889 TO 2014


WEATHER ITEM   OBSERVED TIME   RECORD YEAR NORMAL DEPARTURE LAST
                VALUE   (LST)  VALUE       VALUE  FROM      YEAR
                                                  NORMAL
..................................................................
TEMPERATURE (F)
 TODAY
  MAXIMUM         63    331 PM 100    1939  77    -14       76
  MINIMUM         35    613 AM  30    1902  52    -17       44
  AVERAGE         49                        65    -16       60

PRECIPITATION (IN)
  TODAY            0.00          1.84 1941   0.09  -0.09     0.00
  MONTH TO DATE    1.35                      1.33   0.02     1.10
  SINCE SEP 1      1.35                      1.33   0.02     1.10
  SINCE JAN 1     36.98                     21.87  15.11    21.13

SNOWFALL (IN)
  TODAY            0.0           0.0    MM   0.0    0.0      0.0
  MONTH TO DATE    0.0                       0.0    0.0      0.0
  SINCE SEP 1      0.0                       0.0    0.0      0.0
  SINCE JUL 1      0.0                       0.0    0.0      0.0
  SNOW DEPTH       0

DEGREE DAYS
 HEATING
  TODAY           16                         4     12        5
  MONTH TO DATE   61                        29     32        5
  SINCE SEP 1     61                        29     32        5
  SINCE JUL 1     67                        44     23       25

 COOLING
  TODAY            0                         3     -3        0
  MONTH TO DATE   37                        53    -16      104
  SINCE SEP 1     37                        53    -16      104
  SINCE JAN 1    803                       830    -27      905
..................................................................


WIND (MPH)
  HIGHEST WIND SPEED    22   HIGHEST WIND DIRECTION    SW (210)
  HIGHEST GUST SPEED    28   HIGHEST GUST DIRECTION     S (190)
  AVERAGE WIND SPEED     8.5


SKY COVER
  POSSIBLE SUNSHINE  MM
  AVERAGE SKY COVER 0.2


WEATHER CONDITIONS
 THE FOLLOWING WEATHER WAS RECORDED TODAY.
  FOG


RELATIVE HUMIDITY (PERCENT)
 HIGHEST   100           100 AM
 LOWEST     43           400 PM
 AVERAGE    72

..........................................................


THE SIOUX CITY IA CLIMATE NORMALS FOR TOMORROW
                         NORMAL    RECORD    YEAR
 MAXIMUM TEMPERATURE (F)   77        99      1939
 MINIMUM TEMPERATURE (F)   51        35      2007


SUNRISE AND SUNSET
SEPTEMBER 13 2014.....SUNRISE   703 AM CDT   SUNSET   739 PM CDT
SEPTEMBER 14 2014.....SUNRISE   704 AM CDT   SUNSET   737 PM CDT


-  INDICATES NEGATIVE NUMBERS.
R  INDICATES RECORD WAS SET OR TIED.
MM INDICATES DATA IS MISSING.
T  INDICATES TRACE AMOUNT.




$$
