000
CDUS43 KFSD 250044
CLISUX

CLIMATE REPORT
NATIONAL WEATHER SERVICE SIOUX FALLS SD
744 PM CDT THU JUL 24 2014


...................................

...THE SIOUX CITY IA CLIMATE SUMMARY FOR JULY 24 2014...
VALID AS OF 0700 PM LOCAL TIME.

CLIMATE NORMAL PERIOD 1981 TO 2010
CLIMATE RECORD PERIOD 1889 TO 2014


WEATHER ITEM   OBSERVED TIME   RECORD YEAR NORMAL DEPARTURE LAST
                VALUE   (LST)  VALUE       VALUE  FROM      YEAR
                                                  NORMAL
..................................................................
TEMPERATURE (F)
 TODAY
  MAXIMUM         80    532 PM 108    1940  85     -5       85
  MINIMUM         62    533 AM  48    1905  63     -1       54
  AVERAGE         71                        74     -3       70

PRECIPITATION (IN)
  TODAY            0.09          0.98 1986   0.11  -0.02     0.00
  MONTH TO DATE    3.60                      2.70   0.90     0.19
  SINCE JUN 1     20.25                      6.59  13.66     3.32
  SINCE JAN 1     25.50                     16.57   8.93    16.55

SNOWFALL (IN)
  TODAY            0.0           0.0    MM   0.0    0.0      0.0
  MONTH TO DATE    0.0                       0.0    0.0      0.0
  SINCE JUN 1      0.0                       0.0    0.0      0.0
  SINCE JUL 1      0.0                       0.0    0.0      0.0
  SNOW DEPTH       0

DEGREE DAYS
 HEATING
  TODAY            0                         0      0        0
  MONTH TO DATE    6                         0      6        0
  SINCE JUN 1     26                        27     -1       40
  SINCE JUL 1      6                         0      6        0

 COOLING
  TODAY            6                         9     -3        5
  MONTH TO DATE  153                       233    -80      265
  SINCE JUN 1    348                       421    -73      460
  SINCE JAN 1    469                       485    -16      516
..................................................................


WIND (MPH)
  HIGHEST WIND SPEED    24   HIGHEST WIND DIRECTION     S (160)
  HIGHEST GUST SPEED    34   HIGHEST GUST DIRECTION    SE (130)
  AVERAGE WIND SPEED    10.2


SKY COVER
  POSSIBLE SUNSHINE  MM
  AVERAGE SKY COVER 0.2


WEATHER CONDITIONS
 THE FOLLOWING WEATHER WAS RECORDED TODAY.
  THUNDERSTORM
  HEAVY RAIN
  LIGHT RAIN
  FOG


RELATIVE HUMIDITY (PERCENT)
 HIGHEST    93           300 AM
 LOWEST     58           600 PM
 AVERAGE    76

..........................................................


THE SIOUX CITY IA CLIMATE NORMALS FOR TOMORROW
                         NORMAL    RECORD    YEAR
 MAXIMUM TEMPERATURE (F)   85       108      1936
 MINIMUM TEMPERATURE (F)   63        47      2004


SUNRISE AND SUNSET
JULY 24 2014..........SUNRISE   610 AM CDT   SUNSET   853 PM CDT
JULY 25 2014..........SUNRISE   611 AM CDT   SUNSET   852 PM CDT


-  INDICATES NEGATIVE NUMBERS.
R  INDICATES RECORD WAS SET OR TIED.
MM INDICATES DATA IS MISSING.
T  INDICATES TRACE AMOUNT.




&&
.........................................................

ADDITIONAL WEATHER INFORMATION FOR TODAY
        TEMPERATURE / HUMIDITY
AT  4 AM      63    /    93%
AT  7 AM      64    /    90%
AT 10 AM      65    /    93%
AT  1 PM      77    /    64%
AT  4 PM      77    /    61%
AT  7 PM      78    /    59%

THE CURRENT MISSOURI RIVER STAGE... 13.16 FEET

$$
