000
CDUS43 KFSD 162229
CLISUX


CLIMATE REPORT
NATIONAL WEATHER SERVICE SIOUX FALLS SD
428 PM CST THU NOV 16 2017


...................................

...THE SIOUX CITY IA CLIMATE SUMMARY FOR NOVEMBER 16 2017...
VALID TODAY AS OF 0400 PM LOCAL TIME.

CLIMATE NORMAL PERIOD 1981 TO 2010
CLIMATE RECORD PERIOD 1889 TO 2017


WEATHER ITEM   OBSERVED TIME   RECORD YEAR NORMAL DEPARTURE LAST
                VALUE   (LST)  VALUE       VALUE  FROM      YEAR
                                                  NORMAL
..................................................................
TEMPERATURE (F)
 TODAY
  MAXIMUM         47    359 PM  75    2001  46      1       72
  MINIMUM         19    559 AM  -3    1959  25     -6       32
  AVERAGE         33                        36     -3       52

PRECIPITATION (IN)
  TODAY            0.00          0.97 1996   0.05  -0.05     0.00
  MONTH TO DATE    T                         0.71  -0.71     0.00
  SINCE SEP 1      9.01                      5.80   3.21     4.38
  SINCE JAN 1     29.20                     26.34   2.86    28.73

SNOWFALL (IN)
  TODAY            0.0           5.0  1909   0.2   -0.2      0.0
  MONTH TO DATE    0.0                       1.7   -1.7      0.0
  SINCE SEP 1      T                         2.7   -2.7      0.0
  SINCE JUL 1      T                         2.7   -2.7      0.0
  SNOW DEPTH       0

DEGREE DAYS
 HEATING
  TODAY           32                        29      3       13
  MONTH TO DATE  463                       403     60      228
  SINCE SEP 1    953                       988    -35      582
  SINCE JUL 1    961                      1003    -42      582

 COOLING
  TODAY            0                         0      0        0
  MONTH TO DATE    0                         0      0        0
  SINCE SEP 1    119                        92     27      143
  SINCE JAN 1    951                       869     82     1165
..................................................................


WIND (MPH)
  HIGHEST WIND SPEED    22   HIGHEST WIND DIRECTION    SE (150)
  HIGHEST GUST SPEED    28   HIGHEST GUST DIRECTION    SE (150)
  AVERAGE WIND SPEED     9.5


SKY COVER
  POSSIBLE SUNSHINE  MM
  AVERAGE SKY COVER 0.0


WEATHER CONDITIONS
 THE FOLLOWING WEATHER WAS RECORDED TODAY.
  HAZE


RELATIVE HUMIDITY (PERCENT)
 HIGHEST    91           600 AM
 LOWEST     45           300 PM
 AVERAGE    68

..........................................................


THE SIOUX CITY IA CLIMATE NORMALS FOR TOMORROW
                         NORMAL    RECORD    YEAR
 MAXIMUM TEMPERATURE (F)   45        72      1941
 MINIMUM TEMPERATURE (F)   25        -4      1959


SUNRISE AND SUNSET
NOVEMBER 16 2017......SUNRISE   718 AM CST   SUNSET   502 PM CST
NOVEMBER 17 2017......SUNRISE   719 AM CST   SUNSET   501 PM CST


-  INDICATES NEGATIVE NUMBERS.
R  INDICATES RECORD WAS SET OR TIED.
MM INDICATES DATA IS MISSING.
T  INDICATES TRACE AMOUNT.




$$
