107
CDUS43 KFSD 150643
CLISUX


CLIMATE REPORT
NATIONAL WEATHER SERVICE SIOUX FALLS SD
143 AM CDT TUE AUG 15 2017


...................................

...THE SIOUX CITY IA CLIMATE SUMMARY FOR AUGUST 14 2017...

CLIMATE NORMAL PERIOD 1981 TO 2010
CLIMATE RECORD PERIOD 1889 TO 2017


WEATHER ITEM   OBSERVED TIME   RECORD YEAR NORMAL DEPARTURE LAST
                VALUE   (LST)  VALUE       VALUE  FROM      YEAR
                                                  NORMAL
..................................................................
TEMPERATURE (F)
 YESTERDAY
  MAXIMUM         85    325 PM 100    1988  84      1       86
  MINIMUM         60    603 AM  43    2004  62     -2       59
  AVERAGE         73                        73      0       73

PRECIPITATION (IN)
  YESTERDAY        T             2.62 1951   0.11  -0.11     0.00
  MONTH TO DATE    0.50                      1.43  -0.93     2.11
  SINCE JUN 1      3.06                      8.76  -5.70     5.68
  SINCE JAN 1     12.53                     18.74  -6.21    21.41

SNOWFALL (IN)
  YESTERDAY        0.0           0.0    MM   0.0    0.0      0.0
  MONTH TO DATE    0.0                       0.0    0.0      0.0
  SINCE JUN 1      0.0                       0.0    0.0      0.0
  SINCE JUL 1      0.0                       0.0    0.0      0.0
  SNOW DEPTH       0

DEGREE DAYS
 HEATING
  YESTERDAY        0                         0      0        0
  MONTH TO DATE    8                         0      8        0
  SINCE JUN 1     18                        30    -12        0
  SINCE JUL 1      8                         3      5        0

 COOLING
  YESTERDAY        8                         8      0        8
  MONTH TO DATE   58                       119    -61      161
  SINCE JUN 1    714                       600    114      843
  SINCE JAN 1    752                       664     88      895
..................................................................


WIND (MPH)
  HIGHEST WIND SPEED    14   HIGHEST WIND DIRECTION     E (80)
  HIGHEST GUST SPEED    18   HIGHEST GUST DIRECTION     E (80)
  AVERAGE WIND SPEED     5.8


SKY COVER
  POSSIBLE SUNSHINE  MM
  AVERAGE SKY COVER 0.2


WEATHER CONDITIONS
 THE FOLLOWING WEATHER WAS RECORDED YESTERDAY.
  FOG
  FOG W/VISIBILITY <= 1/4 MILE


RELATIVE HUMIDITY (PERCENT)
 HIGHEST   100           500 AM
 LOWEST     40           300 PM
 AVERAGE    70

..........................................................


THE SIOUX CITY IA CLIMATE NORMALS FOR TODAY
                         NORMAL    RECORD    YEAR
 MAXIMUM TEMPERATURE (F)   84       105      1937
                                             1936
 MINIMUM TEMPERATURE (F)   62        45      1992


SUNRISE AND SUNSET
AUGUST 15 2017........SUNRISE   633 AM CDT   SUNSET   826 PM CDT
AUGUST 16 2017........SUNRISE   634 AM CDT   SUNSET   825 PM CDT


-  INDICATES NEGATIVE NUMBERS.
R  INDICATES RECORD WAS SET OR TIED.
MM INDICATES DATA IS MISSING.
T  INDICATES TRACE AMOUNT.




$$
