000
CDUS43 KFSD 140631
CLISUX


CLIMATE REPORT
NATIONAL WEATHER SERVICE SIOUX FALLS SD
129 AM CDT WED JUN 14 2017


...................................

...THE SIOUX CITY IA CLIMATE SUMMARY FOR JUNE 13 2017...

CLIMATE NORMAL PERIOD 1981 TO 2010
CLIMATE RECORD PERIOD 1889 TO 2017


WEATHER ITEM   OBSERVED TIME   RECORD YEAR NORMAL DEPARTURE LAST
                VALUE   (LST)  VALUE       VALUE  FROM      YEAR
                                                  NORMAL
..................................................................
TEMPERATURE (F)
 YESTERDAY
  MAXIMUM         94    333 PM 101    1952  82     12       87
  MINIMUM         65   1146 PM  39    2014  58      7       73
  AVERAGE         80                        70     10       80

PRECIPITATION (IN)
  YESTERDAY        0.32          3.86 1957   0.12   0.20     0.02
  MONTH TO DATE    0.32                      1.74  -1.42     0.18
  SINCE JUN 1      0.32                      1.74  -1.42     0.18
  SINCE JAN 1      9.79                     11.72  -1.93    15.91

SNOWFALL (IN)
  YESTERDAY        0.0           0.0    MM   0.0    0.0      0.0
  MONTH TO DATE    0.0                       0.0    0.0      0.0
  SINCE JUN 1      0.0                       0.0    0.0      0.0
  SINCE JUL 1     28.6                      34.8   -6.2     57.6
  SNOW DEPTH       0

DEGREE DAYS
 HEATING
  YESTERDAY        0                         1     -1        0
  MONTH TO DATE    0                        19    -19        0
  SINCE JUN 1      0                        19    -19        0
  SINCE JUL 1   5638                      6853  -1215     5655

 COOLING
  YESTERDAY       15                         6      9       15
  MONTH TO DATE  157                        59     98      119
  SINCE JUN 1    157                        59     98      119
  SINCE JAN 1    195                       123     72      171
..................................................................


WIND (MPH)
  HIGHEST WIND SPEED    55   HIGHEST WIND DIRECTION    SW (220)
  HIGHEST GUST SPEED    65   HIGHEST GUST DIRECTION    SW (230)
  AVERAGE WIND SPEED    17.7


SKY COVER
  POSSIBLE SUNSHINE  MM
  AVERAGE SKY COVER 0.1


WEATHER CONDITIONS
 THE FOLLOWING WEATHER WAS RECORDED YESTERDAY.
  THUNDERSTORM
  HEAVY RAIN
  RAIN
  LIGHT RAIN
  FOG


RELATIVE HUMIDITY (PERCENT)
 HIGHEST    90           200 AM
 LOWEST     49           400 PM
 AVERAGE    70

..........................................................


THE SIOUX CITY IA CLIMATE NORMALS FOR TODAY
                         NORMAL    RECORD    YEAR
 MAXIMUM TEMPERATURE (F)   82        99      1987
                                             1979
 MINIMUM TEMPERATURE (F)   58        45      1942


SUNRISE AND SUNSET
JUNE 14 2017..........SUNRISE   548 AM CDT   SUNSET   904 PM CDT
JUNE 15 2017..........SUNRISE   548 AM CDT   SUNSET   904 PM CDT


-  INDICATES NEGATIVE NUMBERS.
R  INDICATES RECORD WAS SET OR TIED.
MM INDICATES DATA IS MISSING.
T  INDICATES TRACE AMOUNT.




$$
