309
CDUS43 KFSD 150623
CLISUX


CLIMATE REPORT
NATIONAL WEATHER SERVICE SIOUX FALLS SD
121 AM CDT SUN OCT 15 2017


...................................

...THE SIOUX CITY IA CLIMATE SUMMARY FOR OCTOBER 14 2017...

CLIMATE NORMAL PERIOD 1981 TO 2010
CLIMATE RECORD PERIOD 1889 TO 2017


WEATHER ITEM   OBSERVED TIME   RECORD YEAR NORMAL DEPARTURE LAST
                VALUE   (LST)  VALUE       VALUE  FROM      YEAR
                                                  NORMAL
..................................................................
TEMPERATURE (F)
 YESTERDAY
  MAXIMUM         57    209 PM  89    1958  64     -7       67
  MINIMUM         44   1208 AM  20    1937  39      5       40
  AVERAGE         51                        52     -1       54

PRECIPITATION (IN)
  YESTERDAY        T             2.31 2013   0.08  -0.08     0.00
  MONTH TO DATE    6.53                      1.16   5.37     1.03
  SINCE SEP 1      8.71                      4.12   4.59     3.81
  SINCE JAN 1     28.90                     24.66   4.24    28.16

SNOWFALL (IN)
  YESTERDAY        0.0           3.7  1966   0.0    0.0      0.0
  MONTH TO DATE    0.0                       0.2   -0.2      0.0
  SINCE SEP 1      0.0                       0.2   -0.2      0.0
  SINCE JUL 1      0.0                       0.2   -0.2      0.0
  SNOW DEPTH       0

DEGREE DAYS
 HEATING
  YESTERDAY       14                        14      0       11
  MONTH TO DATE  133                       160    -27      138
  SINCE SEP 1    199                       292    -93      188
  SINCE JUL 1    207                       307   -100      188

 COOLING
  YESTERDAY        0                         0      0        0
  MONTH TO DATE    0                         8     -8        0
  SINCE SEP 1    119                        92     27      143
  SINCE JAN 1    951                       869     82     1165
..................................................................


WIND (MPH)
  HIGHEST WIND SPEED    29   HIGHEST WIND DIRECTION    NW (330)
  HIGHEST GUST SPEED    39   HIGHEST GUST DIRECTION    NW (330)
  AVERAGE WIND SPEED    11.3


SKY COVER
  POSSIBLE SUNSHINE  MM
  AVERAGE SKY COVER 1.0


WEATHER CONDITIONS
 THE FOLLOWING WEATHER WAS RECORDED YESTERDAY.
  LIGHT RAIN
  FOG


RELATIVE HUMIDITY (PERCENT)
 HIGHEST   100           400 AM
 LOWEST     80           100 AM
 AVERAGE    90

..........................................................


THE SIOUX CITY IA CLIMATE NORMALS FOR TODAY
                         NORMAL    RECORD    YEAR
 MAXIMUM TEMPERATURE (F)   64        90      1958
 MINIMUM TEMPERATURE (F)   38        21      1893


SUNRISE AND SUNSET
OCTOBER 15 2017.......SUNRISE   739 AM CDT   SUNSET   643 PM CDT
OCTOBER 16 2017.......SUNRISE   740 AM CDT   SUNSET   641 PM CDT


-  INDICATES NEGATIVE NUMBERS.
R  INDICATES RECORD WAS SET OR TIED.
MM INDICATES DATA IS MISSING.
T  INDICATES TRACE AMOUNT.




$$
