000
CDUS43 KFSD 080644
CLISUX


CLIMATE REPORT
NATIONAL WEATHER SERVICE SIOUX FALLS SD
1244 AM CST THU FEB 8 2018


...................................

...THE SIOUX CITY IA CLIMATE SUMMARY FOR FEBRUARY 7 2018...

CLIMATE NORMAL PERIOD 1981 TO 2010
CLIMATE RECORD PERIOD 1889 TO 2018


WEATHER ITEM   OBSERVED TIME   RECORD YEAR NORMAL DEPARTURE LAST
                VALUE   (LST)  VALUE       VALUE  FROM      YEAR
                                                  NORMAL
..................................................................
TEMPERATURE (F)
 YESTERDAY
  MAXIMUM         14   1159 PM  69    1987  33    -19       40
  MINIMUM          0    328 AM -24    1905  13    -13       16
  AVERAGE          7                        23    -16       28

PRECIPITATION (IN)
  YESTERDAY        0.01          0.70 1928   0.02  -0.01     0.08
  MONTH TO DATE    0.32                      0.14   0.18     0.08
  SINCE DEC 1      2.09                      1.56   0.53     2.23
  SINCE JAN 1      1.70                      0.76   0.94     0.75

SNOWFALL (IN)
  YESTERDAY        0.1           5.0  1928   0.2   -0.1      1.0
                                      1892
  MONTH TO DATE    3.4                       1.7    1.7      1.0
  SINCE DEC 1     24.1                      16.2    7.9     12.7
  SINCE JUL 1     24.1                      21.6    2.5     13.7
  SNOW DEPTH      10

DEGREE DAYS
 HEATING
  YESTERDAY       58                        42     16       37
  MONTH TO DATE  375                       299     76      264
  SINCE DEC 1   3064                      2999     65     2728
  SINCE JUL 1   4383                      4475    -92     3672

 COOLING
  YESTERDAY        0                         0      0        0
  MONTH TO DATE    0                         0      0        0
  SINCE DEC 1      0                         0      0        0
  SINCE JAN 1      0                         0      0        0
..................................................................


WIND (MPH)
  HIGHEST WIND SPEED    28   HIGHEST WIND DIRECTION    NW (330)
  HIGHEST GUST SPEED    33   HIGHEST GUST DIRECTION    NW (330)
  AVERAGE WIND SPEED     9.3


SKY COVER
  POSSIBLE SUNSHINE  MM
  AVERAGE SKY COVER 0.5


WEATHER CONDITIONS
 THE FOLLOWING WEATHER WAS RECORDED YESTERDAY.
  LIGHT SNOW
  FOG
  HAZE


RELATIVE HUMIDITY (PERCENT)
 HIGHEST    88           200 AM
 LOWEST     66           200 PM
 AVERAGE    77

..........................................................


THE SIOUX CITY IA CLIMATE NORMALS FOR TODAY
                         NORMAL    RECORD    YEAR
 MAXIMUM TEMPERATURE (F)   33        62      2000
                                             1991
                                             1954
 MINIMUM TEMPERATURE (F)   13       -27      1899


SUNRISE AND SUNSET
FEBRUARY  8 2018......SUNRISE   731 AM CST   SUNSET   549 PM CST
FEBRUARY  9 2018......SUNRISE   730 AM CST   SUNSET   550 PM CST


-  INDICATES NEGATIVE NUMBERS.
R  INDICATES RECORD WAS SET OR TIED.
MM INDICATES DATA IS MISSING.
T  INDICATES TRACE AMOUNT.




$$
