000
CDUS43 KFSD 160627
CLISUX


CLIMATE REPORT
NATIONAL WEATHER SERVICE SIOUX FALLS SD
124 AM CDT THU OCT 16 2014


...................................

...THE SIOUX CITY IA CLIMATE SUMMARY FOR OCTOBER 15 2014...

CLIMATE NORMAL PERIOD 1981 TO 2010
CLIMATE RECORD PERIOD 1889 TO 2014


WEATHER ITEM   OBSERVED TIME   RECORD YEAR NORMAL DEPARTURE LAST
                VALUE   (LST)  VALUE       VALUE  FROM      YEAR
                                                  NORMAL
..................................................................
TEMPERATURE (F)
 YESTERDAY
  MAXIMUM         72    358 PM  90    1958  64      8       56
  MINIMUM         32    656 AM  21    1893  38     -6       43
  AVERAGE         52                        51      1       50

PRECIPITATION (IN)
  YESTERDAY        0.00          1.41 1930   0.07  -0.07      T
  MONTH TO DATE    0.60                      1.23  -0.63     3.31
  SINCE SEP 1      3.39                      4.19  -0.80     4.75
  SINCE JAN 1     39.02                     24.73  14.29    24.78

SNOWFALL (IN)
  YESTERDAY        0.0           0.3  1966   0.0    0.0      0.0
  MONTH TO DATE    0.0                       0.2   -0.2      0.0
  SINCE SEP 1      0.0                       0.2   -0.2      0.0
  SINCE JUL 1      0.0                       0.2   -0.2      0.0
  SNOW DEPTH       0

DEGREE DAYS
 HEATING
  YESTERDAY       13                        14     -1       15
  MONTH TO DATE  189                       174     15      106
  SINCE SEP 1    295                       306    -11      151
  SINCE JUL 1    301                       321    -20      171

 COOLING
  YESTERDAY        0                         0      0        0
  MONTH TO DATE    4                         8     -4        7
  SINCE SEP 1     96                        92      4      159
  SINCE JAN 1    862                       869     -7      960
..................................................................


WIND (MPH)
  HIGHEST WIND SPEED     9   HIGHEST WIND DIRECTION    SE (130)
  HIGHEST GUST SPEED    13   HIGHEST GUST DIRECTION     S (160)
  AVERAGE WIND SPEED     5.4


SKY COVER
  POSSIBLE SUNSHINE  MM
  AVERAGE SKY COVER 0.0


WEATHER CONDITIONS
 THE FOLLOWING WEATHER WAS RECORDED YESTERDAY.
  NO SIGNIFICANT WEATHER WAS OBSERVED.


RELATIVE HUMIDITY (PERCENT)
 HIGHEST    96           200 AM
 LOWEST     22           300 PM
 AVERAGE    59

..........................................................


THE SIOUX CITY IA CLIMATE NORMALS FOR TODAY
                         NORMAL    RECORD    YEAR
 MAXIMUM TEMPERATURE (F)   64        88      1910
 MINIMUM TEMPERATURE (F)   38        22      1976
                                             1943


SUNRISE AND SUNSET
OCTOBER 16 2014.......SUNRISE   740 AM CDT   SUNSET   642 PM CDT
OCTOBER 17 2014.......SUNRISE   741 AM CDT   SUNSET   640 PM CDT


-  INDICATES NEGATIVE NUMBERS.
R  INDICATES RECORD WAS SET OR TIED.
MM INDICATES DATA IS MISSING.
T  INDICATES TRACE AMOUNT.




$$
