000
CDUS43 KFSD 112239
CLISUX


CLIMATE REPORT
NATIONAL WEATHER SERVICE SIOUX FALLS SD
438 PM CST SAT MAR 11 2017


...................................

...THE SIOUX CITY IA CLIMATE SUMMARY FOR MARCH 11 2017...
VALID TODAY AS OF 0400 PM LOCAL TIME.

CLIMATE NORMAL PERIOD 1981 TO 2010
CLIMATE RECORD PERIOD 1889 TO 2017


WEATHER ITEM   OBSERVED TIME   RECORD YEAR NORMAL DEPARTURE LAST
                VALUE   (LST)  VALUE       VALUE  FROM      YEAR
                                                  NORMAL
..................................................................
TEMPERATURE (F)
 TODAY
  MAXIMUM         26    359 PM  76    2016  45    -19       76
  MINIMUM         20    713 AM -19    1948  24     -4       34
  AVERAGE         23                        34    -11       55

PRECIPITATION (IN)
  TODAY            T             1.45 1977   0.06  -0.06     0.00
  MONTH TO DATE    0.04                      0.52  -0.48     0.01
  SINCE MAR 1      0.04                      0.52  -0.48     0.01
  SINCE JAN 1      1.63                      1.81  -0.18     1.85

SNOWFALL (IN)
  TODAY            T             8.9  1962   0.2   -0.2      0.0
  MONTH TO DATE    0.4                       2.6   -2.2      0.1
  SINCE MAR 1      0.4                       2.6   -2.2      0.1
  SINCE JUL 1     25.9                      29.1   -3.2     43.2
  SNOW DEPTH       T

DEGREE DAYS
 HEATING
  TODAY           42                        31     11       10
  MONTH TO DATE  295                       362    -67      223
  SINCE MAR 1    295                       362    -67      223
  SINCE JUL 1   4532                      5656  -1124     4682

 COOLING
  TODAY            0                         0      0        0
  MONTH TO DATE    0                         0      0        0
  SINCE MAR 1      0                         0      0        0
  SINCE JAN 1      0                         0      0        0
..................................................................


WIND (MPH)
  HIGHEST WIND SPEED    14   HIGHEST WIND DIRECTION    SE (120)
  HIGHEST GUST SPEED    16   HIGHEST GUST DIRECTION     E (110)
  AVERAGE WIND SPEED     9.0


SKY COVER
  POSSIBLE SUNSHINE  MM
  AVERAGE SKY COVER 0.9


WEATHER CONDITIONS
 THE FOLLOWING WEATHER WAS RECORDED TODAY.
  LIGHT SNOW


RELATIVE HUMIDITY (PERCENT)
 HIGHEST    77           100 AM
 LOWEST     55           100 PM
 AVERAGE    66

..........................................................


THE SIOUX CITY IA CLIMATE NORMALS FOR TOMORROW
                         NORMAL    RECORD    YEAR
 MAXIMUM TEMPERATURE (F)   45        78      2015
 MINIMUM TEMPERATURE (F)   24       -14      1998


SUNRISE AND SUNSET
MARCH 11 2017.........SUNRISE   644 AM CST   SUNSET   628 PM CST
MARCH 12 2017.........SUNRISE   742 AM CDT   SUNSET   729 PM CDT


-  INDICATES NEGATIVE NUMBERS.
R  INDICATES RECORD WAS SET OR TIED.
MM INDICATES DATA IS MISSING.
T  INDICATES TRACE AMOUNT.




$$
