000
CDUS43 KFSD 162223
CLISUX


CLIMATE REPORT
NATIONAL WEATHER SERVICE SIOUX FALLS SD
422 PM CST SAT DEC 16 2017


...................................

...THE SIOUX CITY IA CLIMATE SUMMARY FOR DECEMBER 16 2017...
VALID TODAY AS OF 0400 PM LOCAL TIME.

CLIMATE NORMAL PERIOD 1981 TO 2010
CLIMATE RECORD PERIOD 1889 TO 2017


WEATHER ITEM   OBSERVED TIME   RECORD YEAR NORMAL DEPARTURE LAST
                VALUE   (LST)  VALUE       VALUE  FROM      YEAR
                                                  NORMAL
..................................................................
TEMPERATURE (F)
 TODAY
  MAXIMUM         49    244 PM  64    1962  31     18       25
                                      1939
  MINIMUM         21    751 AM -15    1989  13      8       14
  AVERAGE         35                        22     13       20

PRECIPITATION (IN)
  TODAY            0.00          0.55 1977   0.02  -0.02     0.09
  MONTH TO DATE    0.02                      0.46  -0.44     0.22
  SINCE DEC 1      0.02                      0.46  -0.44     0.22
  SINCE JAN 1     29.30                     27.40   1.90    30.99

SNOWFALL (IN)
  TODAY            0.0           5.3  2008   0.3   -0.3      1.6
  MONTH TO DATE    0.2                       4.2   -4.0      2.8
  SINCE DEC 1      0.2                       4.2   -4.0      2.8
  SINCE JUL 1      0.2                       9.6   -9.4      3.8
  SNOW DEPTH       0

DEGREE DAYS
 HEATING
  TODAY           30                        43    -13       45
  MONTH TO DATE  519                       652   -133      668
  SINCE DEC 1    519                       652   -133      668
  SINCE JUL 1   1838                      2128   -290     1612

 COOLING
  TODAY            0                         0      0        0
  MONTH TO DATE    0                         0      0        0
  SINCE DEC 1      0                         0      0        0
  SINCE JAN 1    951                       869     82     1165
..................................................................


WIND (MPH)
  HIGHEST WIND SPEED    16   HIGHEST WIND DIRECTION    NW (320)
  HIGHEST GUST SPEED    19   HIGHEST GUST DIRECTION    NW (330)
  AVERAGE WIND SPEED     6.2


SKY COVER
  POSSIBLE SUNSHINE  MM
  AVERAGE SKY COVER 0.0


WEATHER CONDITIONS
 THE FOLLOWING WEATHER WAS RECORDED TODAY.
  NO SIGNIFICANT WEATHER WAS OBSERVED.


RELATIVE HUMIDITY (PERCENT)
 HIGHEST    88           600 AM
 LOWEST     50           200 PM
 AVERAGE    69

..........................................................


THE SIOUX CITY IA CLIMATE NORMALS FOR TOMORROW
                         NORMAL    RECORD    YEAR
 MAXIMUM TEMPERATURE (F)   31        61      1980
                                             1939
 MINIMUM TEMPERATURE (F)   12       -14      2008


SUNRISE AND SUNSET
DECEMBER 16 2017......SUNRISE   749 AM CST   SUNSET   454 PM CST
DECEMBER 17 2017......SUNRISE   749 AM CST   SUNSET   454 PM CST


-  INDICATES NEGATIVE NUMBERS.
R  INDICATES RECORD WAS SET OR TIED.
MM INDICATES DATA IS MISSING.
T  INDICATES TRACE AMOUNT.




$$
