000
CDUS43 KFSD 242231
CLISUX


CLIMATE REPORT
NATIONAL WEATHER SERVICE SIOUX FALLS SD
530 PM CDT SAT JUN 24 2017


...................................

...THE SIOUX CITY IA CLIMATE SUMMARY FOR JUNE 24 2017...
VALID TODAY AS OF 0500 PM LOCAL TIME.

CLIMATE NORMAL PERIOD 1981 TO 2010
CLIMATE RECORD PERIOD 1889 TO 2017


WEATHER ITEM   OBSERVED TIME   RECORD YEAR NORMAL DEPARTURE LAST
                VALUE   (LST)  VALUE       VALUE  FROM      YEAR
                                                  NORMAL
..................................................................
TEMPERATURE (F)
 TODAY
  MAXIMUM         79    156 PM 104    1988  84     -5       92
  MINIMUM         44R   344 AM  47    2004  61    -17       63
  AVERAGE         62                        73    -11       78

PRECIPITATION (IN)
  TODAY            0.00          1.86 1953   0.13  -0.13     0.00
  MONTH TO DATE    0.61                      3.15  -2.54     1.29
  SINCE JUN 1      0.61                      3.15  -2.54     1.29
  SINCE JAN 1     10.08                     13.13  -3.05    17.02

SNOWFALL (IN)
  TODAY            0.0           0.0    MM   0.0    0.0      0.0
  MONTH TO DATE    0.0                       0.0    0.0      0.0
  SINCE JUN 1      0.0                       0.0    0.0      0.0
  SINCE JUL 1     28.6                      34.8   -6.2     57.6
  SNOW DEPTH       0

DEGREE DAYS
 HEATING
  TODAY            3                         0      3        0
  MONTH TO DATE    4                        24    -20        0
  SINCE JUN 1      4                        24    -20        0
  SINCE JUL 1   5642                      6858  -1216     5655

 COOLING
  TODAY            0                         8     -8       13
  MONTH TO DATE  229                       136     93      263
  SINCE JUN 1    229                       136     93      263
  SINCE JAN 1    267                       200     67      315
..................................................................


WIND (MPH)
  HIGHEST WIND SPEED    28   HIGHEST WIND DIRECTION    NW (300)
  HIGHEST GUST SPEED    37   HIGHEST GUST DIRECTION    NW (330)
  AVERAGE WIND SPEED     9.7


SKY COVER
  POSSIBLE SUNSHINE  MM
  AVERAGE SKY COVER 0.2


WEATHER CONDITIONS
 THE FOLLOWING WEATHER WAS RECORDED TODAY.
  NO SIGNIFICANT WEATHER WAS OBSERVED.


RELATIVE HUMIDITY (PERCENT)
 HIGHEST    82           400 AM
 LOWEST     20          1200 PM
 AVERAGE    51

..........................................................


THE SIOUX CITY IA CLIMATE NORMALS FOR TOMORROW
                         NORMAL    RECORD    YEAR
 MAXIMUM TEMPERATURE (F)   85       105      1936
 MINIMUM TEMPERATURE (F)   61        43      1958


SUNRISE AND SUNSET
JUNE 24 2017..........SUNRISE   550 AM CDT   SUNSET   907 PM CDT
JUNE 25 2017..........SUNRISE   550 AM CDT   SUNSET   907 PM CDT


-  INDICATES NEGATIVE NUMBERS.
R  INDICATES RECORD WAS SET OR TIED.
MM INDICATES DATA IS MISSING.
T  INDICATES TRACE AMOUNT.




$$
