000
CDUS43 KFSD 120654
CLISUX


CLIMATE REPORT
NATIONAL WEATHER SERVICE SIOUX FALLS SD
153 AM CDT MON JUN 12 2017


...................................

...THE SIOUX CITY IA CLIMATE SUMMARY FOR JUNE 11 2017...

CLIMATE NORMAL PERIOD 1981 TO 2010
CLIMATE RECORD PERIOD 1889 TO 2017


WEATHER ITEM   OBSERVED TIME   RECORD YEAR NORMAL DEPARTURE LAST
                VALUE   (LST)  VALUE       VALUE  FROM      YEAR
                                                  NORMAL
..................................................................
TEMPERATURE (F)
 YESTERDAY
  MAXIMUM         91    616 PM  99    1926  81     10       95
  MINIMUM         76    624 AM  40    1903  58     18       75
  AVERAGE         84                        69     15       85

PRECIPITATION (IN)
  YESTERDAY        0.00          1.68 2010   0.13  -0.13     0.00
  MONTH TO DATE    0.00                      1.48  -1.48     0.16
  SINCE JUN 1      0.00                      1.48  -1.48     0.16
  SINCE JAN 1      9.47                     11.46  -1.99    15.89

SNOWFALL (IN)
  YESTERDAY        0.0           0.0    MM   0.0    0.0      0.0
  MONTH TO DATE    0.0                       0.0    0.0      0.0
  SINCE JUN 1      0.0                       0.0    0.0      0.0
  SINCE JUL 1     28.6                      34.8   -6.2     57.6
  SNOW DEPTH       0

DEGREE DAYS
 HEATING
  YESTERDAY        0                         1     -1        0
  MONTH TO DATE    0                        17    -17        0
  SINCE JUN 1      0                        17    -17        0
  SINCE JUL 1   5638                      6851  -1213     5655

 COOLING
  YESTERDAY       19                         5     14       20
  MONTH TO DATE  128                        47     81       86
  SINCE JUN 1    128                        47     81       86
  SINCE JAN 1    166                       111     55      138
..................................................................


WIND (MPH)
  HIGHEST WIND SPEED    25   HIGHEST WIND DIRECTION     S (180)
  HIGHEST GUST SPEED    33   HIGHEST GUST DIRECTION     S (180)
  AVERAGE WIND SPEED    12.1


SKY COVER
  POSSIBLE SUNSHINE  MM
  AVERAGE SKY COVER 0.7


WEATHER CONDITIONS
 THE FOLLOWING WEATHER WAS RECORDED YESTERDAY.
  NO SIGNIFICANT WEATHER WAS OBSERVED.


RELATIVE HUMIDITY (PERCENT)
 HIGHEST    79           600 AM
 LOWEST     49           400 PM
 AVERAGE    64

..........................................................


THE SIOUX CITY IA CLIMATE NORMALS FOR TODAY
                         NORMAL    RECORD    YEAR
 MAXIMUM TEMPERATURE (F)   81        99      1952
 MINIMUM TEMPERATURE (F)   58        45      1995


SUNRISE AND SUNSET
JUNE 12 2017..........SUNRISE   548 AM CDT   SUNSET   903 PM CDT
JUNE 13 2017..........SUNRISE   548 AM CDT   SUNSET   904 PM CDT


-  INDICATES NEGATIVE NUMBERS.
R  INDICATES RECORD WAS SET OR TIED.
MM INDICATES DATA IS MISSING.
T  INDICATES TRACE AMOUNT.




$$
