000
CDUS43 KFSD 210643
CLISUX


CLIMATE REPORT
NATIONAL WEATHER SERVICE SIOUX FALLS SD
1242 AM CST WED JAN 21 2015


...................................

...THE SIOUX CITY IA CLIMATE SUMMARY FOR JANUARY 20 2015...

CLIMATE NORMAL PERIOD 1981 TO 2010
CLIMATE RECORD PERIOD 1889 TO 2015


WEATHER ITEM   OBSERVED TIME   RECORD YEAR NORMAL DEPARTURE LAST
                VALUE   (LST)  VALUE       VALUE  FROM      YEAR
                                                  NORMAL
..................................................................
TEMPERATURE (F)
 YESTERDAY
  MAXIMUM         46    302 PM  65    1944  31     15       44
  MINIMUM         27    335 AM -19    1970  10     17        0
  AVERAGE         37                        20     17       22

PRECIPITATION (IN)
  YESTERDAY        T             0.40 2010   0.02  -0.02     0.01
  MONTH TO DATE    0.24                      0.40  -0.16     0.18
  SINCE DEC 1      1.64                      1.20   0.44     0.36
  SINCE JAN 1      0.24                      0.40  -0.16     0.18

SNOWFALL (IN)
  YESTERDAY        T             3.6  2008   0.2   -0.2      0.3
  MONTH TO DATE    4.4                       4.2    0.2      1.6
  SINCE DEC 1      8.2                      12.0   -3.8      3.9
  SINCE JUL 1     12.7                      17.4   -4.7      4.8
  SNOW DEPTH       0

DEGREE DAYS
 HEATING
  YESTERDAY       28                        45    -17       43
  MONTH TO DATE  930                       900     30      909
  SINCE DEC 1   2060                      2216   -156     2359
  SINCE JUL 1   3555                      3692   -137     3783

 COOLING
  YESTERDAY        0                         0      0        0
  MONTH TO DATE    0                         0      0        0
  SINCE DEC 1      0                         0      0        0
  SINCE JAN 1      0                         0      0        0
..................................................................


WIND (MPH)
  HIGHEST WIND SPEED    25   HIGHEST WIND DIRECTION     W (290)
  HIGHEST GUST SPEED    32   HIGHEST GUST DIRECTION     W (290)
  AVERAGE WIND SPEED    11.6


SKY COVER
  POSSIBLE SUNSHINE  MM
  AVERAGE SKY COVER 0.4


WEATHER CONDITIONS
 THE FOLLOWING WEATHER WAS RECORDED YESTERDAY.
  LIGHT RAIN
  LIGHT SNOW
  FOG


RELATIVE HUMIDITY (PERCENT)
 HIGHEST    89           800 PM
 LOWEST     58          1200 PM
 AVERAGE    74

..........................................................


THE SIOUX CITY IA CLIMATE NORMALS FOR TODAY
                         NORMAL    RECORD    YEAR
 MAXIMUM TEMPERATURE (F)   31        57      1899
 MINIMUM TEMPERATURE (F)   10       -26      1970


SUNRISE AND SUNSET
JANUARY 21 2015.......SUNRISE   749 AM CST   SUNSET   525 PM CST
JANUARY 22 2015.......SUNRISE   748 AM CST   SUNSET   526 PM CST


-  INDICATES NEGATIVE NUMBERS.
R  INDICATES RECORD WAS SET OR TIED.
MM INDICATES DATA IS MISSING.
T  INDICATES TRACE AMOUNT.




$$
