025
CDUS43 KFSD 280633
CLISUX


CLIMATE REPORT
NATIONAL WEATHER SERVICE SIOUX FALLS SD
1231 AM CST MON NOV 28 2016


...................................

...THE SIOUX CITY IA CLIMATE SUMMARY FOR NOVEMBER 27 2016...

CLIMATE NORMAL PERIOD 1981 TO 2010
CLIMATE RECORD PERIOD 1889 TO 2016


WEATHER ITEM   OBSERVED TIME   RECORD YEAR NORMAL DEPARTURE LAST
                VALUE   (LST)  VALUE       VALUE  FROM      YEAR
                                                  NORMAL
..................................................................
TEMPERATURE (F)
 YESTERDAY
  MAXIMUM         57   1009 PM  73    1998  39     18       25
  MINIMUM         27    306 AM  -1    1985  19      8       18
  AVERAGE         42                        29     13       22

PRECIPITATION (IN)
  YESTERDAY        0.44          1.36 1983   0.04   0.40     0.00
  MONTH TO DATE    2.04                      1.19   0.85     3.92
  SINCE SEP 1      6.42                      6.28   0.14     7.91
  SINCE JAN 1     30.77                     26.82   3.95    31.65

SNOWFALL (IN)
  YESTERDAY        0.0          12.2  1983   0.2   -0.2      0.0
  MONTH TO DATE    1.0                       3.7   -2.7      5.9
  SINCE SEP 1      1.0                       4.7   -3.7      5.9
  SINCE JUL 1      1.0                       4.7   -3.7      5.9
  SNOW DEPTH       0

DEGREE DAYS
 HEATING
  YESTERDAY       23                        36    -13       43
  MONTH TO DATE  511                       766   -255      592
  SINCE SEP 1    865                      1351   -486      973
  SINCE JUL 1    865                      1366   -501      996

 COOLING
  YESTERDAY        0                         0      0        0
  MONTH TO DATE    0                         0      0        0
  SINCE SEP 1    143                        92     51      169
  SINCE JAN 1   1165                       869    296      889
..................................................................


WIND (MPH)
  HIGHEST WIND SPEED    32   HIGHEST WIND DIRECTION     S (180)
  HIGHEST GUST SPEED    45   HIGHEST GUST DIRECTION     S (170)
  AVERAGE WIND SPEED    13.6


SKY COVER
  POSSIBLE SUNSHINE  MM
  AVERAGE SKY COVER 0.5


WEATHER CONDITIONS
 THE FOLLOWING WEATHER WAS RECORDED YESTERDAY.
  THUNDERSTORM
  RAIN
  LIGHT RAIN
  FOG
  FOG W/VISIBILITY <= 1/4 MILE


RELATIVE HUMIDITY (PERCENT)
 HIGHEST   100           200 PM
 LOWEST     80          1100 PM
 AVERAGE    90

..........................................................


THE SIOUX CITY IA CLIMATE NORMALS FOR TODAY
                         NORMAL    RECORD    YEAR
 MAXIMUM TEMPERATURE (F)   39        63      1941
 MINIMUM TEMPERATURE (F)   19        -9      1891


SUNRISE AND SUNSET
NOVEMBER 28 2016......SUNRISE   732 AM CST   SUNSET   455 PM CST
NOVEMBER 29 2016......SUNRISE   734 AM CST   SUNSET   454 PM CST


-  INDICATES NEGATIVE NUMBERS.
R  INDICATES RECORD WAS SET OR TIED.
MM INDICATES DATA IS MISSING.
T  INDICATES TRACE AMOUNT.




$$
