601
CDUS43 KFSD 120641
CLISUX


CLIMATE REPORT
NATIONAL WEATHER SERVICE SIOUX FALLS SD
1239 AM CST MON FEB 12 2018


...................................

...THE SIOUX CITY IA CLIMATE SUMMARY FOR FEBRUARY 11 2018...

CLIMATE NORMAL PERIOD 1981 TO 2010
CLIMATE RECORD PERIOD 1889 TO 2018


WEATHER ITEM   OBSERVED TIME   RECORD YEAR NORMAL DEPARTURE LAST
                VALUE   (LST)  VALUE       VALUE  FROM      YEAR
                                                  NORMAL
..................................................................
TEMPERATURE (F)
 YESTERDAY
  MAXIMUM         17    351 PM  63    1977  34    -17       50
  MINIMUM        -11    755 AM -31    1899  14    -25       36
  AVERAGE          3                        24    -21       43

PRECIPITATION (IN)
  YESTERDAY        0.00          0.48 1965   0.02  -0.02     0.03
  MONTH TO DATE    0.59                      0.23   0.36     0.17
  SINCE DEC 1      2.36                      1.65   0.71     2.32
  SINCE JAN 1      1.97                      0.85   1.12     0.84

SNOWFALL (IN)
  YESTERDAY        0.0           6.7  1965   0.2   -0.2      0.0
  MONTH TO DATE    7.1                       2.6    4.5      2.9
  SINCE DEC 1     27.8                      17.1   10.7     14.6
  SINCE JUL 1     27.8                      22.5    5.3     15.6
  SNOW DEPTH      13

DEGREE DAYS
 HEATING
  YESTERDAY       62                        41     21       22
  MONTH TO DATE  609                       466    143      413
  SINCE DEC 1   3298                      3166    132     2877
  SINCE JUL 1   4617                      4642    -25     3821

 COOLING
  YESTERDAY        0                         0      0        0
  MONTH TO DATE    0                         0      0        0
  SINCE DEC 1      0                         0      0        0
  SINCE JAN 1      0                         0      0        0
..................................................................


WIND (MPH)
  HIGHEST WIND SPEED    12   HIGHEST WIND DIRECTION    NW (300)
  HIGHEST GUST SPEED    13   HIGHEST GUST DIRECTION    NW (300)
  AVERAGE WIND SPEED     3.5


SKY COVER
  POSSIBLE SUNSHINE  MM
  AVERAGE SKY COVER 0.0


WEATHER CONDITIONS
 THE FOLLOWING WEATHER WAS RECORDED YESTERDAY.
  NO SIGNIFICANT WEATHER WAS OBSERVED.


RELATIVE HUMIDITY (PERCENT)
 HIGHEST   100           800 AM
 LOWEST     54           300 PM
 AVERAGE    77

..........................................................


THE SIOUX CITY IA CLIMATE NORMALS FOR TODAY
                         NORMAL    RECORD    YEAR
 MAXIMUM TEMPERATURE (F)   34        63      1990
 MINIMUM TEMPERATURE (F)   14       -25      1905


SUNRISE AND SUNSET
FEBRUARY 12 2018......SUNRISE   726 AM CST   SUNSET   554 PM CST
FEBRUARY 13 2018......SUNRISE   725 AM CST   SUNSET   555 PM CST


-  INDICATES NEGATIVE NUMBERS.
R  INDICATES RECORD WAS SET OR TIED.
MM INDICATES DATA IS MISSING.
T  INDICATES TRACE AMOUNT.




$$
