000
CDUS43 KFSD 030822
CLISUX


CLIMATE REPORT
NATIONAL WEATHER SERVICE SIOUX FALLS SD
311 AM CDT THU AUG 3 2017


...................................

...THE SIOUX CITY IA CLIMATE SUMMARY FOR AUGUST 2 2017...

CLIMATE NORMAL PERIOD 1981 TO 2010
CLIMATE RECORD PERIOD 1889 TO 2017


WEATHER ITEM   OBSERVED TIME   RECORD YEAR NORMAL DEPARTURE LAST
                VALUE   (LST)  VALUE       VALUE  FROM      YEAR
                                                  NORMAL
..................................................................
TEMPERATURE (F)
 YESTERDAY
  MAXIMUM         86    246 PM 103    1930  85      1       91
  MINIMUM         60    525 AM  50    1907  63     -3       70
  AVERAGE         73                        74     -1       81

PRECIPITATION (IN)
  YESTERDAY        T             1.08 1909   0.10  -0.10     0.42
  MONTH TO DATE    0.05                      0.20  -0.15     0.53
  SINCE JUN 1      2.61                      7.53  -4.92     4.10
  SINCE JAN 1     12.08                     17.51  -5.43    19.83

SNOWFALL (IN)
  YESTERDAY        0.0           0.0    MM   0.0    0.0      0.0
  MONTH TO DATE    0.0                       0.0    0.0      0.0
  SINCE JUN 1      0.0                       0.0    0.0      0.0
  SINCE JUL 1      0.0                       0.0    0.0      0.0
  SNOW DEPTH       0

DEGREE DAYS
 HEATING
  YESTERDAY        0                         0      0        0
  MONTH TO DATE    0                         0      0        0
  SINCE JUN 1     10                        30    -20        0
  SINCE JUL 1      0                         3     -3        0

 COOLING
  YESTERDAY        8                         9     -1       16
  MONTH TO DATE   20                        18      2       30
  SINCE JUN 1    676                       499    177      712
  SINCE JAN 1    714                       563    151      764
..................................................................


WIND (MPH)
  HIGHEST WIND SPEED    23   HIGHEST WIND DIRECTION     N (10)
  HIGHEST GUST SPEED    28   HIGHEST GUST DIRECTION     N (360)
  AVERAGE WIND SPEED     5.4


SKY COVER
  POSSIBLE SUNSHINE  MM
  AVERAGE SKY COVER 0.1


WEATHER CONDITIONS
 THE FOLLOWING WEATHER WAS RECORDED YESTERDAY.
  LIGHT RAIN
  FOG


RELATIVE HUMIDITY (PERCENT)
 HIGHEST   100          1200 AM
 LOWEST     47           400 PM
 AVERAGE    74

..........................................................


THE SIOUX CITY IA CLIMATE NORMALS FOR TODAY
                         NORMAL    RECORD    YEAR
 MAXIMUM TEMPERATURE (F)   85       105      1930
 MINIMUM TEMPERATURE (F)   63        45      1907


SUNRISE AND SUNSET
AUGUST  3 2017........SUNRISE   620 AM CDT   SUNSET   842 PM CDT
AUGUST  4 2017........SUNRISE   621 AM CDT   SUNSET   841 PM CDT


-  INDICATES NEGATIVE NUMBERS.
R  INDICATES RECORD WAS SET OR TIED.
MM INDICATES DATA IS MISSING.
T  INDICATES TRACE AMOUNT.




$$
