000
CDUS43 KFSD 210628
CLISUX


CLIMATE REPORT
NATIONAL WEATHER SERVICE SIOUX FALLS SD
127 AM CDT FRI APR 21 2017


...................................

...THE SIOUX CITY IA CLIMATE SUMMARY FOR APRIL 20 2017...

CLIMATE NORMAL PERIOD 1981 TO 2010
CLIMATE RECORD PERIOD 1889 TO 2017


WEATHER ITEM   OBSERVED TIME   RECORD YEAR NORMAL DEPARTURE LAST
                VALUE   (LST)  VALUE       VALUE  FROM      YEAR
                                                  NORMAL
..................................................................
TEMPERATURE (F)
 YESTERDAY
  MAXIMUM         55    444 PM  91    1980  64     -9       56
  MINIMUM         36   1159 PM  22    2013  39     -3       47
                                      1953
  AVERAGE         46                        52     -6       52

PRECIPITATION (IN)
  YESTERDAY        0.00          2.05 2016   0.11  -0.11     2.05
  MONTH TO DATE    1.35                      1.88  -0.53     2.49
  SINCE MAR 1      2.86                      3.88  -1.02     5.55
  SINCE JAN 1      4.45                      5.17  -0.72     7.39

SNOWFALL (IN)
  YESTERDAY        0.0           4.5  1992   0.0    0.0      0.0
  MONTH TO DATE    T                         1.5   -1.5      0.0
  SINCE MAR 1      3.1                       8.0   -4.9     14.5
  SINCE JUL 1     28.6                      34.5   -5.9     57.6
  SNOW DEPTH       0

DEGREE DAYS
 HEATING
  YESTERDAY       19                        14      5       13
  MONTH TO DATE  254                       355   -101      285
  SINCE MAR 1   1023                      1239   -216      918
  SINCE JUL 1   5260                      6533  -1273     5377

 COOLING
  YESTERDAY        0                         0      0        0
  MONTH TO DATE    1                         0      1        0
  SINCE MAR 1      1                         0      1        0
  SINCE JAN 1      1                         0      1        0
..................................................................


WIND (MPH)
  HIGHEST WIND SPEED    32   HIGHEST WIND DIRECTION    NW (330)
  HIGHEST GUST SPEED    39   HIGHEST GUST DIRECTION    NW (320)
  AVERAGE WIND SPEED    13.8


SKY COVER
  POSSIBLE SUNSHINE  MM
  AVERAGE SKY COVER 0.8


WEATHER CONDITIONS
 THE FOLLOWING WEATHER WAS RECORDED YESTERDAY.
  NO SIGNIFICANT WEATHER WAS OBSERVED.


RELATIVE HUMIDITY (PERCENT)
 HIGHEST   100           200 AM
 LOWEST     63           600 PM
 AVERAGE    82

..........................................................


THE SIOUX CITY IA CLIMATE NORMALS FOR TODAY
                         NORMAL    RECORD    YEAR
 MAXIMUM TEMPERATURE (F)   65        94      1980
 MINIMUM TEMPERATURE (F)   39        23      1966
                                             1927


SUNRISE AND SUNSET
APRIL 21 2017.........SUNRISE   635 AM CDT   SUNSET   814 PM CDT
APRIL 22 2017.........SUNRISE   633 AM CDT   SUNSET   815 PM CDT


-  INDICATES NEGATIVE NUMBERS.
R  INDICATES RECORD WAS SET OR TIED.
MM INDICATES DATA IS MISSING.
T  INDICATES TRACE AMOUNT.




$$
