000
CDUS43 KFSD 102222
CLISUX


CLIMATE REPORT
NATIONAL WEATHER SERVICE SIOUX FALLS SD
421 PM CST FRI MAR 10 2017


...................................

...THE SIOUX CITY IA CLIMATE SUMMARY FOR MARCH 10 2017...
VALID TODAY AS OF 0400 PM LOCAL TIME.

CLIMATE NORMAL PERIOD 1981 TO 2010
CLIMATE RECORD PERIOD 1889 TO 2017


WEATHER ITEM   OBSERVED TIME   RECORD YEAR NORMAL DEPARTURE LAST
                VALUE   (LST)  VALUE       VALUE  FROM      YEAR
                                                  NORMAL
..................................................................
TEMPERATURE (F)
 TODAY
  MAXIMUM         23    359 PM  74    2014  44    -21       64
                                      1967
  MINIMUM         16    921 AM  -9    1948  24     -8       29
  AVERAGE         20                        34    -14       47

PRECIPITATION (IN)
  TODAY            0.00          0.60 2013   0.05  -0.05     0.00
  MONTH TO DATE    T                         0.46  -0.46     0.01
  SINCE MAR 1      T                         0.46  -0.46     0.01
  SINCE JAN 1      1.59                      1.75  -0.16     1.85

SNOWFALL (IN)
  TODAY            0.0           6.6  2013   0.2   -0.2      0.0
  MONTH TO DATE    T                         2.4   -2.4      0.1
  SINCE MAR 1      T                         2.4   -2.4      0.1
  SINCE JUL 1     25.5                      28.9   -3.4     43.2
  SNOW DEPTH       0

DEGREE DAYS
 HEATING
  TODAY           45                        31     14       18
  MONTH TO DATE  253                       331    -78      213
  SINCE MAR 1    253                       331    -78      213
  SINCE JUL 1   4490                      5625  -1135     4672

 COOLING
  TODAY            0                         0      0        0
  MONTH TO DATE    0                         0      0        0
  SINCE MAR 1      0                         0      0        0
  SINCE JAN 1      0                         0      0        0
..................................................................


WIND (MPH)
  HIGHEST WIND SPEED    21   HIGHEST WIND DIRECTION     N (360)
  HIGHEST GUST SPEED    24   HIGHEST GUST DIRECTION     N (360)
  AVERAGE WIND SPEED    10.4


SKY COVER
  POSSIBLE SUNSHINE  MM
  AVERAGE SKY COVER 0.5


WEATHER CONDITIONS
 THE FOLLOWING WEATHER WAS RECORDED TODAY.
  NO SIGNIFICANT WEATHER WAS OBSERVED.


RELATIVE HUMIDITY (PERCENT)
 HIGHEST    68          1200 AM
 LOWEST     27           400 PM
 AVERAGE    48

..........................................................


THE SIOUX CITY IA CLIMATE NORMALS FOR TOMORROW
                         NORMAL    RECORD    YEAR
 MAXIMUM TEMPERATURE (F)   45        76      2016
 MINIMUM TEMPERATURE (F)   24       -19      1948


SUNRISE AND SUNSET
MARCH 10 2017.........SUNRISE   646 AM CST   SUNSET   627 PM CST
MARCH 11 2017.........SUNRISE   644 AM CST   SUNSET   628 PM CST


-  INDICATES NEGATIVE NUMBERS.
R  INDICATES RECORD WAS SET OR TIED.
MM INDICATES DATA IS MISSING.
T  INDICATES TRACE AMOUNT.




$$
