000
CDUS43 KFSD 310623
CLISUX


CLIMATE REPORT
NATIONAL WEATHER SERVICE SIOUX FALLS SD
1222 AM CST SAT DEC 31 2016


...................................

...THE SIOUX CITY IA CLIMATE SUMMARY FOR DECEMBER 30 2016...

CLIMATE NORMAL PERIOD 1981 TO 2010
CLIMATE RECORD PERIOD 1889 TO 2016


WEATHER ITEM   OBSERVED TIME   RECORD YEAR NORMAL DEPARTURE LAST
                VALUE   (LST)  VALUE       VALUE  FROM      YEAR
                                                  NORMAL
..................................................................
TEMPERATURE (F)
 YESTERDAY
  MAXIMUM         44    408 PM  66    2004  30     14       27
  MINIMUM         18    444 AM -16    1968  10      8        5
  AVERAGE         31                        20     11       16

PRECIPITATION (IN)
  YESTERDAY        0.00          0.97 1972   0.02  -0.02     0.05
  MONTH TO DATE    1.48                      0.78   0.70     2.86
  SINCE DEC 1      1.48                      0.78   0.70     2.86
  SINCE JAN 1     32.25                     27.72   4.53    35.14

SNOWFALL (IN)
  YESTERDAY        0.0           7.0  1923   0.2   -0.2      1.1
  MONTH TO DATE    4.5                       7.6   -3.1     11.8
  SINCE DEC 1      4.5                       7.6   -3.1     11.8
  SINCE JUL 1      5.5                      13.0   -7.5     24.3
  SNOW DEPTH       0

DEGREE DAYS
 HEATING
  YESTERDAY       34                        45    -11       49
  MONTH TO DATE 1203                      1272    -69      992
  SINCE DEC 1   1203                      1272    -69      992
  SINCE JUL 1   2147                      2748   -601     2098

 COOLING
  YESTERDAY        0                         0      0        0
  MONTH TO DATE    0                         0      0        0
  SINCE DEC 1      0                         0      0        0
  SINCE JAN 1   1165                       869    296      889
..................................................................


WIND (MPH)
  HIGHEST WIND SPEED    17   HIGHEST WIND DIRECTION    NW (310)
  HIGHEST GUST SPEED    21   HIGHEST GUST DIRECTION     S (190)
  AVERAGE WIND SPEED     9.2


SKY COVER
  POSSIBLE SUNSHINE  MM
  AVERAGE SKY COVER 0.1


WEATHER CONDITIONS
 THE FOLLOWING WEATHER WAS RECORDED YESTERDAY.
  HAZE


RELATIVE HUMIDITY (PERCENT)
 HIGHEST    88           300 AM
 LOWEST     43           100 PM
 AVERAGE    66

..........................................................


THE SIOUX CITY IA CLIMATE NORMALS FOR TODAY
                         NORMAL    RECORD    YEAR
 MAXIMUM TEMPERATURE (F)   30        60      1904
 MINIMUM TEMPERATURE (F)   10       -19      1968


SUNRISE AND SUNSET
DECEMBER 31 2016......SUNRISE   755 AM CST   SUNSET   503 PM CST
JANUARY  1 2017.......SUNRISE   755 AM CST   SUNSET   504 PM CST


-  INDICATES NEGATIVE NUMBERS.
R  INDICATES RECORD WAS SET OR TIED.
MM INDICATES DATA IS MISSING.
T  INDICATES TRACE AMOUNT.




$$
