000
CDUS43 KFSD 050627
CLISUX


CLIMATE REPORT
NATIONAL WEATHER SERVICE SIOUX FALLS SD
127 AM CDT SAT AUG 5 2017


...................................

...THE SIOUX CITY IA CLIMATE SUMMARY FOR AUGUST 4 2017...

CLIMATE NORMAL PERIOD 1981 TO 2010
CLIMATE RECORD PERIOD 1889 TO 2017


WEATHER ITEM   OBSERVED TIME   RECORD YEAR NORMAL DEPARTURE LAST
                VALUE   (LST)  VALUE       VALUE  FROM      YEAR
                                                  NORMAL
..................................................................
TEMPERATURE (F)
 YESTERDAY
  MAXIMUM         79    456 PM 108    1934  85     -6       90
  MINIMUM         49    526 AM  46    1978  63    -14       65
  AVERAGE         64                        74    -10       78

PRECIPITATION (IN)
  YESTERDAY        0.00          2.06 2002   0.10  -0.10     0.00
  MONTH TO DATE    0.05                      0.40  -0.35     0.53
  SINCE JUN 1      2.61                      7.73  -5.12     4.10
  SINCE JAN 1     12.08                     17.71  -5.63    19.83

SNOWFALL (IN)
  YESTERDAY        0.0           0.0    MM   0.0    0.0      0.0
  MONTH TO DATE    0.0                       0.0    0.0      0.0
  SINCE JUN 1      0.0                       0.0    0.0      0.0
  SINCE JUL 1      0.0                       0.0    0.0      0.0
  SNOW DEPTH       0

DEGREE DAYS
 HEATING
  YESTERDAY        1                         0      1        0
  MONTH TO DATE    4                         0      4        0
  SINCE JUN 1     14                        30    -16        0
  SINCE JUL 1      4                         3      1        0

 COOLING
  YESTERDAY        0                         9     -9       13
  MONTH TO DATE   20                        36    -16       57
  SINCE JUN 1    676                       517    159      739
  SINCE JAN 1    714                       581    133      791
..................................................................


WIND (MPH)
  HIGHEST WIND SPEED    13   HIGHEST WIND DIRECTION    NW (330)
  HIGHEST GUST SPEED    17   HIGHEST GUST DIRECTION    NW (320)
  AVERAGE WIND SPEED     5.6


SKY COVER
  POSSIBLE SUNSHINE  MM
  AVERAGE SKY COVER 0.0


WEATHER CONDITIONS
 THE FOLLOWING WEATHER WAS RECORDED YESTERDAY.
  NO SIGNIFICANT WEATHER WAS OBSERVED.


RELATIVE HUMIDITY (PERCENT)
 HIGHEST    93           200 AM
 LOWEST     35           200 PM
 AVERAGE    64

..........................................................


THE SIOUX CITY IA CLIMATE NORMALS FOR TODAY
                         NORMAL    RECORD    YEAR
 MAXIMUM TEMPERATURE (F)   84       104      1934
 MINIMUM TEMPERATURE (F)   63        47      1948


SUNRISE AND SUNSET
AUGUST  5 2017........SUNRISE   622 AM CDT   SUNSET   840 PM CDT
AUGUST  6 2017........SUNRISE   623 AM CDT   SUNSET   839 PM CDT


-  INDICATES NEGATIVE NUMBERS.
R  INDICATES RECORD WAS SET OR TIED.
MM INDICATES DATA IS MISSING.
T  INDICATES TRACE AMOUNT.




$$
