281
CDUS43 KFSD 140630
CLISUX


CLIMATE REPORT
NATIONAL WEATHER SERVICE SIOUX FALLS SD
130 AM CDT SUN MAY 14 2017


...................................

...THE SIOUX CITY IA CLIMATE SUMMARY FOR MAY 13 2017...

CLIMATE NORMAL PERIOD 1981 TO 2010
CLIMATE RECORD PERIOD 1889 TO 2017


WEATHER ITEM   OBSERVED TIME   RECORD YEAR NORMAL DEPARTURE LAST
                VALUE   (LST)  VALUE       VALUE  FROM      YEAR
                                                  NORMAL
..................................................................
TEMPERATURE (F)
 YESTERDAY
  MAXIMUM         83    401 PM  95    1987  72     11       61
  MINIMUM         47    522 AM  25    1997  48     -1       41
  AVERAGE         65                        60      5       51

PRECIPITATION (IN)
  YESTERDAY        0.00          1.50 1905   0.12  -0.12      T
  MONTH TO DATE    0.86                      1.51  -0.65     1.69
  SINCE MAR 1      5.30                      6.46  -1.16    10.56
  SINCE JAN 1      6.89                      7.75  -0.86    12.40

SNOWFALL (IN)
  YESTERDAY        0.0           T    1924   0.0    0.0      0.0
  MONTH TO DATE    T                         0.2   -0.2      0.0
  SINCE MAR 1      3.1                       8.5   -5.4     14.5
  SINCE JUL 1     28.6                      35.0   -6.4     57.6
  SNOW DEPTH       0

DEGREE DAYS
 HEATING
  YESTERDAY        0                         6     -6       14
  MONTH TO DATE   86                       105    -19       91
  SINCE MAR 1   1294                      1463   -169     1118
  SINCE JUL 1   5531                      6757  -1226     5577

 COOLING
  YESTERDAY        0                         1     -1        0
  MONTH TO DATE   12                        13     -1        3
  SINCE MAR 1     13                        24    -11        3
  SINCE JAN 1     13                        24    -11        3
..................................................................


WIND (MPH)
  HIGHEST WIND SPEED    28   HIGHEST WIND DIRECTION     S (170)
  HIGHEST GUST SPEED    34   HIGHEST GUST DIRECTION     S (180)
  AVERAGE WIND SPEED    11.9


SKY COVER
  POSSIBLE SUNSHINE  MM
  AVERAGE SKY COVER 0.0


WEATHER CONDITIONS
 THE FOLLOWING WEATHER WAS RECORDED YESTERDAY.
  NO SIGNIFICANT WEATHER WAS OBSERVED.


RELATIVE HUMIDITY (PERCENT)
 HIGHEST    86           600 AM
 LOWEST     20           300 PM
 AVERAGE    53

..........................................................


THE SIOUX CITY IA CLIMATE NORMALS FOR TODAY
                         NORMAL    RECORD    YEAR
 MAXIMUM TEMPERATURE (F)   72       106      2013
 MINIMUM TEMPERATURE (F)   48        32      1907


SUNRISE AND SUNSET
MAY 14 2017...........SUNRISE   605 AM CDT   SUNSET   840 PM CDT
MAY 15 2017...........SUNRISE   604 AM CDT   SUNSET   841 PM CDT


-  INDICATES NEGATIVE NUMBERS.
R  INDICATES RECORD WAS SET OR TIED.
MM INDICATES DATA IS MISSING.
T  INDICATES TRACE AMOUNT.




$$
