000
CDUS43 KFSD 212230
CLISUX


CLIMATE REPORT
NATIONAL WEATHER SERVICE SIOUX FALLS SD
530 PM CDT SUN AUG 21 2016


...................................

...THE SIOUX CITY IA CLIMATE SUMMARY FOR AUGUST 21 2016...
VALID TODAY AS OF 0500 PM LOCAL TIME.

CLIMATE NORMAL PERIOD 1981 TO 2010
CLIMATE RECORD PERIOD 1889 TO 2016


WEATHER ITEM   OBSERVED TIME   RECORD YEAR NORMAL DEPARTURE LAST
                VALUE   (LST)  VALUE       VALUE  FROM      YEAR
                                                  NORMAL
..................................................................
TEMPERATURE (F)
 TODAY
  MAXIMUM         80    306 PM  99    1955  83     -3       81
                                      1947
  MINIMUM         51    541 AM  47    2004  60     -9       60
                                      1939
  AVERAGE         66                        72     -6       71

PRECIPITATION (IN)
  TODAY            0.00          4.28 1961   0.11  -0.11     0.00
  MONTH TO DATE    2.46                      2.18   0.28     3.77
  SINCE JUN 1      6.03                      9.51  -3.48    13.64
  SINCE JAN 1     21.76                     19.49   2.27    21.54

SNOWFALL (IN)
  TODAY            0.0           0.0    MM   0.0    0.0      0.0
  MONTH TO DATE    0.0                       0.0    0.0      0.0
  SINCE JUN 1      0.0                       0.0    0.0      0.0
  SINCE JUL 1      0.0                       0.0    0.0      0.0
  SNOW DEPTH       0

DEGREE DAYS
 HEATING
  TODAY            0                         0      0        0
  MONTH TO DATE    0                         0      0        5
  SINCE JUN 1      0                        30    -30       10
  SINCE JUL 1      0                         3     -3        8

 COOLING
  TODAY            1                         7     -6        6
  MONTH TO DATE  221                       171     50      167
  SINCE JUN 1    903                       652    251      664
  SINCE JAN 1    955                       716    239      693
..................................................................


WIND (MPH)
  HIGHEST WIND SPEED    14   HIGHEST WIND DIRECTION    SW (220)
  HIGHEST GUST SPEED    19   HIGHEST GUST DIRECTION    SW (230)
  AVERAGE WIND SPEED     4.9


SKY COVER
  POSSIBLE SUNSHINE  MM
  AVERAGE SKY COVER 0.0


WEATHER CONDITIONS
 THE FOLLOWING WEATHER WAS RECORDED TODAY.
  NO SIGNIFICANT WEATHER WAS OBSERVED.


RELATIVE HUMIDITY (PERCENT)
 HIGHEST    93           200 AM
 LOWEST     43           100 PM
 AVERAGE    68

..........................................................


THE SIOUX CITY IA CLIMATE NORMALS FOR TOMORROW
                         NORMAL    RECORD    YEAR
 MAXIMUM TEMPERATURE (F)   83       100      1914
                                             1898
 MINIMUM TEMPERATURE (F)   60        43      1923
                                             1890


SUNRISE AND SUNSET
AUGUST 21 2016........SUNRISE   640 AM CDT   SUNSET   817 PM CDT
AUGUST 22 2016........SUNRISE   641 AM CDT   SUNSET   815 PM CDT


-  INDICATES NEGATIVE NUMBERS.
R  INDICATES RECORD WAS SET OR TIED.
MM INDICATES DATA IS MISSING.
T  INDICATES TRACE AMOUNT.




$$
