000
CDUS43 KFSD 150656
CLISUX


CLIMATE REPORT
NATIONAL WEATHER SERVICE SIOUX FALLS SD
1255 AM CST THU JAN 15 2015


...................................

...THE SIOUX CITY IA CLIMATE SUMMARY FOR JANUARY 14 2015...

CLIMATE NORMAL PERIOD 1981 TO 2010
CLIMATE RECORD PERIOD 1889 TO 2015


WEATHER ITEM   OBSERVED TIME   RECORD YEAR NORMAL DEPARTURE LAST
                VALUE   (LST)  VALUE       VALUE  FROM      YEAR
                                                  NORMAL
..................................................................
TEMPERATURE (F)
 YESTERDAY
  MAXIMUM         34    339 PM  54    1901  30      4       46
  MINIMUM         15    451 AM -20    1957  10      5       14
  AVERAGE         25                        20      5       30

PRECIPITATION (IN)
  YESTERDAY        0.00          0.88 1960   0.02  -0.02      T
  MONTH TO DATE    0.24                      0.28  -0.04     0.17
  SINCE DEC 1      1.64                      1.08   0.56     0.35
  SINCE JAN 1      0.24                      0.28  -0.04     0.17

SNOWFALL (IN)
  YESTERDAY        0.0           8.0  1960   0.2   -0.2       T
  MONTH TO DATE    4.4                       2.9    1.5      1.2
  SINCE DEC 1      8.2                      10.7   -2.5      3.5
  SINCE JUL 1     12.7                      16.1   -3.4      4.4
  SNOW DEPTH       3

DEGREE DAYS
 HEATING
  YESTERDAY       40                        45     -5       35
  MONTH TO DATE  759                       630    129      680
  SINCE DEC 1   1889                      1946    -57     2130
  SINCE JUL 1   3384                      3422    -38     3554

 COOLING
  YESTERDAY        0                         0      0        0
  MONTH TO DATE    0                         0      0        0
  SINCE DEC 1      0                         0      0        0
  SINCE JAN 1      0                         0      0        0
..................................................................


WIND (MPH)
  HIGHEST WIND SPEED    15   HIGHEST WIND DIRECTION    SW (230)
  HIGHEST GUST SPEED    19   HIGHEST GUST DIRECTION    SW (220)
  AVERAGE WIND SPEED     4.8


SKY COVER
  POSSIBLE SUNSHINE  MM
  AVERAGE SKY COVER 0.3


WEATHER CONDITIONS
 THE FOLLOWING WEATHER WAS RECORDED YESTERDAY.
  NO SIGNIFICANT WEATHER WAS OBSERVED.


RELATIVE HUMIDITY (PERCENT)
 HIGHEST    91          1100 PM
 LOWEST     55          1200 AM
 AVERAGE    73

..........................................................


THE SIOUX CITY IA CLIMATE NORMALS FOR TODAY
                         NORMAL    RECORD    YEAR
 MAXIMUM TEMPERATURE (F)   30        64      2006
 MINIMUM TEMPERATURE (F)   10       -20      2009


SUNRISE AND SUNSET
JANUARY 15 2015.......SUNRISE   752 AM CST   SUNSET   518 PM CST
JANUARY 16 2015.......SUNRISE   752 AM CST   SUNSET   519 PM CST


-  INDICATES NEGATIVE NUMBERS.
R  INDICATES RECORD WAS SET OR TIED.
MM INDICATES DATA IS MISSING.
T  INDICATES TRACE AMOUNT.




$$
