000
CDUS43 KFSD 052222
CLISUX


CLIMATE REPORT
NATIONAL WEATHER SERVICE SIOUX FALLS SD
422 PM CST SUN MAR 5 2017


...................................

...THE SIOUX CITY IA CLIMATE SUMMARY FOR MARCH 5 2017...
VALID TODAY AS OF 0400 PM LOCAL TIME.

CLIMATE NORMAL PERIOD 1981 TO 2010
CLIMATE RECORD PERIOD 1889 TO 2017


WEATHER ITEM   OBSERVED TIME   RECORD YEAR NORMAL DEPARTURE LAST
                VALUE   (LST)  VALUE       VALUE  FROM      YEAR
                                                  NORMAL
..................................................................
TEMPERATURE (F)
 TODAY
  MAXIMUM         69    356 PM  74    2000  42     27       56
                                      1991
  MINIMUM         44    132 AM -22    1960  22     22       28
  AVERAGE         57                        32     25       42

PRECIPITATION (IN)
  TODAY            0.00          0.80 1992   0.05  -0.05     0.00
  MONTH TO DATE    T                         0.22  -0.22     0.01
  SINCE MAR 1      T                         0.22  -0.22     0.01
  SINCE JAN 1      1.59                      1.51   0.08     1.85

SNOWFALL (IN)
  TODAY            0.0           5.2  1915   0.3   -0.3      0.0
  MONTH TO DATE    T                         1.3   -1.3      0.1
  SINCE MAR 1      T                         1.3   -1.3      0.1
  SINCE JUL 1     25.5                      27.8   -2.3     43.2
  SNOW DEPTH       0

DEGREE DAYS
 HEATING
  TODAY            8                        33    -25       23
  MONTH TO DATE  131                       171    -40      157
  SINCE MAR 1    131                       171    -40      157
  SINCE JUL 1   4368                      5465  -1097     4616

 COOLING
  TODAY            0                         0      0        0
  MONTH TO DATE    0                         0      0        0
  SINCE MAR 1      0                         0      0        0
  SINCE JAN 1      0                         0      0        0
..................................................................


WIND (MPH)
  HIGHEST WIND SPEED    25   HIGHEST WIND DIRECTION     S (200)
  HIGHEST GUST SPEED    30   HIGHEST GUST DIRECTION     S (190)
  AVERAGE WIND SPEED    15.2


SKY COVER
  POSSIBLE SUNSHINE  MM
  AVERAGE SKY COVER 0.5


WEATHER CONDITIONS
 THE FOLLOWING WEATHER WAS RECORDED TODAY.
  NO SIGNIFICANT WEATHER WAS OBSERVED.


RELATIVE HUMIDITY (PERCENT)
 HIGHEST    86           600 AM
 LOWEST     53           400 PM
 AVERAGE    70

..........................................................


THE SIOUX CITY IA CLIMATE NORMALS FOR TOMORROW
                         NORMAL    RECORD    YEAR
 MAXIMUM TEMPERATURE (F)   42        78      1987
 MINIMUM TEMPERATURE (F)   22       -11      1962


SUNRISE AND SUNSET
MARCH  5 2017.........SUNRISE   654 AM CST   SUNSET   621 PM CST
MARCH  6 2017.........SUNRISE   652 AM CST   SUNSET   622 PM CST


-  INDICATES NEGATIVE NUMBERS.
R  INDICATES RECORD WAS SET OR TIED.
MM INDICATES DATA IS MISSING.
T  INDICATES TRACE AMOUNT.




$$
