000
CDUS43 KFSD 042229
CLISUX


CLIMATE REPORT
NATIONAL WEATHER SERVICE SIOUX FALLS SD
428 PM CST THU JAN 4 2018


...................................

...THE SIOUX CITY IA CLIMATE SUMMARY FOR JANUARY 4 2018...
VALID TODAY AS OF 0400 PM LOCAL TIME.

CLIMATE NORMAL PERIOD 1981 TO 2010
CLIMATE RECORD PERIOD 1889 TO 2018


WEATHER ITEM   OBSERVED TIME   RECORD YEAR NORMAL DEPARTURE LAST
                VALUE   (LST)  VALUE       VALUE  FROM      YEAR
                                                  NORMAL
..................................................................
TEMPERATURE (F)
 TODAY
  MAXIMUM         12    359 PM  58    2012  30    -18       11
  MINIMUM         -5    423 AM -24    1942  10    -15        2
  AVERAGE          4                        20    -16        7

PRECIPITATION (IN)
  TODAY            0.00          0.42 1922   0.02  -0.02     0.02
  MONTH TO DATE    T                         0.08  -0.08     0.05
  SINCE DEC 1      0.39                      0.88  -0.49     1.53
  SINCE JAN 1      T                         0.08  -0.08     0.05

SNOWFALL (IN)
  TODAY            0.0           5.5  1910   0.2   -0.2      0.2
  MONTH TO DATE    T                         0.8   -0.8      0.2
  SINCE DEC 1      7.3                       8.6   -1.3      4.7
  SINCE JUL 1      7.3                      14.0   -6.7      5.7
  SNOW DEPTH       6

DEGREE DAYS
 HEATING
  TODAY           61                        45     16       58
  MONTH TO DATE  260                       180     80      177
  SINCE DEC 1   1538                      1496     42     1417
  SINCE JUL 1   2857                      2972   -115     2361

 COOLING
  TODAY            0                         0      0        0
  MONTH TO DATE    0                         0      0        0
  SINCE DEC 1      0                         0      0        0
  SINCE JAN 1      0                         0      0        0
..................................................................


WIND (MPH)
  HIGHEST WIND SPEED    18   HIGHEST WIND DIRECTION    SE (130)
  HIGHEST GUST SPEED    21   HIGHEST GUST DIRECTION    SE (140)
  AVERAGE WIND SPEED     7.6


SKY COVER
  POSSIBLE SUNSHINE  MM
  AVERAGE SKY COVER 0.4


WEATHER CONDITIONS
 THE FOLLOWING WEATHER WAS RECORDED TODAY.
  NO SIGNIFICANT WEATHER WAS OBSERVED.


RELATIVE HUMIDITY (PERCENT)
 HIGHEST    95          1000 AM
 LOWEST     67           400 PM
 AVERAGE    81

..........................................................


THE SIOUX CITY IA CLIMATE NORMALS FOR TOMORROW
                         NORMAL    RECORD    YEAR
 MAXIMUM TEMPERATURE (F)   30        68      2012
 MINIMUM TEMPERATURE (F)   10       -25      1924


SUNRISE AND SUNSET
JANUARY  4 2018.......SUNRISE   755 AM CST   SUNSET   506 PM CST
JANUARY  5 2018.......SUNRISE   755 AM CST   SUNSET   507 PM CST


-  INDICATES NEGATIVE NUMBERS.
R  INDICATES RECORD WAS SET OR TIED.
MM INDICATES DATA IS MISSING.
T  INDICATES TRACE AMOUNT.




$$
