000
CDUS43 KFSD 050641
CLISUX


CLIMATE REPORT
NATIONAL WEATHER SERVICE SIOUX FALLS SD
140 AM CDT SAT JUL 5 2014


...................................

...THE SIOUX CITY IA CLIMATE SUMMARY FOR JULY 4 2014...

CLIMATE NORMAL PERIOD 1981 TO 2010
CLIMATE RECORD PERIOD 1889 TO 2014


WEATHER ITEM   OBSERVED TIME   RECORD YEAR NORMAL DEPARTURE LAST
                VALUE   (LST)  VALUE       VALUE  FROM      YEAR
                                                  NORMAL
..................................................................
TEMPERATURE (F)
 YESTERDAY
  MAXIMUM         82    516 PM 111    1936  86     -4       88
  MINIMUM         60    511 AM  46    1967  63     -3       57
  AVERAGE         71                        74     -3       73

PRECIPITATION (IN)
  YESTERDAY        0.00          1.87 2003   0.12  -0.12     0.00
  MONTH TO DATE    0.01                      0.45  -0.44     0.08
  SINCE JUN 1     16.66                      4.34  12.32     3.21
  SINCE JAN 1     21.91                     14.32   7.59    16.44

SNOWFALL (IN)
  YESTERDAY        0.0           0.0    MM   0.0    0.0      0.0
  MONTH TO DATE    0.0                       0.0    0.0      0.0
  SINCE JUN 1      0.0                       0.0    0.0      0.0
  SINCE JUL 1      0.0                       0.0    0.0      0.0
  SNOW DEPTH       0

DEGREE DAYS
 HEATING
  YESTERDAY        0                         0      0        0
  MONTH TO DATE    2                         0      2        0
  SINCE JUN 1     22                        27     -5       40
  SINCE JUL 1      2                         0      2        0

 COOLING
  YESTERDAY        6                         9     -3        8
  MONTH TO DATE    7                        36    -29       21
  SINCE JUN 1    202                       224    -22      216
  SINCE JAN 1    323                       288     35      272
..................................................................


WIND (MPH)
  HIGHEST WIND SPEED    22   HIGHEST WIND DIRECTION     S (160)
  HIGHEST GUST SPEED    30   HIGHEST GUST DIRECTION     S (160)
  AVERAGE WIND SPEED    12.1


SKY COVER
  POSSIBLE SUNSHINE  MM
  AVERAGE SKY COVER 0.2


WEATHER CONDITIONS
 THE FOLLOWING WEATHER WAS RECORDED YESTERDAY.
  NO SIGNIFICANT WEATHER WAS OBSERVED.


RELATIVE HUMIDITY (PERCENT)
 HIGHEST    93          1200 AM
 LOWEST     51           100 PM
 AVERAGE    72

..........................................................


THE SIOUX CITY IA CLIMATE NORMALS FOR TODAY
                         NORMAL    RECORD    YEAR
 MAXIMUM TEMPERATURE (F)   86       108      1936
 MINIMUM TEMPERATURE (F)   63        47      1972


SUNRISE AND SUNSET
JULY  5 2014..........SUNRISE   555 AM CDT   SUNSET   905 PM CDT
JULY  6 2014..........SUNRISE   555 AM CDT   SUNSET   905 PM CDT


-  INDICATES NEGATIVE NUMBERS.
R  INDICATES RECORD WAS SET OR TIED.
MM INDICATES DATA IS MISSING.
T  INDICATES TRACE AMOUNT.




$$
