000
CDUS43 KFSD 200625
CLISUX


CLIMATE REPORT
NATIONAL WEATHER SERVICE SIOUX FALLS SD
123 AM CDT WED MAY 20 2015


...................................

...THE SIOUX CITY IA CLIMATE SUMMARY FOR MAY 19 2015...

CLIMATE NORMAL PERIOD 1981 TO 2010
CLIMATE RECORD PERIOD 1889 TO 2015


WEATHER ITEM   OBSERVED TIME   RECORD YEAR NORMAL DEPARTURE LAST
                VALUE   (LST)  VALUE       VALUE  FROM      YEAR
                                                  NORMAL
..................................................................
TEMPERATURE (F)
 YESTERDAY
  MAXIMUM         54    751 PM  99    1934  74    -20       80
  MINIMUM         39    615 AM  32    2002  50    -11       62
                                      1895
  AVERAGE         47                        62    -15       71

PRECIPITATION (IN)
  YESTERDAY        0.00          1.08 1925   0.12  -0.12     0.00
                                      1903
  MONTH TO DATE    2.19                      2.24  -0.05     0.58
  SINCE MAR 1      5.60                      7.19  -1.59     3.03
  SINCE JAN 1      6.56                      8.48  -1.92     3.80

SNOWFALL (IN)
  YESTERDAY        0.0           0.0    MM   0.0    0.0      0.0
  MONTH TO DATE    0.0                       0.2   -0.2      0.0
  SINCE MAR 1      T                         8.5   -8.5     10.0
  SINCE JUL 1     21.5                      35.0  -13.5     23.8
  SNOW DEPTH       0

DEGREE DAYS
 HEATING
  YESTERDAY       18                         5     13        0
  MONTH TO DATE  109                       138    -29      177
  SINCE MAR 1   1184                      1496   -312     1622
  SINCE JUL 1   6350                      6790   -440     7226

 COOLING
  YESTERDAY        0                         2     -2        6
  MONTH TO DATE   18                        24     -6       23
  SINCE MAR 1     19                        35    -16       32
  SINCE JAN 1     19                        35    -16       32
..................................................................


WIND (MPH)
  HIGHEST WIND SPEED    18   HIGHEST WIND DIRECTION     N (20)
  HIGHEST GUST SPEED    23   HIGHEST GUST DIRECTION     N (20)
  AVERAGE WIND SPEED     9.3


SKY COVER
  POSSIBLE SUNSHINE  MM
  AVERAGE SKY COVER 0.6


WEATHER CONDITIONS
 THE FOLLOWING WEATHER WAS RECORDED YESTERDAY.
  NO SIGNIFICANT WEATHER WAS OBSERVED.


RELATIVE HUMIDITY (PERCENT)
 HIGHEST    70          1200 AM
 LOWEST     46           300 PM
 AVERAGE    58

..........................................................


THE SIOUX CITY IA CLIMATE NORMALS FOR TODAY
                         NORMAL    RECORD    YEAR
 MAXIMUM TEMPERATURE (F)   74        98      1934
 MINIMUM TEMPERATURE (F)   50        32      1997


SUNRISE AND SUNSET
MAY 20 2015...........SUNRISE   559 AM CDT   SUNSET   845 PM CDT
MAY 21 2015...........SUNRISE   559 AM CDT   SUNSET   846 PM CDT


-  INDICATES NEGATIVE NUMBERS.
R  INDICATES RECORD WAS SET OR TIED.
MM INDICATES DATA IS MISSING.
T  INDICATES TRACE AMOUNT.




$$
