000
CDUS43 KFSD 070056
CLISUX


CLIMATE REPORT
NATIONAL WEATHER SERVICE SIOUX FALLS SD
756 PM CDT SUN APR 6 2014


...................................

...THE SIOUX CITY IA CLIMATE SUMMARY FOR APRIL 6 2014...
VALID AS OF 0700 PM LOCAL TIME.

CLIMATE NORMAL PERIOD 1981 TO 2010
CLIMATE RECORD PERIOD 1889 TO 2014


WEATHER ITEM   OBSERVED TIME   RECORD YEAR NORMAL DEPARTURE LAST
                VALUE   (LST)  VALUE       VALUE  FROM      YEAR
                                                  NORMAL
..................................................................
TEMPERATURE (F)
 TODAY
  MAXIMUM         68    251 PM  91    1991  58     10       70
  MINIMUM         35    328 AM  12    1982  33      2       37
  AVERAGE         52                        46      6       54

PRECIPITATION (IN)
  TODAY            0.00          0.64 1919   0.09  -0.09      T
  MONTH TO DATE    0.64                      0.52   0.12      T
  SINCE MAR 1      1.02                      2.52  -1.50     2.00
  SINCE JAN 1      1.79                      3.81  -2.02     3.20

SNOWFALL (IN)
  TODAY            0.0           6.3  2003   0.1   -0.1      0.0
  MONTH TO DATE    3.5                       0.6    2.9      0.0
  SINCE MAR 1      8.2                       7.1    1.1     11.7
  SINCE JUL 1     22.0                      33.6  -11.6     32.5
  SNOW DEPTH       0

DEGREE DAYS
 HEATING
  TODAY           13                        20     -7       11
  MONTH TO DATE  159                       124     35      136
  SINCE MAR 1   1139                      1008    131     1183
  SINCE JUL 1   6743                      6302    441     6332

 COOLING
  TODAY            0                         0      0        0
  MONTH TO DATE    0                         0      0        0
  SINCE MAR 1      0                         0      0        0
  SINCE JAN 1      0                         0      0        0
..................................................................


WIND (MPH)
  HIGHEST WIND SPEED    21   HIGHEST WIND DIRECTION    SW (220)
  HIGHEST GUST SPEED    25   HIGHEST GUST DIRECTION    SW (220)
  AVERAGE WIND SPEED     9.8


SKY COVER
  POSSIBLE SUNSHINE  MM
  AVERAGE SKY COVER 0.5


WEATHER CONDITIONS
 THE FOLLOWING WEATHER WAS RECORDED TODAY.
  NO SIGNIFICANT WEATHER WAS OBSERVED.


RELATIVE HUMIDITY (PERCENT)
 HIGHEST    MM
 LOWEST     MM
 AVERAGE    MM

..........................................................


THE SIOUX CITY IA CLIMATE NORMALS FOR TOMORROW
                         NORMAL    RECORD    YEAR
 MAXIMUM TEMPERATURE (F)   59        88      1988
 MINIMUM TEMPERATURE (F)   33        14      1936


SUNRISE AND SUNSET
APRIL  6 2014.........SUNRISE   659 AM CDT   SUNSET   757 PM CDT
APRIL  7 2014.........SUNRISE   658 AM CDT   SUNSET   758 PM CDT


-  INDICATES NEGATIVE NUMBERS.
R  INDICATES RECORD WAS SET OR TIED.
MM INDICATES DATA IS MISSING.
T  INDICATES TRACE AMOUNT.



&&
.........................................................

ADDITIONAL WEATHER INFORMATION FOR TODAY
        TEMPERATURE / HUMIDITY
AT  4 AM      39    /    72%
AT  7 AM      46    /    62%
AT 10 AM      48    /    65%
AT  1 PM      64    /    41%
AT  4 PM      67    /    33%
AT  7 PM      62    /    40%

THE CURRENT MISSOURI RIVER STAGE...12.63 FT.

$$
