000
CDUS43 KFSD 060639
CLISUX


CLIMATE REPORT
NATIONAL WEATHER SERVICE SIOUX FALLS SD
1239 AM CST TUE FEB 6 2018


...................................

...THE SIOUX CITY IA CLIMATE SUMMARY FOR FEBRUARY 5 2018...

CLIMATE NORMAL PERIOD 1981 TO 2010
CLIMATE RECORD PERIOD 1889 TO 2018


WEATHER ITEM   OBSERVED TIME   RECORD YEAR NORMAL DEPARTURE LAST
                VALUE   (LST)  VALUE       VALUE  FROM      YEAR
                                                  NORMAL
..................................................................
TEMPERATURE (F)
 YESTERDAY
  MAXIMUM         16    450 PM  61    2005  32    -16       32
  MINIMUM         -1   1230 AM -22    1907  12    -13       17
  AVERAGE          8                        22    -14       25

PRECIPITATION (IN)
  YESTERDAY        0.30          1.10 1911   0.02   0.28     0.00
  MONTH TO DATE    0.30                      0.10   0.20      T
  SINCE DEC 1      2.07                      1.52   0.55     2.15
  SINCE JAN 1      1.68                      0.72   0.96     0.67

SNOWFALL (IN)
  YESTERDAY        3.2          13.0  1911   0.2    3.0      0.0
  MONTH TO DATE    3.2                       1.2    2.0       T
  SINCE DEC 1     23.9                      15.7    8.2     11.7
  SINCE JUL 1     23.9                      21.1    2.8     12.7
  SNOW DEPTH       7

DEGREE DAYS
 HEATING
  YESTERDAY       57                        43     14       40
  MONTH TO DATE  254                       215     39      199
  SINCE DEC 1   2943                      2915     28     2663
  SINCE JUL 1   4262                      4391   -129     3607

 COOLING
  YESTERDAY        0                         0      0        0
  MONTH TO DATE    0                         0      0        0
  SINCE DEC 1      0                         0      0        0
  SINCE JAN 1      0                         0      0        0
..................................................................


WIND (MPH)
  HIGHEST WIND SPEED    25   HIGHEST WIND DIRECTION     N (350)
  HIGHEST GUST SPEED    30   HIGHEST GUST DIRECTION    NW (320)
  AVERAGE WIND SPEED    12.4


SKY COVER
  POSSIBLE SUNSHINE  MM
  AVERAGE SKY COVER 0.7


WEATHER CONDITIONS
 THE FOLLOWING WEATHER WAS RECORDED YESTERDAY.
  SNOW
  LIGHT SNOW
  FOG
  FOG W/VISIBILITY <= 1/4 MILE
  HAZE


RELATIVE HUMIDITY (PERCENT)
 HIGHEST    92          1100 AM
 LOWEST     66           600 AM
 AVERAGE    79

..........................................................


THE SIOUX CITY IA CLIMATE NORMALS FOR TODAY
                         NORMAL    RECORD    YEAR
 MAXIMUM TEMPERATURE (F)   33        57      1957
 MINIMUM TEMPERATURE (F)   13       -17      1982
                                             1905
                                             1893


SUNRISE AND SUNSET
FEBRUARY  6 2018......SUNRISE   734 AM CST   SUNSET   546 PM CST
FEBRUARY  7 2018......SUNRISE   732 AM CST   SUNSET   548 PM CST


-  INDICATES NEGATIVE NUMBERS.
R  INDICATES RECORD WAS SET OR TIED.
MM INDICATES DATA IS MISSING.
T  INDICATES TRACE AMOUNT.




$$
