000
CDUS43 KFSD 312241
CLISUX


CLIMATE REPORT
NATIONAL WEATHER SERVICE SIOUX FALLS SD
440 PM CST SAT JAN 31 2015


...................................

...THE SIOUX CITY IA CLIMATE SUMMARY FOR JANUARY 31 2015...
VALID TODAY AS OF 0400 PM LOCAL TIME.

CLIMATE NORMAL PERIOD 1981 TO 2010
CLIMATE RECORD PERIOD 1889 TO 2015


WEATHER ITEM   OBSERVED TIME   RECORD YEAR NORMAL DEPARTURE LAST
                VALUE   (LST)  VALUE       VALUE  FROM      YEAR
                                                  NORMAL
..................................................................
TEMPERATURE (F)
 TODAY
  MAXIMUM         38    115 PM  57    1989  32      6       25
                                      1987
                                      1906
  MINIMUM         26    316 AM -25    1918  11     15        7
  AVERAGE         32                        22     10       16

PRECIPITATION (IN)
  TODAY            0.08          0.67 1891   0.02   0.06     0.00
  MONTH TO DATE    0.42                      0.62  -0.20     0.19
  SINCE DEC 1      1.82                      1.42   0.40     0.37
  SINCE JAN 1      0.42                      0.62  -0.20     0.19

SNOWFALL (IN)
  TODAY            0.1           6.2  2002   0.2   -0.1      0.0
  MONTH TO DATE    4.6                       6.7   -2.1      2.1
  SINCE DEC 1      8.4                      14.5   -6.1      4.4
  SINCE JUL 1     12.9                      19.9   -7.0      5.3
  SNOW DEPTH       0

DEGREE DAYS
 HEATING
  TODAY           33                        44    -11       49
  MONTH TO DATE 1257                      1386   -129     1441
  SINCE DEC 1   2387                      2700   -313     2891
  SINCE JUL 1   3882                      4176   -294     4315

 COOLING
  TODAY            0                         0      0        0
  MONTH TO DATE    0                         0      0        0
  SINCE DEC 1      0                         0      0        0
  SINCE JAN 1      0                         0      0        0
..................................................................


WIND (MPH)
  HIGHEST WIND SPEED    10   HIGHEST WIND DIRECTION     S (170)
  HIGHEST GUST SPEED    13   HIGHEST GUST DIRECTION     S (160)
  AVERAGE WIND SPEED     6.0


SKY COVER
  POSSIBLE SUNSHINE  MM
  AVERAGE SKY COVER 0.6


WEATHER CONDITIONS
 THE FOLLOWING WEATHER WAS RECORDED TODAY.
  LIGHT RAIN
  FOG


RELATIVE HUMIDITY (PERCENT)
 HIGHEST    96           800 AM
 LOWEST     85          1200 AM
 AVERAGE    91

..........................................................


THE SIOUX CITY IA CLIMATE NORMALS FOR TOMORROW
                         NORMAL    RECORD    YEAR
 MAXIMUM TEMPERATURE (F)   32        58      1987
 MINIMUM TEMPERATURE (F)   11       -26      1917


SUNRISE AND SUNSET
JANUARY 31 2015.......SUNRISE   740 AM CST   SUNSET   538 PM CST
FEBRUARY  1 2015......SUNRISE   739 AM CST   SUNSET   539 PM CST


-  INDICATES NEGATIVE NUMBERS.
R  INDICATES RECORD WAS SET OR TIED.
MM INDICATES DATA IS MISSING.
T  INDICATES TRACE AMOUNT.




$$
