000
CDUS43 KFSD 232227
CLISUX


CLIMATE REPORT
NATIONAL WEATHER SERVICE SIOUX FALLS SD
526 PM CDT TUE JUN 23 2015


...................................

...THE SIOUX CITY IA CLIMATE SUMMARY FOR JUNE 23 2015...
VALID TODAY AS OF 0500 PM LOCAL TIME.

CLIMATE NORMAL PERIOD 1981 TO 2010
CLIMATE RECORD PERIOD 1889 TO 2015


WEATHER ITEM   OBSERVED TIME   RECORD YEAR NORMAL DEPARTURE LAST
                VALUE   (LST)  VALUE       VALUE  FROM      YEAR
                                                  NORMAL
..................................................................
TEMPERATURE (F)
 TODAY
  MAXIMUM         81    359 PM 105    1937  84     -3       81
  MINIMUM         56    516 AM  47    1942  61     -5       63
  AVERAGE         69                        72     -3       72

PRECIPITATION (IN)
  TODAY            0.00          1.37 1998   0.13  -0.13      T
  MONTH TO DATE    3.70                      3.02   0.68    13.25
  SINCE JUN 1      3.70                      3.02   0.68    13.25
  SINCE JAN 1     11.60                     13.00  -1.40    18.50

SNOWFALL (IN)
  TODAY            0.0           0.0    MM   0.0    0.0      0.0
  MONTH TO DATE    0.0                       0.0    0.0      0.0
  SINCE JUN 1      0.0                       0.0    0.0      0.0
  SINCE JUL 1     21.5                      34.8  -13.3     23.8
  SNOW DEPTH       0

DEGREE DAYS
 HEATING
  TODAY            0                         0      0        0
  MONTH TO DATE    2                        24    -22       20
  SINCE JUN 1      2                        24    -22       20
  SINCE JUL 1   6409                      6858   -449     7246

 COOLING
  TODAY            4                         8     -4        7
  MONTH TO DATE  148                       128     20      135
  SINCE JUN 1    148                       128     20      135
  SINCE JAN 1    177                       192    -15      256
..................................................................


WIND (MPH)
  HIGHEST WIND SPEED     8   HIGHEST WIND DIRECTION     E (80)
  HIGHEST GUST SPEED    11   HIGHEST GUST DIRECTION    SE (130)
  AVERAGE WIND SPEED     3.0


SKY COVER
  POSSIBLE SUNSHINE  MM
  AVERAGE SKY COVER 0.1


WEATHER CONDITIONS
 THE FOLLOWING WEATHER WAS RECORDED TODAY.
  NO SIGNIFICANT WEATHER WAS OBSERVED.


RELATIVE HUMIDITY (PERCENT)
 HIGHEST    86           100 AM
 LOWEST     35           100 PM
 AVERAGE    61

..........................................................


THE SIOUX CITY IA CLIMATE NORMALS FOR TOMORROW
                         NORMAL    RECORD    YEAR
 MAXIMUM TEMPERATURE (F)   84       104      1988
 MINIMUM TEMPERATURE (F)   61        47      2004


SUNRISE AND SUNSET
JUNE 23 2015..........SUNRISE   549 AM CDT   SUNSET   906 PM CDT
JUNE 24 2015..........SUNRISE   549 AM CDT   SUNSET   906 PM CDT


-  INDICATES NEGATIVE NUMBERS.
R  INDICATES RECORD WAS SET OR TIED.
MM INDICATES DATA IS MISSING.
T  INDICATES TRACE AMOUNT.




$$
