000
CDUS43 KFSD 072236
CLISUX


CLIMATE REPORT
NATIONAL WEATHER SERVICE SIOUX FALLS SD
436 PM CST FRI NOV 7 2014


...................................

...THE SIOUX CITY IA CLIMATE SUMMARY FOR NOVEMBER 7 2014...
VALID TODAY AS OF 0400 PM LOCAL TIME.

CLIMATE NORMAL PERIOD 1981 TO 2010
CLIMATE RECORD PERIOD 1889 TO 2014


WEATHER ITEM   OBSERVED TIME   RECORD YEAR NORMAL DEPARTURE LAST
                VALUE   (LST)  VALUE       VALUE  FROM      YEAR
                                                  NORMAL
..................................................................
TEMPERATURE (F)
 TODAY
  MAXIMUM         60   1225 PM  77    1954  52      8       45
                                      1931
  MINIMUM         30    200 AM  -9    1991  30      0       24
  AVERAGE         45                        41      4       35

PRECIPITATION (IN)
  TODAY            0.00          0.66 1918   0.04  -0.04     0.00
  MONTH TO DATE    0.04                      0.32  -0.28     0.96
  SINCE SEP 1      3.96                      5.41  -1.45     6.29
  SINCE JAN 1     39.59                     25.95  13.64    26.32

SNOWFALL (IN)
  TODAY            0.0           5.5  1943   0.1   -0.1      0.0
  MONTH TO DATE    0.0                       0.6   -0.6      0.5
  SINCE SEP 1      0.0                       1.6   -1.6      0.5
  SINCE JUL 1      0.0                       1.6   -1.6      0.5
  SNOW DEPTH       0

DEGREE DAYS
 HEATING
  TODAY           20                        24     -4       30
  MONTH TO DATE  130                       159    -29      168
  SINCE SEP 1    604                       744   -140      673
  SINCE JUL 1    610                       759   -149      693

 COOLING
  TODAY            0                         0      0        0
  MONTH TO DATE    0                         0      0        0
  SINCE SEP 1     96                        92      4      159
  SINCE JAN 1    862                       869     -7      960
..................................................................


WIND (MPH)
  HIGHEST WIND SPEED    23   HIGHEST WIND DIRECTION    SW (220)
  HIGHEST GUST SPEED    30   HIGHEST GUST DIRECTION     S (200)
  AVERAGE WIND SPEED    12.1


SKY COVER
  POSSIBLE SUNSHINE  MM
  AVERAGE SKY COVER 0.0


WEATHER CONDITIONS
 THE FOLLOWING WEATHER WAS RECORDED TODAY.
  NO SIGNIFICANT WEATHER WAS OBSERVED.


RELATIVE HUMIDITY (PERCENT)
 HIGHEST    85          1200 AM
 LOWEST     40           100 PM
 AVERAGE    63

..........................................................


THE SIOUX CITY IA CLIMATE NORMALS FOR TOMORROW
                         NORMAL    RECORD    YEAR
 MAXIMUM TEMPERATURE (F)   51        82      2006
 MINIMUM TEMPERATURE (F)   29         1      1991


SUNRISE AND SUNSET
NOVEMBER  7 2014......SUNRISE   706 AM CST   SUNSET   511 PM CST
NOVEMBER  8 2014......SUNRISE   708 AM CST   SUNSET   510 PM CST


-  INDICATES NEGATIVE NUMBERS.
R  INDICATES RECORD WAS SET OR TIED.
MM INDICATES DATA IS MISSING.
T  INDICATES TRACE AMOUNT.




$$
