000
CDUS43 KFSD 100638
CLISUX


CLIMATE REPORT
NATIONAL WEATHER SERVICE SIOUX FALLS SD
1237 AM CST MON NOV 10 2014


...................................

...THE SIOUX CITY IA CLIMATE SUMMARY FOR NOVEMBER 9 2014...

CLIMATE NORMAL PERIOD 1981 TO 2010
CLIMATE RECORD PERIOD 1889 TO 2014


WEATHER ITEM   OBSERVED TIME   RECORD YEAR NORMAL DEPARTURE LAST
                VALUE   (LST)  VALUE       VALUE  FROM      YEAR
                                                  NORMAL
..................................................................
TEMPERATURE (F)
 YESTERDAY
  MAXIMUM         51    231 PM  73    1999  51      0       56
                                      1937
  MINIMUM         31    656 AM  12    1945  29      2       32
  AVERAGE         41                        40      1       44

PRECIPITATION (IN)
  YESTERDAY        T             1.70 1984   0.04  -0.04     0.00
  MONTH TO DATE    0.04                      0.40  -0.36     0.96
  SINCE SEP 1      3.96                      5.49  -1.53     6.29
  SINCE JAN 1     39.59                     26.03  13.56    26.32

SNOWFALL (IN)
  YESTERDAY        0.0          11.0  1946   0.1   -0.1      0.0
  MONTH TO DATE    0.0                       0.8   -0.8      0.5
  SINCE SEP 1      0.0                       1.8   -1.8      0.5
  SINCE JUL 1      0.0                       1.8   -1.8      0.5
  SNOW DEPTH       0

DEGREE DAYS
 HEATING
  YESTERDAY       24                        25     -1       21
  MONTH TO DATE  177                       209    -32      212
  SINCE SEP 1    651                       794   -143      717
  SINCE JUL 1    657                       809   -152      737

 COOLING
  YESTERDAY        0                         0      0        0
  MONTH TO DATE    0                         0      0        0
  SINCE SEP 1     96                        92      4      159
  SINCE JAN 1    862                       869     -7      960
..................................................................


WIND (MPH)
  HIGHEST WIND SPEED    20   HIGHEST WIND DIRECTION     E (100)
  HIGHEST GUST SPEED    23   HIGHEST GUST DIRECTION     E (90)
  AVERAGE WIND SPEED     6.7


SKY COVER
  POSSIBLE SUNSHINE  MM
  AVERAGE SKY COVER 0.3


WEATHER CONDITIONS
 THE FOLLOWING WEATHER WAS RECORDED YESTERDAY.
  LIGHT RAIN


RELATIVE HUMIDITY (PERCENT)
 HIGHEST    89           800 AM
 LOWEST     56          1100 AM
 AVERAGE    73

..........................................................


THE SIOUX CITY IA CLIMATE NORMALS FOR TODAY
                         NORMAL    RECORD    YEAR
 MAXIMUM TEMPERATURE (F)   50        73      1949
 MINIMUM TEMPERATURE (F)   28        -2      1986


SUNRISE AND SUNSET
NOVEMBER 10 2014......SUNRISE   710 AM CST   SUNSET   508 PM CST
NOVEMBER 11 2014......SUNRISE   711 AM CST   SUNSET   507 PM CST


-  INDICATES NEGATIVE NUMBERS.
R  INDICATES RECORD WAS SET OR TIED.
MM INDICATES DATA IS MISSING.
T  INDICATES TRACE AMOUNT.




$$
