000
CDUS43 KFSD 161310 CCA
CLISUX

CLIMATE REPORT...CORRECTION
NATIONAL WEATHER SERVICE SIOUX FALLS SD
810 AM CDT FRI JUN 16 2017


...................................

...THE SIOUX CITY IA CLIMATE SUMMARY FOR JUNE 15 2017...

CLIMATE NORMAL PERIOD 1981 TO 2010
CLIMATE RECORD PERIOD 1889 TO 2017


WEATHER ITEM   OBSERVED TIME   RECORD YEAR NORMAL DEPARTURE LAST
                VALUE   (LST)  VALUE       VALUE  FROM      YEAR
                                                  NORMAL
..................................................................
TEMPERATURE (F)
 YESTERDAY
  MAXIMUM         88        MM 101    1952  82      6       90
  MINIMUM         58        MM  41    1989  59     -1       63
  AVERAGE         73                        70      3       77

PRECIPITATION (IN)
  YESTERDAY        0.00          1.75 1999   0.13  -0.13     0.00
  MONTH TO DATE    0.48                      2.00  -1.52     0.90
  SINCE JUN 1      0.48                      2.00  -1.52     0.90
  SINCE JAN 1      9.95                     11.98  -2.03    16.63

SNOWFALL (IN)
  YESTERDAY        0.0           0.0    MM   0.0    0.0      0.0
  MONTH TO DATE    0.0                       0.0    0.0      0.0
  SINCE JUN 1      0.0                       0.0    0.0      0.0
  SINCE JUL 1     28.6                      34.8   -6.2     57.6
  SNOW DEPTH       0

DEGREE DAYS
 HEATING
  YESTERDAY       MM                         1     MM        0
  MONTH TO DATE    0                        21    -21        0
  SINCE JUN 1      0                        21    -21        0
  SINCE JUL 1   5638                      6855  -1217     5655

 COOLING
  YESTERDAY       MM                         6     MM       12
  MONTH TO DATE  167                        71     96      143
  SINCE JUN 1    167                        71     96      143
  SINCE JAN 1    205                       135     70      195
..................................................................


WIND (MPH)
  HIGHEST WIND SPEED    13   HIGHEST WIND DIRECTION    SE (120)
  HIGHEST GUST SPEED    17   HIGHEST GUST DIRECTION     N (360)
  AVERAGE WIND SPEED     4.8


SKY COVER
  POSSIBLE SUNSHINE  MM
  AVERAGE SKY COVER  0.0


WEATHER CONDITIONS
 THE FOLLOWING WEATHER WAS RECORDED YESTERDAY.
  NO SIGNIFICANT WEATHER WAS OBSERVED.


RELATIVE HUMIDITY (PERCENT)
 HIGHEST    93           300 AM
 LOWEST     43          1000 AM
 AVERAGE    68

..........................................................


THE SIOUX CITY IA CLIMATE NORMALS FOR TODAY
                         NORMAL    RECORD    YEAR
 MAXIMUM TEMPERATURE (F)   83       106      1946
 MINIMUM TEMPERATURE (F)   59        43      1999


SUNRISE AND SUNSET
JUNE 16 2017..........SUNRISE   548 AM CDT   SUNSET   905 PM CDT
JUNE 17 2017..........SUNRISE   548 AM CDT   SUNSET   905 PM CDT


-  INDICATES NEGATIVE NUMBERS.
R  INDICATES RECORD WAS SET OR TIED.
MM INDICATES DATA IS MISSING.
T  INDICATES TRACE AMOUNT.




$$
