000
CDUS43 KFSD 070651
CLISUX


CLIMATE REPORT
NATIONAL WEATHER SERVICE SIOUX FALLS SD
150 AM CDT SAT MAY 7 2016


...................................

...THE SIOUX CITY IA CLIMATE SUMMARY FOR MAY 6 2016...

CLIMATE NORMAL PERIOD 1981 TO 2010
CLIMATE RECORD PERIOD 1889 TO 2016


WEATHER ITEM   OBSERVED TIME   RECORD YEAR NORMAL DEPARTURE LAST
                VALUE   (LST)  VALUE       VALUE  FROM      YEAR
                                                  NORMAL
..................................................................
TEMPERATURE (F)
 YESTERDAY
  MAXIMUM         87    425 PM 100    1934  70     17       74
  MINIMUM         48    521 AM  26    1944  45      3       62
  AVERAGE         68                        58     10       68

PRECIPITATION (IN)
  YESTERDAY        0.00          1.40 1939   0.11  -0.11     0.35
  MONTH TO DATE    0.51                      0.68  -0.17     0.62
  SINCE MAR 1      9.38                      5.63   3.75     4.03
  SINCE JAN 1     11.22                      6.92   4.30     4.99

SNOWFALL (IN)
  YESTERDAY        0.0           0.0    MM   0.0    0.0      0.0
  MONTH TO DATE    0.0                       0.1   -0.1      0.0
  SINCE MAR 1     14.5                       8.4    6.1       T
  SINCE JUL 1     57.6                      34.9   22.7     21.5
  SNOW DEPTH       0

DEGREE DAYS
 HEATING
  YESTERDAY        0                         8     -8        0
  MONTH TO DATE   57                        55      2       10
  SINCE MAR 1   1084                      1413   -329     1085
  SINCE JUL 1   5543                      6707  -1164     6251

 COOLING
  YESTERDAY        3                         1      2        3
  MONTH TO DATE    3                         6     -3       11
  SINCE MAR 1      3                        17    -14       12
  SINCE JAN 1      3                        17    -14       12
..................................................................


WIND (MPH)
  HIGHEST WIND SPEED    25   HIGHEST WIND DIRECTION    SW (230)
  HIGHEST GUST SPEED    32   HIGHEST GUST DIRECTION    SW (230)
  AVERAGE WIND SPEED    11.7


SKY COVER
  POSSIBLE SUNSHINE  MM
  AVERAGE SKY COVER 0.0


WEATHER CONDITIONS
 THE FOLLOWING WEATHER WAS RECORDED YESTERDAY.
  NO SIGNIFICANT WEATHER WAS OBSERVED.


RELATIVE HUMIDITY (PERCENT)
 HIGHEST    80           300 AM
 LOWEST     29           300 PM
 AVERAGE    55

..........................................................


THE SIOUX CITY IA CLIMATE NORMALS FOR TODAY
                         NORMAL    RECORD    YEAR
 MAXIMUM TEMPERATURE (F)   70        94      2014
 MINIMUM TEMPERATURE (F)   46        30      1976
                                             1954
                                             1907


SUNRISE AND SUNSET
MAY  7 2016...........SUNRISE   612 AM CDT   SUNSET   832 PM CDT
MAY  8 2016...........SUNRISE   611 AM CDT   SUNSET   834 PM CDT


-  INDICATES NEGATIVE NUMBERS.
R  INDICATES RECORD WAS SET OR TIED.
MM INDICATES DATA IS MISSING.
T  INDICATES TRACE AMOUNT.




$$
