000
CDUS43 KFSD 300621
CLISUX


CLIMATE REPORT
NATIONAL WEATHER SERVICE SIOUX FALLS SD
121 AM CDT SUN JUL 30 2017


...................................

...THE SIOUX CITY IA CLIMATE SUMMARY FOR JULY 29 2017...

CLIMATE NORMAL PERIOD 1981 TO 2010
CLIMATE RECORD PERIOD 1889 TO 2017


WEATHER ITEM   OBSERVED TIME   RECORD YEAR NORMAL DEPARTURE LAST
                VALUE   (LST)  VALUE       VALUE  FROM      YEAR
                                                  NORMAL
..................................................................
TEMPERATURE (F)
 YESTERDAY
  MAXIMUM         85    419 PM 107    1947  85      0       84
  MINIMUM         60    430 AM  48    1952  63     -3       62
  AVERAGE         73                        74     -1       73

PRECIPITATION (IN)
  YESTERDAY        0.00          2.68 1989   0.11  -0.11     0.00
  MONTH TO DATE    0.84                      3.23  -2.39     2.19
  SINCE JUN 1      2.56                      7.12  -4.56     3.57
  SINCE JAN 1     12.03                     17.10  -5.07    19.30

SNOWFALL (IN)
  YESTERDAY        0.0           0.0    MM   0.0    0.0      0.0
  MONTH TO DATE    0.0                       0.0    0.0      0.0
  SINCE JUN 1      0.0                       0.0    0.0      0.0
  SINCE JUL 1      0.0                       0.0    0.0      0.0
  SNOW DEPTH       0

DEGREE DAYS
 HEATING
  YESTERDAY        0                         0      0        0
  MONTH TO DATE    0                         0      0        0
  SINCE JUN 1     10                        27    -17        0
  SINCE JUL 1      0                         0      0        0

 COOLING
  YESTERDAY        8                         9     -1        8
  MONTH TO DATE  384                       278    106      332
  SINCE JUN 1    639                       466    173      665
  SINCE JAN 1    677                       530    147      717
..................................................................


WIND (MPH)
  HIGHEST WIND SPEED    16   HIGHEST WIND DIRECTION    SE (130)
  HIGHEST GUST SPEED    20   HIGHEST GUST DIRECTION     S (180)
  AVERAGE WIND SPEED     6.5


SKY COVER
  POSSIBLE SUNSHINE  MM
  AVERAGE SKY COVER 0.1


WEATHER CONDITIONS
 THE FOLLOWING WEATHER WAS RECORDED YESTERDAY.
  FOG


RELATIVE HUMIDITY (PERCENT)
 HIGHEST   100           300 AM
 LOWEST     51           300 PM
 AVERAGE    76

..........................................................


THE SIOUX CITY IA CLIMATE NORMALS FOR TODAY
                         NORMAL    RECORD    YEAR
 MAXIMUM TEMPERATURE (F)   85       104      1955
 MINIMUM TEMPERATURE (F)   63        42      1971


SUNRISE AND SUNSET
JULY 30 2017..........SUNRISE   616 AM CDT   SUNSET   847 PM CDT
JULY 31 2017..........SUNRISE   617 AM CDT   SUNSET   846 PM CDT


-  INDICATES NEGATIVE NUMBERS.
R  INDICATES RECORD WAS SET OR TIED.
MM INDICATES DATA IS MISSING.
T  INDICATES TRACE AMOUNT.




$$
