000
CDUS43 KFSD 240637
CLISUX


CLIMATE REPORT
NATIONAL WEATHER SERVICE SIOUX FALLS SD
136 AM CDT WED SEP 24 2014


...................................

...THE SIOUX CITY IA CLIMATE SUMMARY FOR SEPTEMBER 23 2014...

CLIMATE NORMAL PERIOD 1981 TO 2010
CLIMATE RECORD PERIOD 1889 TO 2014


WEATHER ITEM   OBSERVED TIME   RECORD YEAR NORMAL DEPARTURE LAST
                VALUE   (LST)  VALUE       VALUE  FROM      YEAR
                                                  NORMAL
..................................................................
TEMPERATURE (F)
 YESTERDAY
  MAXIMUM         67    603 PM  95    1938  74     -7       80
  MINIMUM         56    144 AM  25    2012  47      9       51
  AVERAGE         62                        60      2       66

PRECIPITATION (IN)
  YESTERDAY        0.16          2.18 1937   0.10   0.06     0.00
  MONTH TO DATE    2.44                      2.31   0.13     1.17
  SINCE SEP 1      2.44                      2.31   0.13     1.17
  SINCE JAN 1     38.07                     22.85  15.22    21.20

SNOWFALL (IN)
  YESTERDAY        0.0           0.0    MM   0.0    0.0      0.0
  MONTH TO DATE    0.0                       0.0    0.0      0.0
  SINCE SEP 1      0.0                       0.0    0.0      0.0
  SINCE JUL 1      0.0                       0.0    0.0      0.0
  SNOW DEPTH       0

DEGREE DAYS
 HEATING
  YESTERDAY        3                         6     -3        0
  MONTH TO DATE  104                        79     25       32
  SINCE SEP 1    104                        79     25       32
  SINCE JUL 1    110                        94     16       52

 COOLING
  YESTERDAY        0                         1     -1        1
  MONTH TO DATE   58                        75    -17      123
  SINCE SEP 1     58                        75    -17      123
  SINCE JAN 1    824                       852    -28      924
..................................................................


WIND (MPH)
  HIGHEST WIND SPEED    18   HIGHEST WIND DIRECTION    SE (150)
  HIGHEST GUST SPEED    26   HIGHEST GUST DIRECTION    SE (140)
  AVERAGE WIND SPEED     8.9


SKY COVER
  POSSIBLE SUNSHINE  MM
  AVERAGE SKY COVER 0.9


WEATHER CONDITIONS
 THE FOLLOWING WEATHER WAS RECORDED YESTERDAY.
  THUNDERSTORM
  LIGHT RAIN
  FOG


RELATIVE HUMIDITY (PERCENT)
 HIGHEST    90          1000 AM
 LOWEST     63           700 PM
 AVERAGE    77

..........................................................


THE SIOUX CITY IA CLIMATE NORMALS FOR TODAY
                         NORMAL    RECORD    YEAR
 MAXIMUM TEMPERATURE (F)   73        89      1956
 MINIMUM TEMPERATURE (F)   47        30      2001
                                             1942


SUNRISE AND SUNSET
SEPTEMBER 24 2014.....SUNRISE   715 AM CDT   SUNSET   719 PM CDT
SEPTEMBER 25 2014.....SUNRISE   716 AM CDT   SUNSET   717 PM CDT


-  INDICATES NEGATIVE NUMBERS.
R  INDICATES RECORD WAS SET OR TIED.
MM INDICATES DATA IS MISSING.
T  INDICATES TRACE AMOUNT.




$$
