000
CDUS43 KFSD 270646
CLISUX


CLIMATE REPORT
NATIONAL WEATHER SERVICE SIOUX FALLS SD
144 AM CDT SUN JUL 27 2014


...................................

...THE SIOUX CITY IA CLIMATE SUMMARY FOR JULY 26 2014...

CLIMATE NORMAL PERIOD 1981 TO 2010
CLIMATE RECORD PERIOD 1889 TO 2014


WEATHER ITEM   OBSERVED TIME   RECORD YEAR NORMAL DEPARTURE LAST
                VALUE   (LST)  VALUE       VALUE  FROM      YEAR
                                                  NORMAL
..................................................................
TEMPERATURE (F)
 YESTERDAY
  MAXIMUM         88    455 PM 107    1894  85      3       75
  MINIMUM         69   1156 PM  48    2004  63      6       58
  AVERAGE         79                        74      5       67

PRECIPITATION (IN)
  YESTERDAY        0.00          2.04 1961   0.10  -0.10     0.00
  MONTH TO DATE    3.60                      2.91   0.69     0.59
  SINCE JUN 1     20.25                      6.80  13.45     3.72
  SINCE JAN 1     25.50                     16.78   8.72    16.95

SNOWFALL (IN)
  YESTERDAY        0.0           0.0    MM   0.0    0.0      0.0
  MONTH TO DATE    0.0                       0.0    0.0      0.0
  SINCE JUN 1      0.0                       0.0    0.0      0.0
  SINCE JUL 1      0.0                       0.0    0.0      0.0
  SNOW DEPTH       0

DEGREE DAYS
 HEATING
  YESTERDAY        0                         0      0        0
  MONTH TO DATE    6                         0      6        0
  SINCE JUN 1     26                        27     -1       40
  SINCE JUL 1      6                         0      6        0

 COOLING
  YESTERDAY       14                         9      5        2
  MONTH TO DATE  181                       251    -70      276
  SINCE JUN 1    376                       439    -63      471
  SINCE JAN 1    497                       503     -6      527
..................................................................


WIND (MPH)
  HIGHEST WIND SPEED    13   HIGHEST WIND DIRECTION    NE (40)
  HIGHEST GUST SPEED    15   HIGHEST GUST DIRECTION    NE (40)
  AVERAGE WIND SPEED     4.8


SKY COVER
  POSSIBLE SUNSHINE  MM
  AVERAGE SKY COVER 0.2


WEATHER CONDITIONS
 THE FOLLOWING WEATHER WAS RECORDED YESTERDAY.
  FOG


RELATIVE HUMIDITY (PERCENT)
 HIGHEST    97           400 AM
 LOWEST     59           500 PM
 AVERAGE    78

..........................................................


THE SIOUX CITY IA CLIMATE NORMALS FOR TODAY
                         NORMAL    RECORD    YEAR
 MAXIMUM TEMPERATURE (F)   85       104      1935
                                             1930
 MINIMUM TEMPERATURE (F)   63        47      2013


SUNRISE AND SUNSET
JULY 27 2014..........SUNRISE   613 AM CDT   SUNSET   851 PM CDT
JULY 28 2014..........SUNRISE   614 AM CDT   SUNSET   849 PM CDT


-  INDICATES NEGATIVE NUMBERS.
R  INDICATES RECORD WAS SET OR TIED.
MM INDICATES DATA IS MISSING.
T  INDICATES TRACE AMOUNT.




$$
