000
CDUS43 KFSD 212320
CLISUX


CLIMATE REPORT
NATIONAL WEATHER SERVICE SIOUX FALLS SD
617 PM CDT SUN JUN 21 2015


...................................

...THE SIOUX CITY IA CLIMATE SUMMARY FOR JUNE 21 2015...
VALID TODAY AS OF 0600 PM LOCAL TIME.

CLIMATE NORMAL PERIOD 1981 TO 2010
CLIMATE RECORD PERIOD 1889 TO 2015


WEATHER ITEM   OBSERVED TIME   RECORD YEAR NORMAL DEPARTURE LAST
                VALUE   (LST)  VALUE       VALUE  FROM      YEAR
                                                  NORMAL
..................................................................
TEMPERATURE (F)
 TODAY
  MAXIMUM         90    400 PM 108    1988  84      6       85
  MINIMUM         60        MM  41    1902  60      0       64
  AVERAGE         75                        72      3       75

PRECIPITATION (IN)
  TODAY            0.01          2.83 1903   0.13  -0.12      T
  MONTH TO DATE    3.66                      2.76   0.90    12.10
  SINCE JUN 1      3.66                      2.76   0.90    12.10
  SINCE JAN 1     11.56                     12.74  -1.18    17.35

SNOWFALL (IN)
  TODAY            0.0           0.0    MM   0.0    0.0      0.0
  MONTH TO DATE    0.0                       0.0    0.0      0.0
  SINCE JUN 1      0.0                       0.0    0.0      0.0
  SINCE JUL 1     21.5                      34.8  -13.3     23.8
  SNOW DEPTH      MM

DEGREE DAYS
 HEATING
  TODAY            0                         0      0        0
  MONTH TO DATE    2                        24    -22       20
  SINCE JUN 1      2                        24    -22       20
  SINCE JUL 1   6409                      6858   -449     7246

 COOLING
  TODAY           10                         7      3       10
  MONTH TO DATE  135                       112     23      121
  SINCE JUN 1    135                       112     23      121
  SINCE JAN 1    164                       176    -12      242
..................................................................


WIND (MPH)
  HIGHEST WIND SPEED    10   HIGHEST WIND DIRECTION     E (90)
  HIGHEST GUST SPEED    MM   HIGHEST GUST DIRECTION    MM
  AVERAGE WIND SPEED     4.3


SKY COVER
  POSSIBLE SUNSHINE  MM
  AVERAGE SKY COVER 0.1


WEATHER CONDITIONS
 THE FOLLOWING WEATHER WAS RECORDED TODAY.
  LIGHT RAIN


RELATIVE HUMIDITY (PERCENT)
 HIGHEST    90           200 AM
 LOWEST     34           100 PM
 AVERAGE    62

..........................................................


THE SIOUX CITY IA CLIMATE NORMALS FOR TOMORROW
                         NORMAL    RECORD    YEAR
 MAXIMUM TEMPERATURE (F)   84        99      1988
                                             1930
 MINIMUM TEMPERATURE (F)   61        44      1905


SUNRISE AND SUNSET
JUNE 21 2015..........SUNRISE   549 AM CDT   SUNSET   906 PM CDT
JUNE 22 2015..........SUNRISE   549 AM CDT   SUNSET   906 PM CDT


-  INDICATES NEGATIVE NUMBERS.
R  INDICATES RECORD WAS SET OR TIED.
MM INDICATES DATA IS MISSING.
T  INDICATES TRACE AMOUNT.




$$
