149
CDUS43 KFSD 152235
CLISUX


CLIMATE REPORT
NATIONAL WEATHER SERVICE SIOUX FALLS SD
534 PM CDT MON MAY 15 2017


...................................

...THE SIOUX CITY IA CLIMATE SUMMARY FOR MAY 15 2017...
VALID TODAY AS OF 0500 PM LOCAL TIME.

CLIMATE NORMAL PERIOD 1981 TO 2010
CLIMATE RECORD PERIOD 1889 TO 2017


WEATHER ITEM   OBSERVED TIME   RECORD YEAR NORMAL DEPARTURE LAST
                VALUE   (LST)  VALUE       VALUE  FROM      YEAR
                                                  NORMAL
..................................................................
TEMPERATURE (F)
 TODAY
  MAXIMUM         82    355 PM 101    2001  73      9       69
  MINIMUM         57    501 AM  32    2014  48      9       35
                                      1983
                                      1942
  AVERAGE         70                        61      9       52

PRECIPITATION (IN)
  TODAY            T             1.87 1992   0.12  -0.12     0.00
  MONTH TO DATE    0.86                      1.75  -0.89     1.69
  SINCE MAR 1      5.30                      6.70  -1.40    10.56
  SINCE JAN 1      6.89                      7.99  -1.10    12.40

SNOWFALL (IN)
  TODAY            0.0           0.3  1907   0.0    0.0      0.0
  MONTH TO DATE    T                         0.2   -0.2      0.0
  SINCE MAR 1      3.1                       8.5   -5.4     14.5
  SINCE JUL 1     28.6                      35.0   -6.4     57.6
  SNOW DEPTH       0

DEGREE DAYS
 HEATING
  TODAY            0                         6     -6       13
  MONTH TO DATE   86                       117    -31      121
  SINCE MAR 1   1294                      1475   -181     1148
  SINCE JUL 1   5531                      6769  -1238     5607

 COOLING
  TODAY            5                         2      3        0
  MONTH TO DATE   25                        16      9        3
  SINCE MAR 1     26                        27     -1        3
  SINCE JAN 1     26                        27     -1        3
..................................................................


WIND (MPH)
  HIGHEST WIND SPEED    23   HIGHEST WIND DIRECTION    NE (40)
  HIGHEST GUST SPEED    28   HIGHEST GUST DIRECTION    NE (40)
  AVERAGE WIND SPEED     6.9


SKY COVER
  POSSIBLE SUNSHINE  MM
  AVERAGE SKY COVER 0.2


WEATHER CONDITIONS
 THE FOLLOWING WEATHER WAS RECORDED TODAY.
  THUNDERSTORM
  LIGHT RAIN


RELATIVE HUMIDITY (PERCENT)
 HIGHEST    90           300 AM
 LOWEST     62           400 PM
 AVERAGE    76

..........................................................


THE SIOUX CITY IA CLIMATE NORMALS FOR TOMORROW
                         NORMAL    RECORD    YEAR
 MAXIMUM TEMPERATURE (F)   73        92      1936
 MINIMUM TEMPERATURE (F)   49        28      2014


SUNRISE AND SUNSET
MAY 15 2017...........SUNRISE   604 AM CDT   SUNSET   841 PM CDT
MAY 16 2017...........SUNRISE   603 AM CDT   SUNSET   842 PM CDT


-  INDICATES NEGATIVE NUMBERS.
R  INDICATES RECORD WAS SET OR TIED.
MM INDICATES DATA IS MISSING.
T  INDICATES TRACE AMOUNT.




$$
