000
CDUS43 KFSD 100633
CLISUX


CLIMATE REPORT
NATIONAL WEATHER SERVICE SIOUX FALLS SD
1232 AM CST SAT FEB 10 2018


...................................

...THE SIOUX CITY IA CLIMATE SUMMARY FOR FEBRUARY 9 2018...

CLIMATE NORMAL PERIOD 1981 TO 2010
CLIMATE RECORD PERIOD 1889 TO 2018


WEATHER ITEM   OBSERVED TIME   RECORD YEAR NORMAL DEPARTURE LAST
                VALUE   (LST)  VALUE       VALUE  FROM      YEAR
                                                  NORMAL
..................................................................
TEMPERATURE (F)
 YESTERDAY
  MAXIMUM         14   1211 AM  62    1954  33    -19       25
  MINIMUM          5   1159 PM -29    1899  13     -8        4
  AVERAGE         10                        23    -13       15

PRECIPITATION (IN)
  YESTERDAY        0.05          0.81 1909   0.02   0.03     0.00
  MONTH TO DATE    0.59                      0.18   0.41     0.14
  SINCE DEC 1      2.36                      1.60   0.76     2.29
  SINCE JAN 1      1.97                      0.80   1.17     0.81

SNOWFALL (IN)
  YESTERDAY        1.5          10.5  1909   0.3    1.2      0.0
  MONTH TO DATE    7.1                       2.2    4.9      2.9
  SINCE DEC 1     27.8                      16.7   11.1     14.6
  SINCE JUL 1     27.8                      22.1    5.7     15.6
  SNOW DEPTH      12

DEGREE DAYS
 HEATING
  YESTERDAY       55                        42     13       50
  MONTH TO DATE  480                       383     97      368
  SINCE DEC 1   3169                      3083     86     2832
  SINCE JUL 1   4488                      4559    -71     3776

 COOLING
  YESTERDAY        0                         0      0        0
  MONTH TO DATE    0                         0      0        0
  SINCE DEC 1      0                         0      0        0
  SINCE JAN 1      0                         0      0        0
..................................................................


WIND (MPH)
  HIGHEST WIND SPEED    22   HIGHEST WIND DIRECTION    NE (40)
  HIGHEST GUST SPEED    26   HIGHEST GUST DIRECTION    NE (30)
  AVERAGE WIND SPEED    13.2


SKY COVER
  POSSIBLE SUNSHINE  MM
  AVERAGE SKY COVER 0.7


WEATHER CONDITIONS
 THE FOLLOWING WEATHER WAS RECORDED YESTERDAY.
  LIGHT SNOW
  FOG
  HAZE


RELATIVE HUMIDITY (PERCENT)
 HIGHEST    88           800 PM
 LOWEST     63          1200 PM
 AVERAGE    76

..........................................................


THE SIOUX CITY IA CLIMATE NORMALS FOR TODAY
                         NORMAL    RECORD    YEAR
 MAXIMUM TEMPERATURE (F)   33        68      1999
 MINIMUM TEMPERATURE (F)   14       -17      1905


SUNRISE AND SUNSET
FEBRUARY 10 2018......SUNRISE   729 AM CST   SUNSET   551 PM CST
FEBRUARY 11 2018......SUNRISE   727 AM CST   SUNSET   553 PM CST


-  INDICATES NEGATIVE NUMBERS.
R  INDICATES RECORD WAS SET OR TIED.
MM INDICATES DATA IS MISSING.
T  INDICATES TRACE AMOUNT.




$$
