000
CDUS43 KFSD 120635
CLISUX


CLIMATE REPORT
NATIONAL WEATHER SERVICE SIOUX FALLS SD
134 AM CDT TUE APR 12 2016


...................................

...THE SIOUX CITY IA CLIMATE SUMMARY FOR APRIL 11 2016...

CLIMATE NORMAL PERIOD 1981 TO 2010
CLIMATE RECORD PERIOD 1889 TO 2016


WEATHER ITEM   OBSERVED TIME   RECORD YEAR NORMAL DEPARTURE LAST
                VALUE   (LST)  VALUE       VALUE  FROM      YEAR
                                                  NORMAL
..................................................................
TEMPERATURE (F)
 YESTERDAY
  MAXIMUM         51    415 PM  89    1968  61    -10       74
  MINIMUM         26   1127 PM  16    1940  35     -9       35
  AVERAGE         39                        48     -9       55

PRECIPITATION (IN)
  YESTERDAY        0.00          1.24 2001   0.10  -0.10     0.00
  MONTH TO DATE    0.03                      0.98  -0.95     1.72
  SINCE MAR 1      3.09                      2.98   0.11     2.60
  SINCE JAN 1      4.93                      4.27   0.66     3.56

SNOWFALL (IN)
  YESTERDAY        0.0           5.0  1997   0.0    0.0      0.0
  MONTH TO DATE    0.0                       1.0   -1.0      0.0
  SINCE MAR 1     14.5                       7.5    7.0       T
  SINCE JUL 1     57.6                      34.0   23.6     21.5
  SNOW DEPTH       0

DEGREE DAYS
 HEATING
  YESTERDAY       26                        18      8       10
  MONTH TO DATE  219                       216      3      164
  SINCE MAR 1    852                      1100   -248      871
  SINCE JUL 1   5311                      6394  -1083     6037

 COOLING
  YESTERDAY        0                         0      0        0
  MONTH TO DATE    0                         0      0        1
  SINCE MAR 1      0                         0      0        1
  SINCE JAN 1      0                         0      0        1
..................................................................


WIND (MPH)
  HIGHEST WIND SPEED    26   HIGHEST WIND DIRECTION     N (360)
  HIGHEST GUST SPEED    34   HIGHEST GUST DIRECTION     N (360)
  AVERAGE WIND SPEED    12.6


SKY COVER
  POSSIBLE SUNSHINE  MM
  AVERAGE SKY COVER 0.0


WEATHER CONDITIONS
 THE FOLLOWING WEATHER WAS RECORDED YESTERDAY.
  NO SIGNIFICANT WEATHER WAS OBSERVED.


RELATIVE HUMIDITY (PERCENT)
 HIGHEST    69           500 AM
 LOWEST     24           400 PM
 AVERAGE    47

..........................................................


THE SIOUX CITY IA CLIMATE NORMALS FOR TODAY
                         NORMAL    RECORD    YEAR
 MAXIMUM TEMPERATURE (F)   61        86      2010
 MINIMUM TEMPERATURE (F)   35        15      1957


SUNRISE AND SUNSET
APRIL 12 2016.........SUNRISE   649 AM CDT   SUNSET   804 PM CDT
APRIL 13 2016.........SUNRISE   647 AM CDT   SUNSET   806 PM CDT


-  INDICATES NEGATIVE NUMBERS.
R  INDICATES RECORD WAS SET OR TIED.
MM INDICATES DATA IS MISSING.
T  INDICATES TRACE AMOUNT.




$$
