000
CDUS43 KFSD 040627
CLISUX


CLIMATE REPORT
NATIONAL WEATHER SERVICE SIOUX FALLS SD
125 AM CDT MON SEP 4 2017


...................................

...THE SIOUX CITY IA CLIMATE SUMMARY FOR SEPTEMBER 3 2017...

CLIMATE NORMAL PERIOD 1981 TO 2010
CLIMATE RECORD PERIOD 1889 TO 2017


WEATHER ITEM   OBSERVED TIME   RECORD YEAR NORMAL DEPARTURE LAST
                VALUE   (LST)  VALUE       VALUE  FROM      YEAR
                                                  NORMAL
..................................................................
TEMPERATURE (F)
 YESTERDAY
  MAXIMUM         85    420 PM  99    1947  81      4       79
  MINIMUM         56    623 AM  37    1974  56      0       59
  AVERAGE         71                        68      3       69

PRECIPITATION (IN)
  YESTERDAY        0.00          3.07 2009   0.11  -0.11      T
  MONTH TO DATE    0.08                      0.32  -0.24      T
  SINCE SEP 1      0.08                      0.32  -0.24      T
  SINCE JAN 1     20.27                     20.86  -0.59    24.35

SNOWFALL (IN)
  YESTERDAY        0.0           0.0    MM   0.0    0.0      0.0
  MONTH TO DATE    0.0                       0.0    0.0      0.0
  SINCE SEP 1      0.0                       0.0    0.0      0.0
  SINCE JUL 1      0.0                       0.0    0.0      0.0
  SNOW DEPTH       0

DEGREE DAYS
 HEATING
  YESTERDAY        0                         1     -1        0
  MONTH TO DATE    0                         3     -3        0
  SINCE SEP 1      0                         3     -3        0
  SINCE JUL 1      8                        18    -10        0

 COOLING
  YESTERDAY        6                         5      1        4
  MONTH TO DATE   17                        15      2        8
  SINCE SEP 1     17                        15      2        8
  SINCE JAN 1    849                       792     57     1030
..................................................................


WIND (MPH)
  HIGHEST WIND SPEED    21   HIGHEST WIND DIRECTION     S (190)
  HIGHEST GUST SPEED    26   HIGHEST GUST DIRECTION     S (190)
  AVERAGE WIND SPEED     7.4


SKY COVER
  POSSIBLE SUNSHINE  MM
  AVERAGE SKY COVER 0.1


WEATHER CONDITIONS
 THE FOLLOWING WEATHER WAS RECORDED YESTERDAY.
  FOG
  FOG W/VISIBILITY <= 1/4 MILE


RELATIVE HUMIDITY (PERCENT)
 HIGHEST   100          1200 AM
 LOWEST     61           200 PM
 AVERAGE    81

..........................................................


THE SIOUX CITY IA CLIMATE NORMALS FOR TODAY
                         NORMAL    RECORD    YEAR
 MAXIMUM TEMPERATURE (F)   80        99      1913
 MINIMUM TEMPERATURE (F)   56        37      1902


SUNRISE AND SUNSET
SEPTEMBER  4 2017.....SUNRISE   654 AM CDT   SUNSET   754 PM CDT
SEPTEMBER  5 2017.....SUNRISE   655 AM CDT   SUNSET   752 PM CDT


-  INDICATES NEGATIVE NUMBERS.
R  INDICATES RECORD WAS SET OR TIED.
MM INDICATES DATA IS MISSING.
T  INDICATES TRACE AMOUNT.




$$
