000
CDUS43 KFSD 162232
CLISUX


CLIMATE REPORT
NATIONAL WEATHER SERVICE SIOUX FALLS SD
432 PM CST SUN NOV 16 2014


...................................

...THE SIOUX CITY IA CLIMATE SUMMARY FOR NOVEMBER 16 2014...
VALID TODAY AS OF 0400 PM LOCAL TIME.

CLIMATE NORMAL PERIOD 1981 TO 2010
CLIMATE RECORD PERIOD 1889 TO 2014


WEATHER ITEM   OBSERVED TIME   RECORD YEAR NORMAL DEPARTURE LAST
                VALUE   (LST)  VALUE       VALUE  FROM      YEAR
                                                  NORMAL
..................................................................
TEMPERATURE (F)
 TODAY
  MAXIMUM         26    359 PM  75    2001  46    -20       62
  MINIMUM         -1    734 AM  -3    1959  25    -26       36
  AVERAGE         13                        36    -23       49

PRECIPITATION (IN)
  TODAY            T             0.97 1996   0.05  -0.05     0.00
  MONTH TO DATE    0.27                      0.71  -0.44     0.96
  SINCE SEP 1      4.19                      5.80  -1.61     6.29
  SINCE JAN 1     39.82                     26.34  13.48    26.32

SNOWFALL (IN)
  TODAY            T             5.0  1909   0.2   -0.2      0.0
  MONTH TO DATE    4.4                       1.7    2.7      0.6
  SINCE SEP 1      4.4                       2.7    1.7      0.6
  SINCE JUL 1      4.4                       2.7    1.7      0.6
  SNOW DEPTH       4

DEGREE DAYS
 HEATING
  TODAY           52                        29     23       16
  MONTH TO DATE  491                       403     88      408
  SINCE SEP 1    965                       988    -23      913
  SINCE JUL 1    971                      1003    -32      933

 COOLING
  TODAY            0                         0      0        0
  MONTH TO DATE    0                         0      0        0
  SINCE SEP 1     96                        92      4      159
  SINCE JAN 1    862                       869     -7      960
..................................................................


WIND (MPH)
  HIGHEST WIND SPEED    30   HIGHEST WIND DIRECTION    NW (330)
  HIGHEST GUST SPEED    36   HIGHEST GUST DIRECTION    NW (320)
  AVERAGE WIND SPEED    11.9


SKY COVER
  POSSIBLE SUNSHINE  MM
  AVERAGE SKY COVER 0.1


WEATHER CONDITIONS
 THE FOLLOWING WEATHER WAS RECORDED TODAY.
  LIGHT SNOW
  HAZE


RELATIVE HUMIDITY (PERCENT)
 HIGHEST    87           700 AM
 LOWEST     50           400 PM
 AVERAGE    69

..........................................................


THE SIOUX CITY IA CLIMATE NORMALS FOR TOMORROW
                         NORMAL    RECORD    YEAR
 MAXIMUM TEMPERATURE (F)   45        72      1941
 MINIMUM TEMPERATURE (F)   25        -4      1959


SUNRISE AND SUNSET
NOVEMBER 16 2014......SUNRISE   718 AM CST   SUNSET   503 PM CST
NOVEMBER 17 2014......SUNRISE   719 AM CST   SUNSET   502 PM CST


-  INDICATES NEGATIVE NUMBERS.
R  INDICATES RECORD WAS SET OR TIED.
MM INDICATES DATA IS MISSING.
T  INDICATES TRACE AMOUNT.




$$
