000
CDUS43 KFSD 110659
CLISUX


CLIMATE REPORT
NATIONAL WEATHER SERVICE SIOUX FALLS SD
155 AM CDT TUE APR 11 2017


...................................

...THE SIOUX CITY IA CLIMATE SUMMARY FOR APRIL 10 2017...

CLIMATE NORMAL PERIOD 1981 TO 2010
CLIMATE RECORD PERIOD 1889 TO 2017


WEATHER ITEM   OBSERVED TIME   RECORD YEAR NORMAL DEPARTURE LAST
                VALUE   (LST)  VALUE       VALUE  FROM      YEAR
                                                  NORMAL
..................................................................
TEMPERATURE (F)
 YESTERDAY
  MAXIMUM         51   1216 AM  84    2006  60     -9       64
                                      1977
                                      1930
  MINIMUM         29   1156 PM  20    1989  35     -6       41
  AVERAGE         40                        47     -7       53

PRECIPITATION (IN)
  YESTERDAY        0.03          2.10 1922   0.09  -0.06      T
  MONTH TO DATE    0.53                      0.88  -0.35     0.03
  SINCE MAR 1      2.04                      2.88  -0.84     3.09
  SINCE JAN 1      3.63                      4.17  -0.54     4.93

SNOWFALL (IN)
  YESTERDAY        0.0          20.0  1913   0.1   -0.1      0.0
  MONTH TO DATE    0.0                       1.0   -1.0      0.0
  SINCE MAR 1      3.1                       7.5   -4.4     14.5
  SINCE JUL 1     28.6                      34.0   -5.4     57.6
  SNOW DEPTH       0

DEGREE DAYS
 HEATING
  YESTERDAY       25                        18      7       12
  MONTH TO DATE  149                       198    -49      193
  SINCE MAR 1    918                      1082   -164      826
  SINCE JUL 1   5155                      6376  -1221     5285

 COOLING
  YESTERDAY        0                         0      0        0
  MONTH TO DATE    0                         0      0        0
  SINCE MAR 1      0                         0      0        0
  SINCE JAN 1      0                         0      0        0
..................................................................


WIND (MPH)
  HIGHEST WIND SPEED    25   HIGHEST WIND DIRECTION    NW (320)
  HIGHEST GUST SPEED    30   HIGHEST GUST DIRECTION    NW (320)
  AVERAGE WIND SPEED    13.1


SKY COVER
  POSSIBLE SUNSHINE  MM
  AVERAGE SKY COVER 0.5


WEATHER CONDITIONS
 THE FOLLOWING WEATHER WAS RECORDED YESTERDAY.
  LIGHT RAIN
  FOG


RELATIVE HUMIDITY (PERCENT)
 HIGHEST   100           400 AM
 LOWEST     74           100 AM
 AVERAGE    87

..........................................................


THE SIOUX CITY IA CLIMATE NORMALS FOR TODAY
                         NORMAL    RECORD    YEAR
 MAXIMUM TEMPERATURE (F)   61        89      1968
 MINIMUM TEMPERATURE (F)   35        16      1940


SUNRISE AND SUNSET
APRIL 11 2017.........SUNRISE   651 AM CDT   SUNSET   803 PM CDT
APRIL 12 2017.........SUNRISE   649 AM CDT   SUNSET   804 PM CDT


-  INDICATES NEGATIVE NUMBERS.
R  INDICATES RECORD WAS SET OR TIED.
MM INDICATES DATA IS MISSING.
T  INDICATES TRACE AMOUNT.




$$
