000
CDUS43 KFSD 010654
CLISUX


CLIMATE REPORT
NATIONAL WEATHER SERVICE SIOUX FALLS SD
153 AM CDT THU JUN 1 2017


...................................

...THE SIOUX CITY IA CLIMATE SUMMARY FOR MAY 31 2017...

CLIMATE NORMAL PERIOD 1981 TO 2010
CLIMATE RECORD PERIOD 1889 TO 2017


WEATHER ITEM   OBSERVED TIME   RECORD YEAR NORMAL DEPARTURE LAST
                VALUE   (LST)  VALUE       VALUE  FROM      YEAR
                                                  NORMAL
..................................................................
TEMPERATURE (F)
 YESTERDAY
  MAXIMUM         76    452 PM 102    1934  78     -2       77
  MINIMUM         43    509 AM  38    1897  54    -11       59
  AVERAGE         60                        66     -6       68

PRECIPITATION (IN)
  YESTERDAY        0.00          1.35 1943   0.13  -0.13     0.14
  MONTH TO DATE    3.44                      3.74  -0.30     5.02
  SINCE MAR 1      7.88                      8.69  -0.81    13.89
  SINCE JAN 1      9.47                      9.98  -0.51    15.73

SNOWFALL (IN)
  YESTERDAY        0.0           0.0    MM   0.0    0.0      0.0
  MONTH TO DATE    T                         0.0    0.0      0.0
  SINCE MAR 1      3.1                       8.3   -5.2     14.5
  SINCE JUL 1     28.6                      34.8   -6.2     57.6
  SNOW DEPTH       0

DEGREE DAYS
 HEATING
  YESTERDAY        5                         3      2        0
  MONTH TO DATE  193                       182     11      169
  SINCE MAR 1   1401                      1540   -139     1196
  SINCE JUL 1   5638                      6834  -1196     5655

 COOLING
  YESTERDAY        0                         3     -3        3
  MONTH TO DATE   37                        53    -16       52
  SINCE MAR 1     38                        64    -26       52
  SINCE JAN 1     38                        64    -26       52
..................................................................


WIND (MPH)
  HIGHEST WIND SPEED    10   HIGHEST WIND DIRECTION     N (340)
  HIGHEST GUST SPEED    14   HIGHEST GUST DIRECTION     N (10)
  AVERAGE WIND SPEED     3.0


SKY COVER
  POSSIBLE SUNSHINE  MM
  AVERAGE SKY COVER 0.0


WEATHER CONDITIONS
 THE FOLLOWING WEATHER WAS RECORDED YESTERDAY.
  NO SIGNIFICANT WEATHER WAS OBSERVED.


RELATIVE HUMIDITY (PERCENT)
 HIGHEST    83           500 AM
 LOWEST     25           600 PM
 AVERAGE    54

..........................................................


THE SIOUX CITY IA CLIMATE NORMALS FOR TODAY
                         NORMAL    RECORD    YEAR
 MAXIMUM TEMPERATURE (F)   78        94      1934
 MINIMUM TEMPERATURE (F)   54        40      1982


SUNRISE AND SUNSET
JUNE  1 2017..........SUNRISE   551 AM CDT   SUNSET   856 PM CDT
JUNE  2 2017..........SUNRISE   551 AM CDT   SUNSET   857 PM CDT


-  INDICATES NEGATIVE NUMBERS.
R  INDICATES RECORD WAS SET OR TIED.
MM INDICATES DATA IS MISSING.
T  INDICATES TRACE AMOUNT.




$$
