000
CDUS43 KFSD 092229
CLISUX


CLIMATE REPORT
NATIONAL WEATHER SERVICE SIOUX FALLS SD
529 PM CDT WED AUG 9 2017


...................................

...THE SIOUX CITY IA CLIMATE SUMMARY FOR AUGUST 9 2017...
VALID TODAY AS OF 0500 PM LOCAL TIME.

CLIMATE NORMAL PERIOD 1981 TO 2010
CLIMATE RECORD PERIOD 1889 TO 2017


WEATHER ITEM   OBSERVED TIME   RECORD YEAR NORMAL DEPARTURE LAST
                VALUE   (LST)  VALUE       VALUE  FROM      YEAR
                                                  NORMAL
..................................................................
TEMPERATURE (F)
 TODAY
  MAXIMUM         78    359 PM 102    1936  84     -6       92
  MINIMUM         60    326 AM  46    1927  62     -2       67
  AVERAGE         69                        73     -4       80

PRECIPITATION (IN)
  TODAY            T             1.24 1961   0.11  -0.11     0.00
  MONTH TO DATE    0.45                      0.90  -0.45     0.53
  SINCE JUN 1      3.01                      8.23  -5.22     4.10
  SINCE JAN 1     12.48                     18.21  -5.73    19.83

SNOWFALL (IN)
  TODAY            0.0           0.0    MM   0.0    0.0      0.0
  MONTH TO DATE    0.0                       0.0    0.0      0.0
  SINCE JUN 1      0.0                       0.0    0.0      0.0
  SINCE JUL 1      0.0                       0.0    0.0      0.0
  SNOW DEPTH       0

DEGREE DAYS
 HEATING
  TODAY            0                         0      0        0
  MONTH TO DATE    8                         0      8        0
  SINCE JUN 1     18                        30    -12        0
  SINCE JUL 1      8                         3      5        0

 COOLING
  TODAY            4                         8     -4       15
  MONTH TO DATE   33                        79    -46      100
  SINCE JUN 1    689                       560    129      782
  SINCE JAN 1    727                       624    103      834
..................................................................


WIND (MPH)
  HIGHEST WIND SPEED    17   HIGHEST WIND DIRECTION     S (190)
  HIGHEST GUST SPEED    24   HIGHEST GUST DIRECTION     S (190)
  AVERAGE WIND SPEED     9.1


SKY COVER
  POSSIBLE SUNSHINE  MM
  AVERAGE SKY COVER 0.6


WEATHER CONDITIONS
 THE FOLLOWING WEATHER WAS RECORDED TODAY.
  LIGHT RAIN


RELATIVE HUMIDITY (PERCENT)
 HIGHEST   100           100 AM
 LOWEST     62           400 PM
 AVERAGE    81

..........................................................


THE SIOUX CITY IA CLIMATE NORMALS FOR TOMORROW
                         NORMAL    RECORD    YEAR
 MAXIMUM TEMPERATURE (F)   84       102      1937
 MINIMUM TEMPERATURE (F)   62        46      1904


SUNRISE AND SUNSET
AUGUST  9 2017........SUNRISE   627 AM CDT   SUNSET   835 PM CDT
AUGUST 10 2017........SUNRISE   628 AM CDT   SUNSET   833 PM CDT


-  INDICATES NEGATIVE NUMBERS.
R  INDICATES RECORD WAS SET OR TIED.
MM INDICATES DATA IS MISSING.
T  INDICATES TRACE AMOUNT.




$$
