000
CDUS43 KFSD 120641
CLISUX


CLIMATE REPORT
NATIONAL WEATHER SERVICE SIOUX FALLS SD
138 AM CDT TUE MAY 12 2015


...................................

...THE SIOUX CITY IA CLIMATE SUMMARY FOR MAY 11 2015...

CLIMATE NORMAL PERIOD 1981 TO 2010
CLIMATE RECORD PERIOD 1889 TO 2015


WEATHER ITEM   OBSERVED TIME   RECORD YEAR NORMAL DEPARTURE LAST
                VALUE   (LST)  VALUE       VALUE  FROM      YEAR
                                                  NORMAL
..................................................................
TEMPERATURE (F)
 YESTERDAY
  MAXIMUM         49    629 PM  92    1962  72    -23       72
  MINIMUM         43   1159 PM  27    1946  47     -4       52
  AVERAGE         46                        59    -13       62

PRECIPITATION (IN)
  YESTERDAY        0.00          1.91 1963   0.12  -0.12     0.39
  MONTH TO DATE    1.29                      1.27   0.02     0.43
  SINCE MAR 1      4.70                      6.22  -1.52     2.88
  SINCE JAN 1      5.66                      7.51  -1.85     3.65

SNOWFALL (IN)
  YESTERDAY        0.0           T    1952   0.0    0.0      0.0
  MONTH TO DATE    0.0                       0.1   -0.1      0.0
  SINCE MAR 1      T                         8.4   -8.4     10.0
  SINCE JUL 1     21.5                      34.9  -13.4     23.8
  SNOW DEPTH       0

DEGREE DAYS
 HEATING
  YESTERDAY       19                         7     12        3
  MONTH TO DATE   54                        92    -38       73
  SINCE MAR 1   1129                      1450   -321     1518
  SINCE JUL 1   6295                      6744   -449     7122

 COOLING
  YESTERDAY        0                         1     -1        0
  MONTH TO DATE   11                        11      0       17
  SINCE MAR 1     12                        22    -10       26
  SINCE JAN 1     12                        22    -10       26
..................................................................


WIND (MPH)
  HIGHEST WIND SPEED    29   HIGHEST WIND DIRECTION    NW (300)
  HIGHEST GUST SPEED    38   HIGHEST GUST DIRECTION    NW (300)
  AVERAGE WIND SPEED    19.3


SKY COVER
  POSSIBLE SUNSHINE  MM
  AVERAGE SKY COVER 0.9


WEATHER CONDITIONS
 THE FOLLOWING WEATHER WAS RECORDED YESTERDAY.
  NO SIGNIFICANT WEATHER WAS OBSERVED.


RELATIVE HUMIDITY (PERCENT)
 HIGHEST    76           100 AM
 LOWEST     61           700 PM
 AVERAGE    69

..........................................................


THE SIOUX CITY IA CLIMATE NORMALS FOR TODAY
                         NORMAL    RECORD    YEAR
 MAXIMUM TEMPERATURE (F)   72        91      1940
 MINIMUM TEMPERATURE (F)   47        28      1946


SUNRISE AND SUNSET
MAY 12 2015...........SUNRISE   607 AM CDT   SUNSET   837 PM CDT
MAY 13 2015...........SUNRISE   606 AM CDT   SUNSET   838 PM CDT


-  INDICATES NEGATIVE NUMBERS.
R  INDICATES RECORD WAS SET OR TIED.
MM INDICATES DATA IS MISSING.
T  INDICATES TRACE AMOUNT.




$$
