000
CDUS43 KFSD 042219
CLISUX


CLIMATE REPORT
NATIONAL WEATHER SERVICE SIOUX FALLS SD
518 PM CDT SUN JUN 4 2017


...................................

...THE SIOUX CITY IA CLIMATE SUMMARY FOR JUNE 4 2017...
VALID TODAY AS OF 0500 PM LOCAL TIME.

CLIMATE NORMAL PERIOD 1981 TO 2010
CLIMATE RECORD PERIOD 1889 TO 2017


WEATHER ITEM   OBSERVED TIME   RECORD YEAR NORMAL DEPARTURE LAST
                VALUE   (LST)  VALUE       VALUE  FROM      YEAR
                                                  NORMAL
..................................................................
TEMPERATURE (F)
 TODAY
  MAXIMUM         93    119 PM  96    1958  79     14       77
  MINIMUM         62    522 AM  38    1945  55      7       54
  AVERAGE         78                        67     11       66

PRECIPITATION (IN)
  TODAY            0.00          2.45 1898   0.13  -0.13     0.00
  MONTH TO DATE    0.00                      0.54  -0.54     0.15
  SINCE JUN 1      0.00                      0.54  -0.54     0.15
  SINCE JAN 1      9.47                     10.52  -1.05    15.88

SNOWFALL (IN)
  TODAY            0.0           0.0    MM   0.0    0.0      0.0
  MONTH TO DATE    0.0                       0.0    0.0      0.0
  SINCE JUN 1      0.0                       0.0    0.0      0.0
  SINCE JUL 1     28.6                      34.8   -6.2     57.6
  SNOW DEPTH       0

DEGREE DAYS
 HEATING
  TODAY            0                         2     -2        0
  MONTH TO DATE    0                         8     -8        0
  SINCE JUN 1      0                         8     -8        0
  SINCE JUL 1   5638                      6842  -1204     5655

 COOLING
  TODAY           13                         4      9        1
  MONTH TO DATE   41                        15     26       12
  SINCE JUN 1     41                        15     26       12
  SINCE JAN 1     79                        79      0       64
..................................................................


WIND (MPH)
  HIGHEST WIND SPEED    12   HIGHEST WIND DIRECTION    NW (320)
  HIGHEST GUST SPEED    16   HIGHEST GUST DIRECTION    NW (310)
  AVERAGE WIND SPEED     4.3


SKY COVER
  POSSIBLE SUNSHINE  MM
  AVERAGE SKY COVER 0.0


WEATHER CONDITIONS
 THE FOLLOWING WEATHER WAS RECORDED TODAY.
  NO SIGNIFICANT WEATHER WAS OBSERVED.


RELATIVE HUMIDITY (PERCENT)
 HIGHEST    93           300 AM
 LOWEST     23           100 PM
 AVERAGE    58

..........................................................


THE SIOUX CITY IA CLIMATE NORMALS FOR TOMORROW
                         NORMAL    RECORD    YEAR
 MAXIMUM TEMPERATURE (F)   79       100      1933
 MINIMUM TEMPERATURE (F)   56        42      1935
                                             1910


SUNRISE AND SUNSET
JUNE  4 2017..........SUNRISE   550 AM CDT   SUNSET   858 PM CDT
JUNE  5 2017..........SUNRISE   549 AM CDT   SUNSET   859 PM CDT


-  INDICATES NEGATIVE NUMBERS.
R  INDICATES RECORD WAS SET OR TIED.
MM INDICATES DATA IS MISSING.
T  INDICATES TRACE AMOUNT.




$$
