000
CDUS43 KFSD 270647
CLISUX


CLIMATE REPORT
NATIONAL WEATHER SERVICE SIOUX FALLS SD
147 AM CDT FRI OCT 27 2017


...................................

...THE SIOUX CITY IA CLIMATE SUMMARY FOR OCTOBER 26 2017...

CLIMATE NORMAL PERIOD 1981 TO 2010
CLIMATE RECORD PERIOD 1889 TO 2017


WEATHER ITEM   OBSERVED TIME   RECORD YEAR NORMAL DEPARTURE LAST
                VALUE   (LST)  VALUE       VALUE  FROM      YEAR
                                                  NORMAL
..................................................................
TEMPERATURE (F)
 YESTERDAY
  MAXIMUM         59   1052 AM  84    1955  59      0       56
                                      1940
  MINIMUM         35   1159 PM  17    1942  35      0       46
  AVERAGE         47                        47      0       51

PRECIPITATION (IN)
  YESTERDAY        T             0.73 1998   0.05  -0.05     0.00
  MONTH TO DATE    6.81                      1.89   4.92     1.60
  SINCE SEP 1      8.99                      4.85   4.14     4.38
  SINCE JAN 1     29.18                     25.39   3.79    28.73

SNOWFALL (IN)
  YESTERDAY        0.0           3.4  1918   0.1   -0.1      0.0
  MONTH TO DATE    0.0                       0.7   -0.7      0.0
  SINCE SEP 1      0.0                       0.7   -0.7      0.0
  SINCE JUL 1      0.0                       0.7   -0.7      0.0
  SNOW DEPTH       0

DEGREE DAYS
 HEATING
  YESTERDAY       18                        18      0       14
  MONTH TO DATE  270                       354    -84      261
  SINCE SEP 1    336                       486   -150      311
  SINCE JUL 1    344                       501   -157      311

 COOLING
  YESTERDAY        0                         0      0        0
  MONTH TO DATE    0                         8     -8        0
  SINCE SEP 1    119                        92     27      143
  SINCE JAN 1    951                       869     82     1165
..................................................................


WIND (MPH)
  HIGHEST WIND SPEED    46   HIGHEST WIND DIRECTION    NW (330)
  HIGHEST GUST SPEED    59   HIGHEST GUST DIRECTION    NW (320)
  AVERAGE WIND SPEED    25.3


SKY COVER
  POSSIBLE SUNSHINE  MM
  AVERAGE SKY COVER 0.4


WEATHER CONDITIONS
 THE FOLLOWING WEATHER WAS RECORDED YESTERDAY.
  LIGHT RAIN


RELATIVE HUMIDITY (PERCENT)
 HIGHEST    86           500 AM
 LOWEST     47          1000 AM
 AVERAGE    67

..........................................................


THE SIOUX CITY IA CLIMATE NORMALS FOR TODAY
                         NORMAL    RECORD    YEAR
 MAXIMUM TEMPERATURE (F)   58        86      1999
 MINIMUM TEMPERATURE (F)   34        11      1925


SUNRISE AND SUNSET
OCTOBER 27 2017.......SUNRISE   753 AM CDT   SUNSET   625 PM CDT
OCTOBER 28 2017.......SUNRISE   754 AM CDT   SUNSET   624 PM CDT


-  INDICATES NEGATIVE NUMBERS.
R  INDICATES RECORD WAS SET OR TIED.
MM INDICATES DATA IS MISSING.
T  INDICATES TRACE AMOUNT.




$$
