000
CDUS43 KFSD 052232
CLISUX


CLIMATE REPORT
NATIONAL WEATHER SERVICE SIOUX FALLS SD
432 PM CST FRI DEC 5 2014


...................................

...THE SIOUX CITY IA CLIMATE SUMMARY FOR DECEMBER 5 2014...
VALID TODAY AS OF 0400 PM LOCAL TIME.

CLIMATE NORMAL PERIOD 1981 TO 2010
CLIMATE RECORD PERIOD 1889 TO 2014


WEATHER ITEM   OBSERVED TIME   RECORD YEAR NORMAL DEPARTURE LAST
                VALUE   (LST)  VALUE       VALUE  FROM      YEAR
                                                  NORMAL
..................................................................
TEMPERATURE (F)
 TODAY
  MAXIMUM         43    137 PM  63    1939  35      8       14
  MINIMUM         28    213 AM  -9    2005  16     12        2
  AVERAGE         36                        25     11        8

PRECIPITATION (IN)
  TODAY            0.00          0.50 1912   0.03  -0.03      T
  MONTH TO DATE    0.00                      0.16  -0.16      T
  SINCE DEC 1      0.00                      0.16  -0.16      T
  SINCE JAN 1     39.96                     27.10  12.86    26.45

SNOWFALL (IN)
  TODAY            0.0           3.2  1948   0.2   -0.2       T
  MONTH TO DATE    0.0                       1.2   -1.2      0.2
  SINCE DEC 1      0.0                       1.2   -1.2      0.2
  SINCE JUL 1      4.5                       6.6   -2.1      1.1
  SNOW DEPTH       0

DEGREE DAYS
 HEATING
  TODAY           29                        40    -11       57
  MONTH TO DATE  187                       194     -7      188
  SINCE DEC 1    187                       194     -7      188
  SINCE JUL 1   1682                      1670     12     1612

 COOLING
  TODAY            0                         0      0        0
  MONTH TO DATE    0                         0      0        0
  SINCE DEC 1      0                         0      0        0
  SINCE JAN 1    862                       869     -7      960
..................................................................


WIND (MPH)
  HIGHEST WIND SPEED    13   HIGHEST WIND DIRECTION    SE (150)
  HIGHEST GUST SPEED    16   HIGHEST GUST DIRECTION    SE (150)
  AVERAGE WIND SPEED     7.9


SKY COVER
  POSSIBLE SUNSHINE  MM
  AVERAGE SKY COVER 0.6


WEATHER CONDITIONS
 THE FOLLOWING WEATHER WAS RECORDED TODAY.
  FOG
  FOG W/VISIBILITY <= 1/4 MILE
  HAZE


RELATIVE HUMIDITY (PERCENT)
 HIGHEST   100           900 AM
 LOWEST     76           200 PM
 AVERAGE    88

..........................................................


THE SIOUX CITY IA CLIMATE NORMALS FOR TOMORROW
                         NORMAL    RECORD    YEAR
 MAXIMUM TEMPERATURE (F)   35        71      1939
 MINIMUM TEMPERATURE (F)   16       -16      2005


SUNRISE AND SUNSET
DECEMBER  5 2014......SUNRISE   739 AM CST   SUNSET   453 PM CST
DECEMBER  6 2014......SUNRISE   740 AM CST   SUNSET   453 PM CST


-  INDICATES NEGATIVE NUMBERS.
R  INDICATES RECORD WAS SET OR TIED.
MM INDICATES DATA IS MISSING.
T  INDICATES TRACE AMOUNT.




$$
