949
CDUS43 KFSD 110635
CLISUX


CLIMATE REPORT
NATIONAL WEATHER SERVICE SIOUX FALLS SD
1234 AM CST THU JAN 11 2018


...................................

...THE SIOUX CITY IA CLIMATE SUMMARY FOR JANUARY 10 2018...

CLIMATE NORMAL PERIOD 1981 TO 2010
CLIMATE RECORD PERIOD 1889 TO 2018


WEATHER ITEM   OBSERVED TIME   RECORD YEAR NORMAL DEPARTURE LAST
                VALUE   (LST)  VALUE       VALUE  FROM      YEAR
                                                  NORMAL
..................................................................
TEMPERATURE (F)
 YESTERDAY
  MAXIMUM         42    414 PM  64    1990  30     12       32
  MINIMUM         28   1159 PM -22    1982  10     18       19
  AVERAGE         35                        20     15       26

PRECIPITATION (IN)
  YESTERDAY        T             0.80 2011   0.02  -0.02     0.01
  MONTH TO DATE    T                         0.20  -0.20     0.06
  SINCE DEC 1      0.39                      1.00  -0.61     1.54
  SINCE JAN 1      T                         0.20  -0.20     0.06

SNOWFALL (IN)
  YESTERDAY       MM             9.5  2011   0.2   MM         T
  MONTH TO DATE    T                         2.1   -2.1      0.2
  SINCE DEC 1      7.3                       9.9   -2.6      4.7
  SINCE JUL 1      7.3                      15.3   -8.0      5.7
  SNOW DEPTH       T

DEGREE DAYS
 HEATING
  YESTERDAY       30                        45    -15       39
  MONTH TO DATE  500                       450     50      478
  SINCE DEC 1   1778                      1766     12     1718
  SINCE JUL 1   3097                      3242   -145     2662

 COOLING
  YESTERDAY        0                         0      0        0
  MONTH TO DATE    0                         0      0        0
  SINCE DEC 1      0                         0      0        0
  SINCE JAN 1      0                         0      0        0
..................................................................


WIND (MPH)
  HIGHEST WIND SPEED    35   HIGHEST WIND DIRECTION    NW (320)
  HIGHEST GUST SPEED    42   HIGHEST GUST DIRECTION    NW (320)
  AVERAGE WIND SPEED    12.9


SKY COVER
  POSSIBLE SUNSHINE  MM
  AVERAGE SKY COVER 0.7


WEATHER CONDITIONS
 THE FOLLOWING WEATHER WAS RECORDED YESTERDAY.
  FOG


RELATIVE HUMIDITY (PERCENT)
 HIGHEST   100           400 AM
 LOWEST     89          1200 AM
 AVERAGE    95

..........................................................


THE SIOUX CITY IA CLIMATE NORMALS FOR TODAY
                         NORMAL    RECORD    YEAR
 MAXIMUM TEMPERATURE (F)   30        56      1986
                                             1941
 MINIMUM TEMPERATURE (F)   10       -26      1918
                                             1912


SUNRISE AND SUNSET
JANUARY 11 2018.......SUNRISE   754 AM CST   SUNSET   514 PM CST
JANUARY 12 2018.......SUNRISE   753 AM CST   SUNSET   515 PM CST


-  INDICATES NEGATIVE NUMBERS.
R  INDICATES RECORD WAS SET OR TIED.
MM INDICATES DATA IS MISSING.
T  INDICATES TRACE AMOUNT.




$$
