132
CDUS43 KFSD 220640
CLISUX


CLIMATE REPORT
NATIONAL WEATHER SERVICE SIOUX FALLS SD
140 AM CDT THU SEP 22 2016


...................................

...THE SIOUX CITY IA CLIMATE SUMMARY FOR SEPTEMBER 21 2016...

CLIMATE NORMAL PERIOD 1981 TO 2010
CLIMATE RECORD PERIOD 1889 TO 2016


WEATHER ITEM   OBSERVED TIME   RECORD YEAR NORMAL DEPARTURE LAST
                VALUE   (LST)  VALUE       VALUE  FROM      YEAR
                                                  NORMAL
..................................................................
TEMPERATURE (F)
 YESTERDAY
  MAXIMUM         93   1206 PM  96    2005  74     19       78
  MINIMUM         72    410 AM  29    1999  48     24       53
  AVERAGE         83                        61     22       66

PRECIPITATION (IN)
  YESTERDAY        0.00          2.01 2006   0.10  -0.10     0.00
  MONTH TO DATE    1.30                      2.11  -0.81     0.45
  SINCE SEP 1      1.30                      2.11  -0.81     0.45
  SINCE JAN 1     25.65                     22.65   3.00    24.19

SNOWFALL (IN)
  YESTERDAY        0.0           0.0    MM   0.0    0.0      0.0
  MONTH TO DATE    0.0                       0.0    0.0      0.0
  SINCE SEP 1      0.0                       0.0    0.0      0.0
  SINCE JUL 1      0.0                       0.0    0.0      0.0
  SNOW DEPTH       0

DEGREE DAYS
 HEATING
  YESTERDAY        0                         6     -6        0
  MONTH TO DATE   13                        67    -54       38
  SINCE SEP 1     13                        67    -54       38
  SINCE JUL 1     13                        82    -69       61

 COOLING
  YESTERDAY       18                         2     16        1
  MONTH TO DATE  105                        72     33      134
  SINCE SEP 1    105                        72     33      134
  SINCE JAN 1   1127                       849    278      854
..................................................................


WIND (MPH)
  HIGHEST WIND SPEED    24   HIGHEST WIND DIRECTION     S (180)
  HIGHEST GUST SPEED    32   HIGHEST GUST DIRECTION     S (180)
  AVERAGE WIND SPEED    11.9


SKY COVER
  POSSIBLE SUNSHINE  MM
  AVERAGE SKY COVER 0.0


WEATHER CONDITIONS
 THE FOLLOWING WEATHER WAS RECORDED YESTERDAY.
  NO SIGNIFICANT WEATHER WAS OBSERVED.


RELATIVE HUMIDITY (PERCENT)
 HIGHEST    93           300 AM
 LOWEST     49          1200 PM
 AVERAGE    71

..........................................................


THE SIOUX CITY IA CLIMATE NORMALS FOR TODAY
                         NORMAL    RECORD    YEAR
 MAXIMUM TEMPERATURE (F)   74        95      1936
 MINIMUM TEMPERATURE (F)   48        25      1995


SUNRISE AND SUNSET
SEPTEMBER 22 2016.....SUNRISE   713 AM CDT   SUNSET   722 PM CDT
SEPTEMBER 23 2016.....SUNRISE   714 AM CDT   SUNSET   720 PM CDT


-  INDICATES NEGATIVE NUMBERS.
R  INDICATES RECORD WAS SET OR TIED.
MM INDICATES DATA IS MISSING.
T  INDICATES TRACE AMOUNT.




$$
