000
CDUS43 KFSD 250639
CLISUX


CLIMATE REPORT
NATIONAL WEATHER SERVICE SIOUX FALLS SD
1236 AM CST SUN DEC 25 2016


...................................

...THE SIOUX CITY IA CLIMATE SUMMARY FOR DECEMBER 24 2016...

CLIMATE NORMAL PERIOD 1981 TO 2010
CLIMATE RECORD PERIOD 1889 TO 2016


WEATHER ITEM   OBSERVED TIME   RECORD YEAR NORMAL DEPARTURE LAST
                VALUE   (LST)  VALUE       VALUE  FROM      YEAR
                                                  NORMAL
..................................................................
TEMPERATURE (F)
 YESTERDAY
  MAXIMUM         35    921 PM  62    1889  30      5       33
  MINIMUM         15    752 AM -18    1983  11      4       27
  AVERAGE         25                        21      4       30

PRECIPITATION (IN)
  YESTERDAY        0.00          0.89 1893   0.02  -0.02     0.08
  MONTH TO DATE    0.39                      0.65  -0.26     2.14
  SINCE DEC 1      0.39                      0.65  -0.26     2.14
  SINCE JAN 1     31.16                     27.59   3.57    34.42

SNOWFALL (IN)
  YESTERDAY        0.0           6.0  1916   0.2   -0.2      0.5
  MONTH TO DATE    4.5                       6.2   -1.7      3.7
  SINCE DEC 1      4.5                       6.2   -1.7      3.7
  SINCE JUL 1      5.5                      11.6   -6.1     16.2
  SNOW DEPTH       0

DEGREE DAYS
 HEATING
  YESTERDAY       40                        44     -4       35
  MONTH TO DATE 1018                      1002     16      728
  SINCE DEC 1   1018                      1002     16      728
  SINCE JUL 1   1962                      2478   -516     1834

 COOLING
  YESTERDAY        0                         0      0        0
  MONTH TO DATE    0                         0      0        0
  SINCE DEC 1      0                         0      0        0
  SINCE JAN 1   1165                       869    296      889
..................................................................


WIND (MPH)
  HIGHEST WIND SPEED    17   HIGHEST WIND DIRECTION    SE (140)
  HIGHEST GUST SPEED    22   HIGHEST GUST DIRECTION    SE (140)
  AVERAGE WIND SPEED     7.9


SKY COVER
  POSSIBLE SUNSHINE  MM
  AVERAGE SKY COVER 0.4


WEATHER CONDITIONS
 THE FOLLOWING WEATHER WAS RECORDED YESTERDAY.
  FOG
  FOG W/VISIBILITY <= 1/4 MILE


RELATIVE HUMIDITY (PERCENT)
 HIGHEST   100           400 PM
 LOWEST     74           200 AM
 AVERAGE    87

..........................................................


THE SIOUX CITY IA CLIMATE NORMALS FOR TODAY
                         NORMAL    RECORD    YEAR
 MAXIMUM TEMPERATURE (F)   30        56      1963
                                             1946
 MINIMUM TEMPERATURE (F)   11       -13      1983


SUNRISE AND SUNSET
DECEMBER 25 2016......SUNRISE   753 AM CST   SUNSET   458 PM CST
DECEMBER 26 2016......SUNRISE   754 AM CST   SUNSET   459 PM CST


-  INDICATES NEGATIVE NUMBERS.
R  INDICATES RECORD WAS SET OR TIED.
MM INDICATES DATA IS MISSING.
T  INDICATES TRACE AMOUNT.




$$
