000
CDUS43 KFSD 110633
CLISUX


CLIMATE REPORT
NATIONAL WEATHER SERVICE SIOUX FALLS SD
131 AM CDT THU MAY 11 2017


...................................

...THE SIOUX CITY IA CLIMATE SUMMARY FOR MAY 10 2017...

CLIMATE NORMAL PERIOD 1981 TO 2010
CLIMATE RECORD PERIOD 1889 TO 2017


WEATHER ITEM   OBSERVED TIME   RECORD YEAR NORMAL DEPARTURE LAST
                VALUE   (LST)  VALUE       VALUE  FROM      YEAR
                                                  NORMAL
..................................................................
TEMPERATURE (F)
 YESTERDAY
  MAXIMUM         68    226 PM  96    2011  71     -3       77
  MINIMUM         49   1159 PM  30    2002  47      2       51
                                      1945
                                      1909
  AVERAGE         59                        59      0       64

PRECIPITATION (IN)
  YESTERDAY        0.48          0.90 1956   0.12   0.36     0.12
                                      1903
  MONTH TO DATE    0.86                      1.15  -0.29     1.16
  SINCE MAR 1      5.30                      6.10  -0.80    10.03
  SINCE JAN 1      6.89                      7.39  -0.50    11.87

SNOWFALL (IN)
  YESTERDAY        0.0           0.4  1946   0.0    0.0      0.0
  MONTH TO DATE    T                         0.1   -0.1      0.0
  SINCE MAR 1      3.1                       8.4   -5.3     14.5
  SINCE JUL 1     28.6                      34.9   -6.3     57.6
  SNOW DEPTH       0

DEGREE DAYS
 HEATING
  YESTERDAY        6                         7     -1        1
  MONTH TO DATE   73                        85    -12       64
  SINCE MAR 1   1281                      1443   -162     1091
  SINCE JUL 1   5518                      6737  -1219     5550

 COOLING
  YESTERDAY        0                         1     -1        0
  MONTH TO DATE   12                        10      2        3
  SINCE MAR 1     13                        21     -8        3
  SINCE JAN 1     13                        21     -8        3
..................................................................


WIND (MPH)
  HIGHEST WIND SPEED    21   HIGHEST WIND DIRECTION     N (340)
  HIGHEST GUST SPEED    25   HIGHEST GUST DIRECTION    NE (30)
  AVERAGE WIND SPEED     9.4


SKY COVER
  POSSIBLE SUNSHINE  MM
  AVERAGE SKY COVER 0.7


WEATHER CONDITIONS
 THE FOLLOWING WEATHER WAS RECORDED YESTERDAY.
  RAIN
  LIGHT RAIN
  FOG


RELATIVE HUMIDITY (PERCENT)
 HIGHEST   100           800 AM
 LOWEST     52           500 PM
 AVERAGE    76

..........................................................


THE SIOUX CITY IA CLIMATE NORMALS FOR TODAY
                         NORMAL    RECORD    YEAR
 MAXIMUM TEMPERATURE (F)   72        92      1962
 MINIMUM TEMPERATURE (F)   47        27      1946


SUNRISE AND SUNSET
MAY 11 2017...........SUNRISE   608 AM CDT   SUNSET   836 PM CDT
MAY 12 2017...........SUNRISE   607 AM CDT   SUNSET   838 PM CDT


-  INDICATES NEGATIVE NUMBERS.
R  INDICATES RECORD WAS SET OR TIED.
MM INDICATES DATA IS MISSING.
T  INDICATES TRACE AMOUNT.




$$
