000
CDUS43 KFSD 022231
CLISUX


CLIMATE REPORT
NATIONAL WEATHER SERVICE SIOUX FALLS SD
431 PM CST THU FEB 2 2017


...................................

...THE SIOUX CITY IA CLIMATE SUMMARY FOR FEBRUARY 2 2017...
VALID TODAY AS OF 0400 PM LOCAL TIME.

CLIMATE NORMAL PERIOD 1981 TO 2010
CLIMATE RECORD PERIOD 1889 TO 2017


WEATHER ITEM   OBSERVED TIME   RECORD YEAR NORMAL DEPARTURE LAST
                VALUE   (LST)  VALUE       VALUE  FROM      YEAR
                                                  NORMAL
..................................................................
TEMPERATURE (F)
 TODAY
  MAXIMUM         25    359 PM  65    1992  32     -7       34
  MINIMUM         15    815 AM -30    1905  12      3       27
  AVERAGE         20                        22     -2       31

PRECIPITATION (IN)
  TODAY            0.00          0.78 2016   0.02  -0.02     0.78
  MONTH TO DATE    T                         0.04  -0.04     0.78
  SINCE DEC 1      2.15                      1.46   0.69     4.37
  SINCE JAN 1      0.67                      0.66   0.01     1.51

SNOWFALL (IN)
  TODAY            0.0          12.4  2016   0.3   -0.3     12.4
  MONTH TO DATE    T                         0.5   -0.5     12.4
  SINCE DEC 1     11.7                      15.0   -3.3     29.1
  SINCE JUL 1     12.7                      20.4   -7.7     41.6
  SNOW DEPTH       T

DEGREE DAYS
 HEATING
  TODAY           45                        43      2       34
  MONTH TO DATE   84                        86     -2       65
  SINCE DEC 1   2548                      2786   -238     2432
  SINCE JUL 1   3492                      4262   -770     3538

 COOLING
  TODAY            0                         0      0        0
  MONTH TO DATE    0                         0      0        0
  SINCE DEC 1      0                         0      0        0
  SINCE JAN 1      0                         0      0        0
..................................................................


WIND (MPH)
  HIGHEST WIND SPEED    23   HIGHEST WIND DIRECTION    NW (330)
  HIGHEST GUST SPEED    27   HIGHEST GUST DIRECTION    NW (330)
  AVERAGE WIND SPEED    13.8


SKY COVER
  POSSIBLE SUNSHINE  MM
  AVERAGE SKY COVER 0.1


WEATHER CONDITIONS
 THE FOLLOWING WEATHER WAS RECORDED TODAY.
  NO SIGNIFICANT WEATHER WAS OBSERVED.


RELATIVE HUMIDITY (PERCENT)
 HIGHEST    73           400 AM
 LOWEST     50           100 PM
 AVERAGE    62

..........................................................


THE SIOUX CITY IA CLIMATE NORMALS FOR TOMORROW
                         NORMAL    RECORD    YEAR
 MAXIMUM TEMPERATURE (F)   32        62      1934
 MINIMUM TEMPERATURE (F)   12       -20      1905


SUNRISE AND SUNSET
FEBRUARY  2 2017......SUNRISE   738 AM CST   SUNSET   541 PM CST
FEBRUARY  3 2017......SUNRISE   737 AM CST   SUNSET   543 PM CST


-  INDICATES NEGATIVE NUMBERS.
R  INDICATES RECORD WAS SET OR TIED.
MM INDICATES DATA IS MISSING.
T  INDICATES TRACE AMOUNT.




$$
