953
CDUS43 KFSD 140925
CLISUX


CLIMATE REPORT
NATIONAL WEATHER SERVICE SIOUX FALLS SD
423 AM CDT WED SEP 14 2016


...................................

...THE SIOUX CITY IA CLIMATE SUMMARY FOR SEPTEMBER 13 2016...

CLIMATE NORMAL PERIOD 1981 TO 2010
CLIMATE RECORD PERIOD 1889 TO 2016


WEATHER ITEM   OBSERVED TIME   RECORD YEAR NORMAL DEPARTURE LAST
                VALUE   (LST)  VALUE       VALUE  FROM      YEAR
                                                  NORMAL
..................................................................
TEMPERATURE (F)
 YESTERDAY
  MAXIMUM         64    311 PM 100    1939  77    -13       77
  MINIMUM         56   1119 PM  30    1902  52      4       46
  AVERAGE         60                        65     -5       62

PRECIPITATION (IN)
  YESTERDAY        T             1.84 1941   0.09  -0.09     0.00
  MONTH TO DATE    0.54                      1.33  -0.79     0.29
  SINCE SEP 1      0.54                      1.33  -0.79     0.29
  SINCE JAN 1     24.89                     21.87   3.02    24.03

SNOWFALL (IN)
  YESTERDAY        0.0           0.0    MM   0.0    0.0      0.0
  MONTH TO DATE    0.0                       0.0    0.0      0.0
  SINCE SEP 1      0.0                       0.0    0.0      0.0
  SINCE JUL 1      0.0                       0.0    0.0      0.0
  SNOW DEPTH       0

DEGREE DAYS
 HEATING
  YESTERDAY        5                         4      1        3
  MONTH TO DATE    8                        29    -21       19
  SINCE SEP 1      8                        29    -21       19
  SINCE JUL 1      8                        44    -36       42

 COOLING
  YESTERDAY        0                         3     -3        0
  MONTH TO DATE   57                        53      4       99
  SINCE SEP 1     57                        53      4       99
  SINCE JAN 1   1079                       830    249      819
..................................................................


WIND (MPH)
  HIGHEST WIND SPEED    18   HIGHEST WIND DIRECTION     N (10)
  HIGHEST GUST SPEED    24   HIGHEST GUST DIRECTION     N (20)
  AVERAGE WIND SPEED    10.9


SKY COVER
  POSSIBLE SUNSHINE  MM
  AVERAGE SKY COVER 0.9


WEATHER CONDITIONS
 THE FOLLOWING WEATHER WAS RECORDED YESTERDAY.
  THUNDERSTORM
  LIGHT RAIN


RELATIVE HUMIDITY (PERCENT)
 HIGHEST    73          1200 AM
 LOWEST     60           300 AM
 AVERAGE    67

..........................................................


THE SIOUX CITY IA CLIMATE NORMALS FOR TODAY
                         NORMAL    RECORD    YEAR
 MAXIMUM TEMPERATURE (F)   77        99      1939
 MINIMUM TEMPERATURE (F)   51        35      2007


SUNRISE AND SUNSET
SEPTEMBER 14 2016.....SUNRISE   705 AM CDT   SUNSET   736 PM CDT
SEPTEMBER 15 2016.....SUNRISE   706 AM CDT   SUNSET   734 PM CDT


-  INDICATES NEGATIVE NUMBERS.
R  INDICATES RECORD WAS SET OR TIED.
MM INDICATES DATA IS MISSING.
T  INDICATES TRACE AMOUNT.




$$
