000
CDUS43 KFSD 300634
CLISUX


CLIMATE REPORT
NATIONAL WEATHER SERVICE SIOUX FALLS SD
1233 AM CST FRI DEC 30 2016


...................................

...THE SIOUX CITY IA CLIMATE SUMMARY FOR DECEMBER 29 2016...

CLIMATE NORMAL PERIOD 1981 TO 2010
CLIMATE RECORD PERIOD 1889 TO 2016


WEATHER ITEM   OBSERVED TIME   RECORD YEAR NORMAL DEPARTURE LAST
                VALUE   (LST)  VALUE       VALUE  FROM      YEAR
                                                  NORMAL
..................................................................
TEMPERATURE (F)
 YESTERDAY
  MAXIMUM         41    354 PM  61    1999  30     11       26
  MINIMUM         24   1039 PM -28    1917  11     13       20
  AVERAGE         33                        20     13       23

PRECIPITATION (IN)
  YESTERDAY        0.00          0.54 1907   0.02  -0.02     0.05
  MONTH TO DATE    1.48                      0.76   0.72     2.81
  SINCE DEC 1      1.48                      0.76   0.72     2.81
  SINCE JAN 1     32.25                     27.70   4.55    35.09

SNOWFALL (IN)
  YESTERDAY        0.0           5.2  1907   0.3   -0.3      1.3
  MONTH TO DATE    4.5                       7.4   -2.9     10.7
  SINCE DEC 1      4.5                       7.4   -2.9     10.7
  SINCE JUL 1      5.5                      12.8   -7.3     23.2
  SNOW DEPTH       0

DEGREE DAYS
 HEATING
  YESTERDAY       32                        45    -13       42
  MONTH TO DATE 1169                      1227    -58      943
  SINCE DEC 1   1169                      1227    -58      943
  SINCE JUL 1   2113                      2703   -590     2049

 COOLING
  YESTERDAY        0                         0      0        0
  MONTH TO DATE    0                         0      0        0
  SINCE DEC 1      0                         0      0        0
  SINCE JAN 1   1165                       869    296      889
..................................................................


WIND (MPH)
  HIGHEST WIND SPEED    30   HIGHEST WIND DIRECTION    NW (320)
  HIGHEST GUST SPEED    39   HIGHEST GUST DIRECTION    NW (330)
  AVERAGE WIND SPEED    17.9


SKY COVER
  POSSIBLE SUNSHINE  MM
  AVERAGE SKY COVER 0.0


WEATHER CONDITIONS
 THE FOLLOWING WEATHER WAS RECORDED YESTERDAY.
  NO SIGNIFICANT WEATHER WAS OBSERVED.


RELATIVE HUMIDITY (PERCENT)
 HIGHEST    75          1100 PM
 LOWEST     38           400 PM
 AVERAGE    57

..........................................................


THE SIOUX CITY IA CLIMATE NORMALS FOR TODAY
                         NORMAL    RECORD    YEAR
 MAXIMUM TEMPERATURE (F)   30        66      2004
 MINIMUM TEMPERATURE (F)   10       -16      1968


SUNRISE AND SUNSET
DECEMBER 30 2016......SUNRISE   755 AM CST   SUNSET   502 PM CST
DECEMBER 31 2016......SUNRISE   755 AM CST   SUNSET   503 PM CST


-  INDICATES NEGATIVE NUMBERS.
R  INDICATES RECORD WAS SET OR TIED.
MM INDICATES DATA IS MISSING.
T  INDICATES TRACE AMOUNT.




$$
