000
CDUS43 KFSD 290654
CLISUX


CLIMATE REPORT
NATIONAL WEATHER SERVICE SIOUX FALLS SD
153 AM CDT WED OCT 29 2014


...................................

...THE SIOUX CITY IA CLIMATE SUMMARY FOR OCTOBER 28 2014...

CLIMATE NORMAL PERIOD 1981 TO 2010
CLIMATE RECORD PERIOD 1889 TO 2014


WEATHER ITEM   OBSERVED TIME   RECORD YEAR NORMAL DEPARTURE LAST
                VALUE   (LST)  VALUE       VALUE  FROM      YEAR
                                                  NORMAL
..................................................................
TEMPERATURE (F)
 YESTERDAY
  MAXIMUM         55    124 PM  84    1937  58     -3       49
  MINIMUM         36   1159 PM   6    1925  34      2       37
  AVERAGE         46                        46      0       43

PRECIPITATION (IN)
  YESTERDAY        0.00          0.85 1940   0.05  -0.05     0.10
  MONTH TO DATE    1.13                      1.99  -0.86     3.73
  SINCE SEP 1      3.92                      4.95  -1.03     5.17
  SINCE JAN 1     39.55                     25.49  14.06    25.20

SNOWFALL (IN)
  YESTERDAY        0.0           2.4  1913   0.1   -0.1      0.0
  MONTH TO DATE    0.0                       0.8   -0.8       T
  SINCE SEP 1      0.0                       0.8   -0.8       T
  SINCE JUL 1      0.0                       0.8   -0.8       T
  SNOW DEPTH       0

DEGREE DAYS
 HEATING
  YESTERDAY       19                        19      0       22
  MONTH TO DATE  295                       392    -97      394
  SINCE SEP 1    401                       524   -123      439
  SINCE JUL 1    407                       539   -132      459

 COOLING
  YESTERDAY        0                         0      0        0
  MONTH TO DATE    4                         8     -4        7
  SINCE SEP 1     96                        92      4      159
  SINCE JAN 1    862                       869     -7      960
..................................................................


WIND (MPH)
  HIGHEST WIND SPEED    23   HIGHEST WIND DIRECTION    NW (310)
  HIGHEST GUST SPEED    32   HIGHEST GUST DIRECTION    NW (300)
  AVERAGE WIND SPEED    12.1


SKY COVER
  POSSIBLE SUNSHINE  MM
  AVERAGE SKY COVER 0.4


WEATHER CONDITIONS
 THE FOLLOWING WEATHER WAS RECORDED YESTERDAY.
  NO SIGNIFICANT WEATHER WAS OBSERVED.


RELATIVE HUMIDITY (PERCENT)
 HIGHEST    76          1100 PM
 LOWEST     45           100 PM
 AVERAGE    61

..........................................................


THE SIOUX CITY IA CLIMATE NORMALS FOR TODAY
                         NORMAL    RECORD    YEAR
 MAXIMUM TEMPERATURE (F)   57        82      1937
 MINIMUM TEMPERATURE (F)   33         5      1925


SUNRISE AND SUNSET
OCTOBER 29 2014.......SUNRISE   755 AM CDT   SUNSET   623 PM CDT
OCTOBER 30 2014.......SUNRISE   756 AM CDT   SUNSET   621 PM CDT


-  INDICATES NEGATIVE NUMBERS.
R  INDICATES RECORD WAS SET OR TIED.
MM INDICATES DATA IS MISSING.
T  INDICATES TRACE AMOUNT.




$$
