000
CDUS43 KFSD 230024
CLISUX


CLIMATE REPORT
NATIONAL WEATHER SERVICE SIOUX FALLS SD
720 PM CDT TUE APR 22 2014


...................................

...THE SIOUX CITY IA CLIMATE SUMMARY FOR APRIL 22 2014...
VALID AS OF 0700 PM LOCAL TIME.

CLIMATE NORMAL PERIOD 1981 TO 2010
CLIMATE RECORD PERIOD 1889 TO 2014


WEATHER ITEM   OBSERVED TIME   RECORD YEAR NORMAL DEPARTURE LAST
                VALUE   (LST)  VALUE       VALUE  FROM      YEAR
                                                  NORMAL
..................................................................
TEMPERATURE (F)
 TODAY
  MAXIMUM         70    255 PM  97    1980  65      5       42
  MINIMUM         30    600 AM  26    1936  40    -10       29
  AVERAGE         50                        52     -2       36

PRECIPITATION (IN)
  TODAY            0.00          1.13 2001   0.11  -0.11     0.59
  MONTH TO DATE    0.88                      2.10  -1.22     4.72
  SINCE MAR 1      1.26                      4.10  -2.84     6.72
  SINCE JAN 1      2.03                      5.39  -3.36     7.92

SNOWFALL (IN)
  TODAY            0.0           T    1988   0.0    0.0      1.5
                                      1984
  MONTH TO DATE    5.3                       1.6    3.7     11.2
  SINCE MAR 1     10.0                       8.1    1.9     22.9
  SINCE JUL 1     23.8                      34.6  -10.8     43.7
  SNOW DEPTH       0

DEGREE DAYS
 HEATING
  TODAY           15                        13      2       29
  MONTH TO DATE  378                       382     -4      538
  SINCE MAR 1   1358                      1266     92     1585
  SINCE JUL 1   6962                      6560    402     6734

 COOLING
  TODAY            0                         1     -1        0
  MONTH TO DATE    9                         2      7        0
  SINCE MAR 1      9                         2      7        0
  SINCE JAN 1      9                         2      7        0
..................................................................


WIND (MPH)
  HIGHEST WIND SPEED    18   HIGHEST WIND DIRECTION    SE (140)
  HIGHEST GUST SPEED    23   HIGHEST GUST DIRECTION     S (160)
  AVERAGE WIND SPEED     7.0


SKY COVER
  POSSIBLE SUNSHINE  MM
  AVERAGE SKY COVER 0.2


WEATHER CONDITIONS
 THE FOLLOWING WEATHER WAS RECORDED TODAY.
  NO SIGNIFICANT WEATHER WAS OBSERVED.


RELATIVE HUMIDITY (PERCENT)
 HIGHEST    85           600 AM
 LOWEST     26           300 PM
 AVERAGE    56

..........................................................


THE SIOUX CITY IA CLIMATE NORMALS FOR TOMORROW
                         NORMAL    RECORD    YEAR
 MAXIMUM TEMPERATURE (F)   66        92      2009
 MINIMUM TEMPERATURE (F)   40        25      1996
                                             1910


SUNRISE AND SUNSET
APRIL 22 2014.........SUNRISE   634 AM CDT   SUNSET   815 PM CDT
APRIL 23 2014.........SUNRISE   632 AM CDT   SUNSET   816 PM CDT


-  INDICATES NEGATIVE NUMBERS.
R  INDICATES RECORD WAS SET OR TIED.
MM INDICATES DATA IS MISSING.
T  INDICATES TRACE AMOUNT.




&&
.........................................................

ADDITIONAL WEATHER INFORMATION FOR TODAY
        TEMPERATURE / HUMIDITY
AT  4 AM      39    /    66%
AT  7 AM      32    /    84%
AT 10 AM      54    /    41%
AT  1 PM      63    /    29%
AT  4 PM      69    /    27%
AT  7 PM      66    /    29%

THE CURRENT MISSOURI RIVER STAGE...12.49 FT.

$$
