000
CDUS43 KFSD 270636
CLISUX


CLIMATE REPORT
NATIONAL WEATHER SERVICE SIOUX FALLS SD
1236 AM CST THU NOV 27 2014


...................................

...THE SIOUX CITY IA CLIMATE SUMMARY FOR NOVEMBER 26 2014...

CLIMATE NORMAL PERIOD 1981 TO 2010
CLIMATE RECORD PERIOD 1889 TO 2014


WEATHER ITEM   OBSERVED TIME   RECORD YEAR NORMAL DEPARTURE LAST
                VALUE   (LST)  VALUE       VALUE  FROM      YEAR
                                                  NORMAL
..................................................................
TEMPERATURE (F)
 YESTERDAY
  MAXIMUM         37    420 AM  68    1941  40     -3       30
  MINIMUM         17   1159 PM  -8    1993  20     -3       14
  AVERAGE         27                        30     -3       22

PRECIPITATION (IN)
  YESTERDAY        0.02          1.64 1896   0.04  -0.02     0.00
  MONTH TO DATE    0.41                      1.15  -0.74     1.09
  SINCE SEP 1      4.33                      6.24  -1.91     6.42
  SINCE JAN 1     39.96                     26.78  13.18    26.45

SNOWFALL (IN)
  YESTERDAY        0.1           2.7  1952   0.2   -0.1      0.0
  MONTH TO DATE    4.5                       3.5    1.0      0.9
  SINCE SEP 1      4.5                       4.5    0.0      0.9
  SINCE JUL 1      4.5                       4.5    0.0      0.9
  SNOW DEPTH       T

DEGREE DAYS
 HEATING
  YESTERDAY       38                        35      3       43
  MONTH TO DATE  870                       730    140      745
  SINCE SEP 1   1344                      1315     29     1250
  SINCE JUL 1   1350                      1330     20     1270

 COOLING
  YESTERDAY        0                         0      0        0
  MONTH TO DATE    0                         0      0        0
  SINCE SEP 1     96                        92      4      159
  SINCE JAN 1    862                       869     -7      960
..................................................................


WIND (MPH)
  HIGHEST WIND SPEED    32   HIGHEST WIND DIRECTION     N (360)
  HIGHEST GUST SPEED    38   HIGHEST GUST DIRECTION     N (360)
  AVERAGE WIND SPEED    18.0


SKY COVER
  POSSIBLE SUNSHINE  MM
  AVERAGE SKY COVER 0.8


WEATHER CONDITIONS
 THE FOLLOWING WEATHER WAS RECORDED YESTERDAY.
  LIGHT RAIN
  LIGHT SNOW
  FOG
  HAZE


RELATIVE HUMIDITY (PERCENT)
 HIGHEST    92           400 AM
 LOWEST     74           400 PM
 AVERAGE    83

..........................................................


THE SIOUX CITY IA CLIMATE NORMALS FOR TODAY
                         NORMAL    RECORD    YEAR
 MAXIMUM TEMPERATURE (F)   39        73      1998
 MINIMUM TEMPERATURE (F)   19        -1      1985


SUNRISE AND SUNSET
NOVEMBER 27 2014......SUNRISE   731 AM CST   SUNSET   455 PM CST
NOVEMBER 28 2014......SUNRISE   732 AM CST   SUNSET   455 PM CST


-  INDICATES NEGATIVE NUMBERS.
R  INDICATES RECORD WAS SET OR TIED.
MM INDICATES DATA IS MISSING.
T  INDICATES TRACE AMOUNT.




$$
