000
CDUS43 KFSD 260635
CLISUX


CLIMATE REPORT
NATIONAL WEATHER SERVICE SIOUX FALLS SD
1234 AM CST WED NOV 26 2014


...................................

...THE SIOUX CITY IA CLIMATE SUMMARY FOR NOVEMBER 25 2014...

CLIMATE NORMAL PERIOD 1981 TO 2010
CLIMATE RECORD PERIOD 1889 TO 2014


WEATHER ITEM   OBSERVED TIME   RECORD YEAR NORMAL DEPARTURE LAST
                VALUE   (LST)  VALUE       VALUE  FROM      YEAR
                                                  NORMAL
..................................................................
TEMPERATURE (F)
 YESTERDAY
  MAXIMUM         43    241 PM  75    1960  40      3       46
  MINIMUM         11    548 AM  -1    1975  20     -9       23
  AVERAGE         27                        30     -3       35

PRECIPITATION (IN)
  YESTERDAY        0.12          0.47 1944   0.04   0.08      T
  MONTH TO DATE    0.39                      1.11  -0.72     1.09
  SINCE SEP 1      4.31                      6.20  -1.89     6.42
  SINCE JAN 1     39.94                     26.74  13.20    26.45

SNOWFALL (IN)
  YESTERDAY        T             4.2  1908   0.3   -0.3       T
  MONTH TO DATE    4.4                       3.3    1.1      0.9
  SINCE SEP 1      4.4                       4.3    0.1      0.9
  SINCE JUL 1      4.4                       4.3    0.1      0.9
  SNOW DEPTH       0

DEGREE DAYS
 HEATING
  YESTERDAY       38                        35      3       30
  MONTH TO DATE  832                       695    137      702
  SINCE SEP 1   1306                      1280     26     1207
  SINCE JUL 1   1312                      1295     17     1227

 COOLING
  YESTERDAY        0                         0      0        0
  MONTH TO DATE    0                         0      0        0
  SINCE SEP 1     96                        92      4      159
  SINCE JAN 1    862                       869     -7      960
..................................................................


WIND (MPH)
  HIGHEST WIND SPEED    15   HIGHEST WIND DIRECTION     S (180)
  HIGHEST GUST SPEED    19   HIGHEST GUST DIRECTION    NW (310)
  AVERAGE WIND SPEED     7.9


SKY COVER
  POSSIBLE SUNSHINE  MM
  AVERAGE SKY COVER 0.3


WEATHER CONDITIONS
 THE FOLLOWING WEATHER WAS RECORDED YESTERDAY.
  LIGHT RAIN
  LIGHT SNOW
  FOG


RELATIVE HUMIDITY (PERCENT)
 HIGHEST    92          1100 PM
 LOWEST     46           200 PM
 AVERAGE    69

..........................................................


THE SIOUX CITY IA CLIMATE NORMALS FOR TODAY
                         NORMAL    RECORD    YEAR
 MAXIMUM TEMPERATURE (F)   40        68      1941
 MINIMUM TEMPERATURE (F)   20        -8      1993


SUNRISE AND SUNSET
NOVEMBER 26 2014......SUNRISE   730 AM CST   SUNSET   456 PM CST
NOVEMBER 27 2014......SUNRISE   731 AM CST   SUNSET   455 PM CST


-  INDICATES NEGATIVE NUMBERS.
R  INDICATES RECORD WAS SET OR TIED.
MM INDICATES DATA IS MISSING.
T  INDICATES TRACE AMOUNT.




$$
