000
CDUS43 KFSD 160629
CLISUX


CLIMATE REPORT
NATIONAL WEATHER SERVICE SIOUX FALLS SD
1228 AM CST THU FEB 16 2017


...................................

...THE SIOUX CITY IA CLIMATE SUMMARY FOR FEBRUARY 15 2017...

CLIMATE NORMAL PERIOD 1981 TO 2010
CLIMATE RECORD PERIOD 1889 TO 2017


WEATHER ITEM   OBSERVED TIME   RECORD YEAR NORMAL DEPARTURE LAST
                VALUE   (LST)  VALUE       VALUE  FROM      YEAR
                                                  NORMAL
..................................................................
TEMPERATURE (F)
 YESTERDAY
  MAXIMUM         49    422 PM  67    1921  35     14       42
  MINIMUM         26    722 AM -20    1936  15     11       24
  AVERAGE         38                        25     13       33

PRECIPITATION (IN)
  YESTERDAY        0.00          0.32 1983   0.02  -0.02      T
                                      1962
  MONTH TO DATE    0.17                      0.31  -0.14     0.87
  SINCE DEC 1      2.32                      1.73   0.59     4.46
  SINCE JAN 1      0.84                      0.93  -0.09     1.60

SNOWFALL (IN)
  YESTERDAY        0.0           2.5  1997   0.2   -0.2      0.0
  MONTH TO DATE    2.9                       3.6   -0.7     13.5
  SINCE DEC 1     14.6                      18.1   -3.5     30.2
  SINCE JUL 1     15.6                      23.5   -7.9     42.7
  SNOW DEPTH       0

DEGREE DAYS
 HEATING
  YESTERDAY       27                        40    -13       32
  MONTH TO DATE  516                       628   -112      622
  SINCE DEC 1   2980                      3328   -348     2989
  SINCE JUL 1   3924                      4804   -880     4095

 COOLING
  YESTERDAY        0                         0      0        0
  MONTH TO DATE    0                         0      0        0
  SINCE DEC 1      0                         0      0        0
  SINCE JAN 1      0                         0      0        0
..................................................................


WIND (MPH)
  HIGHEST WIND SPEED    15   HIGHEST WIND DIRECTION    SE (130)
  HIGHEST GUST SPEED    18   HIGHEST GUST DIRECTION    SE (150)
  AVERAGE WIND SPEED     6.9


SKY COVER
  POSSIBLE SUNSHINE  MM
  AVERAGE SKY COVER 0.0


WEATHER CONDITIONS
 THE FOLLOWING WEATHER WAS RECORDED YESTERDAY.
  NO SIGNIFICANT WEATHER WAS OBSERVED.


RELATIVE HUMIDITY (PERCENT)
 HIGHEST    92           300 AM
 LOWEST     53           100 PM
 AVERAGE    73

..........................................................


THE SIOUX CITY IA CLIMATE NORMALS FOR TODAY
                         NORMAL    RECORD    YEAR
 MAXIMUM TEMPERATURE (F)   35        66      1981
 MINIMUM TEMPERATURE (F)   16       -25      1936


SUNRISE AND SUNSET
FEBRUARY 16 2017......SUNRISE   720 AM CST   SUNSET   559 PM CST
FEBRUARY 17 2017......SUNRISE   719 AM CST   SUNSET   601 PM CST


-  INDICATES NEGATIVE NUMBERS.
R  INDICATES RECORD WAS SET OR TIED.
MM INDICATES DATA IS MISSING.
T  INDICATES TRACE AMOUNT.




$$
