000
CDUS43 KFSD 030622
CLISUX


CLIMATE REPORT
NATIONAL WEATHER SERVICE SIOUX FALLS SD
122 AM CDT FRI JUL 3 2015


...................................

...THE SIOUX CITY IA CLIMATE SUMMARY FOR JULY 2 2015...

CLIMATE NORMAL PERIOD 1981 TO 2010
CLIMATE RECORD PERIOD 1889 TO 2015


WEATHER ITEM   OBSERVED TIME   RECORD YEAR NORMAL DEPARTURE LAST
                VALUE   (LST)  VALUE       VALUE  FROM      YEAR
                                                  NORMAL
..................................................................
TEMPERATURE (F)
 YESTERDAY
  MAXIMUM         70    151 PM  99    1911  85    -15       74
  MINIMUM         59    541 AM  47    1945  63     -4       54
  AVERAGE         65                        74     -9       64

PRECIPITATION (IN)
  YESTERDAY        0.02          1.59 1902   0.11  -0.09     0.01
  MONTH TO DATE    0.56                      0.22   0.34     0.01
  SINCE JUN 1      4.75                      4.11   0.64    16.66
  SINCE JAN 1     12.65                     14.09  -1.44    21.91

SNOWFALL (IN)
  YESTERDAY        0.0           0.0    MM   0.0    0.0      0.0
  MONTH TO DATE    0.0                       0.0    0.0      0.0
  SINCE JUN 1      0.0                       0.0    0.0      0.0
  SINCE JUL 1      0.0                       0.0    0.0      0.0
  SNOW DEPTH       0

DEGREE DAYS
 HEATING
  YESTERDAY        0                         0      0        1
  MONTH TO DATE    0                         0      0        1
  SINCE JUN 1      2                        27    -25       21
  SINCE JUL 1      0                         0      0        1

 COOLING
  YESTERDAY        0                         9     -9        0
  MONTH TO DATE    6                        18    -12        1
  SINCE JUN 1    215                       206      9      196
  SINCE JAN 1    244                       270    -26      317
..................................................................


WIND (MPH)
  HIGHEST WIND SPEED    14   HIGHEST WIND DIRECTION     E (80)
  HIGHEST GUST SPEED    17   HIGHEST GUST DIRECTION    SE (120)
  AVERAGE WIND SPEED     6.9


SKY COVER
  POSSIBLE SUNSHINE  MM
  AVERAGE SKY COVER 0.5


WEATHER CONDITIONS
 THE FOLLOWING WEATHER WAS RECORDED YESTERDAY.
  LIGHT RAIN


RELATIVE HUMIDITY (PERCENT)
 HIGHEST    90          1100 PM
 LOWEST     68           700 PM
 AVERAGE    79

..........................................................


THE SIOUX CITY IA CLIMATE NORMALS FOR TODAY
                         NORMAL    RECORD    YEAR
 MAXIMUM TEMPERATURE (F)   86       104      1990
 MINIMUM TEMPERATURE (F)   63        45      1917


SUNRISE AND SUNSET
JULY  3 2015..........SUNRISE   553 AM CDT   SUNSET   906 PM CDT
JULY  4 2015..........SUNRISE   554 AM CDT   SUNSET   906 PM CDT


-  INDICATES NEGATIVE NUMBERS.
R  INDICATES RECORD WAS SET OR TIED.
MM INDICATES DATA IS MISSING.
T  INDICATES TRACE AMOUNT.




$$
