000
CDUS43 KFSD 110702
CLISUX


CLIMATE REPORT
NATIONAL WEATHER SERVICE SIOUX FALLS SD
200 AM CDT FRI JUL 11 2014


...................................

...THE SIOUX CITY IA CLIMATE SUMMARY FOR JULY 10 2014...

CLIMATE NORMAL PERIOD 1981 TO 2010
CLIMATE RECORD PERIOD 1889 TO 2014


WEATHER ITEM   OBSERVED TIME   RECORD YEAR NORMAL DEPARTURE LAST
                VALUE   (LST)  VALUE       VALUE  FROM      YEAR
                                                  NORMAL
..................................................................
TEMPERATURE (F)
 YESTERDAY
  MAXIMUM         86    235 PM 103    1930  86      0       82
  MINIMUM         60    449 AM  45    1996  63     -3       63
  AVERAGE         73                        75     -2       73

PRECIPITATION (IN)
  YESTERDAY        0.00          1.74 1891   0.12  -0.12     0.00
  MONTH TO DATE    0.42                      1.14  -0.72     0.19
  SINCE JUN 1     17.07                      5.03  12.04     3.32
  SINCE JAN 1     22.32                     15.01   7.31    16.55

SNOWFALL (IN)
  YESTERDAY        0.0           0.0    MM   0.0    0.0      0.0
  MONTH TO DATE    0.0                       0.0    0.0      0.0
  SINCE JUN 1      0.0                       0.0    0.0      0.0
  SINCE JUL 1      0.0                       0.0    0.0      0.0
  SNOW DEPTH       0

DEGREE DAYS
 HEATING
  YESTERDAY        0                         0      0        0
  MONTH TO DATE    2                         0      2        0
  SINCE JUN 1     22                        27     -5       40
  SINCE JUL 1      2                         0      2        0

 COOLING
  YESTERDAY        8                        10     -2        8
  MONTH TO DATE   60                        94    -34      102
  SINCE JUN 1    255                       282    -27      297
  SINCE JAN 1    376                       346     30      353
..................................................................


WIND (MPH)
  HIGHEST WIND SPEED    21   HIGHEST WIND DIRECTION     S (170)
  HIGHEST GUST SPEED    29   HIGHEST GUST DIRECTION     S (170)
  AVERAGE WIND SPEED    10.6


SKY COVER
  POSSIBLE SUNSHINE  MM
  AVERAGE SKY COVER 0.1


WEATHER CONDITIONS
 THE FOLLOWING WEATHER WAS RECORDED YESTERDAY.
  FOG


RELATIVE HUMIDITY (PERCENT)
 HIGHEST    97           500 AM
 LOWEST     51           300 PM
 AVERAGE    74

..........................................................


THE SIOUX CITY IA CLIMATE NORMALS FOR TODAY
                         NORMAL    RECORD    YEAR
 MAXIMUM TEMPERATURE (F)   86       111      1939
 MINIMUM TEMPERATURE (F)   63        50      2007


SUNRISE AND SUNSET
JULY 11 2014..........SUNRISE   559 AM CDT   SUNSET   903 PM CDT
JULY 12 2014..........SUNRISE   600 AM CDT   SUNSET   902 PM CDT


-  INDICATES NEGATIVE NUMBERS.
R  INDICATES RECORD WAS SET OR TIED.
MM INDICATES DATA IS MISSING.
T  INDICATES TRACE AMOUNT.




$$
