000
CDUS43 KFSD 040642
CLISUX


CLIMATE REPORT
NATIONAL WEATHER SERVICE SIOUX FALLS SD
142 AM CDT SAT JUL 4 2015


...................................

...THE SIOUX CITY IA CLIMATE SUMMARY FOR JULY 3 2015...

CLIMATE NORMAL PERIOD 1981 TO 2010
CLIMATE RECORD PERIOD 1889 TO 2015


WEATHER ITEM   OBSERVED TIME   RECORD YEAR NORMAL DEPARTURE LAST
                VALUE   (LST)  VALUE       VALUE  FROM      YEAR
                                                  NORMAL
..................................................................
TEMPERATURE (F)
 YESTERDAY
  MAXIMUM         79    545 PM 104    1990  86     -7       78
  MINIMUM         52    513 AM  45    1917  63    -11       49
  AVERAGE         66                        74     -8       64

PRECIPITATION (IN)
  YESTERDAY        0.00          2.35 1919   0.11  -0.11     0.00
  MONTH TO DATE    0.56                      0.33   0.23     0.01
  SINCE JUN 1      4.75                      4.22   0.53    16.66
  SINCE JAN 1     12.65                     14.20  -1.55    21.91

SNOWFALL (IN)
  YESTERDAY        0.0           0.0    MM   0.0    0.0      0.0
  MONTH TO DATE    0.0                       0.0    0.0      0.0
  SINCE JUN 1      0.0                       0.0    0.0      0.0
  SINCE JUL 1      0.0                       0.0    0.0      0.0
  SNOW DEPTH       0

DEGREE DAYS
 HEATING
  YESTERDAY        0                         0      0        1
  MONTH TO DATE    0                         0      0        2
  SINCE JUN 1      2                        27    -25       22
  SINCE JUL 1      0                         0      0        2

 COOLING
  YESTERDAY        1                         9     -8        0
  MONTH TO DATE    7                        27    -20        1
  SINCE JUN 1    216                       215      1      196
  SINCE JAN 1    245                       279    -34      317
..................................................................


WIND (MPH)
  HIGHEST WIND SPEED     7   HIGHEST WIND DIRECTION     E (110)
  HIGHEST GUST SPEED     9   HIGHEST GUST DIRECTION    NW (310)
  AVERAGE WIND SPEED     1.9


SKY COVER
  POSSIBLE SUNSHINE  MM
  AVERAGE SKY COVER 0.1


WEATHER CONDITIONS
 THE FOLLOWING WEATHER WAS RECORDED YESTERDAY.
  FOG
  FOG W/VISIBILITY <= 1/4 MILE
  HAZE


RELATIVE HUMIDITY (PERCENT)
 HIGHEST    93           200 AM
 LOWEST     45           600 PM
 AVERAGE    69

..........................................................


THE SIOUX CITY IA CLIMATE NORMALS FOR TODAY
                         NORMAL    RECORD    YEAR
 MAXIMUM TEMPERATURE (F)   86       111      1936
 MINIMUM TEMPERATURE (F)   63        46      1967


SUNRISE AND SUNSET
JULY  4 2015..........SUNRISE   554 AM CDT   SUNSET   906 PM CDT
JULY  5 2015..........SUNRISE   555 AM CDT   SUNSET   905 PM CDT


-  INDICATES NEGATIVE NUMBERS.
R  INDICATES RECORD WAS SET OR TIED.
MM INDICATES DATA IS MISSING.
T  INDICATES TRACE AMOUNT.




$$
