045
CDUS43 KFSD 200648
CLISUX


CLIMATE REPORT
NATIONAL WEATHER SERVICE SIOUX FALLS SD
148 AM CDT THU JUL 20 2017


...................................

...THE SIOUX CITY IA CLIMATE SUMMARY FOR JULY 19 2017...

CLIMATE NORMAL PERIOD 1981 TO 2010
CLIMATE RECORD PERIOD 1889 TO 2017


WEATHER ITEM   OBSERVED TIME   RECORD YEAR NORMAL DEPARTURE LAST
                VALUE   (LST)  VALUE       VALUE  FROM      YEAR
                                                  NORMAL
..................................................................
TEMPERATURE (F)
 YESTERDAY
  MAXIMUM         94    442 PM 106    1934  86      8       86
  MINIMUM         74    558 AM  49    2009  64     10       73
  AVERAGE         84                        75      9       80

PRECIPITATION (IN)
  YESTERDAY        0.02          1.84 1912   0.10  -0.08     0.01
  MONTH TO DATE    0.11                      2.15  -2.04     2.16
  SINCE JUN 1      1.83                      6.04  -4.21     3.54
  SINCE JAN 1     11.30                     16.02  -4.72    19.27

SNOWFALL (IN)
  YESTERDAY        0.0           0.0    MM   0.0    0.0      0.0
  MONTH TO DATE    0.0                       0.0    0.0      0.0
  SINCE JUN 1      0.0                       0.0    0.0      0.0
  SINCE JUL 1      0.0                       0.0    0.0      0.0
  SNOW DEPTH       0

DEGREE DAYS
 HEATING
  YESTERDAY        0                         0      0        0
  MONTH TO DATE    0                         0      0        0
  SINCE JUN 1     10                        27    -17        0
  SINCE JUL 1      0                         0      0        0

 COOLING
  YESTERDAY       19                        10      9       15
  MONTH TO DATE  267                       184     83      176
  SINCE JUN 1    522                       372    150      509
  SINCE JAN 1    560                       436    124      561
..................................................................


WIND (MPH)
  HIGHEST WIND SPEED    28   HIGHEST WIND DIRECTION     S (190)
  HIGHEST GUST SPEED    35   HIGHEST GUST DIRECTION     S (180)
  AVERAGE WIND SPEED    13.2


SKY COVER
  POSSIBLE SUNSHINE  MM
  AVERAGE SKY COVER 0.1


WEATHER CONDITIONS
 THE FOLLOWING WEATHER WAS RECORDED YESTERDAY.
  THUNDERSTORM
  LIGHT RAIN


RELATIVE HUMIDITY (PERCENT)
 HIGHEST   100           600 AM
 LOWEST     56           300 PM
 AVERAGE    78

..........................................................


THE SIOUX CITY IA CLIMATE NORMALS FOR TODAY
                         NORMAL    RECORD    YEAR
 MAXIMUM TEMPERATURE (F)   86       107      1934
 MINIMUM TEMPERATURE (F)   64        50      1970


SUNRISE AND SUNSET
JULY 20 2017..........SUNRISE   607 AM CDT   SUNSET   857 PM CDT
JULY 21 2017..........SUNRISE   608 AM CDT   SUNSET   856 PM CDT


-  INDICATES NEGATIVE NUMBERS.
R  INDICATES RECORD WAS SET OR TIED.
MM INDICATES DATA IS MISSING.
T  INDICATES TRACE AMOUNT.




$$
