000
CDUS43 KFSD 212229
CLISUX


CLIMATE REPORT
NATIONAL WEATHER SERVICE SIOUX FALLS SD
529 PM CDT THU MAY 21 2015


...................................

...THE SIOUX CITY IA CLIMATE SUMMARY FOR MAY 21 2015...
VALID TODAY AS OF 0500 PM LOCAL TIME.

CLIMATE NORMAL PERIOD 1981 TO 2010
CLIMATE RECORD PERIOD 1889 TO 2015


WEATHER ITEM   OBSERVED TIME   RECORD YEAR NORMAL DEPARTURE LAST
                VALUE   (LST)  VALUE       VALUE  FROM      YEAR
                                                  NORMAL
..................................................................
TEMPERATURE (F)
 TODAY
  MAXIMUM         76    359 PM  94    1973  75      1       79
  MINIMUM         40    515 AM  31    1895  51    -11       56
  AVERAGE         58                        63     -5       68

PRECIPITATION (IN)
  TODAY            0.00          1.75 1945   0.12  -0.12     0.00
  MONTH TO DATE    2.29                      2.48  -0.19     0.58
  SINCE MAR 1      5.70                      7.43  -1.73     3.03
  SINCE JAN 1      6.66                      8.72  -2.06     3.80

SNOWFALL (IN)
  TODAY            0.0           0.0    MM   0.0    0.0      0.0
  MONTH TO DATE    0.0                       0.2   -0.2      0.0
  SINCE MAR 1      T                         8.5   -8.5     10.0
  SINCE JUL 1     21.5                      35.0  -13.5     23.8
  SNOW DEPTH       0

DEGREE DAYS
 HEATING
  TODAY            7                         5      2        0
  MONTH TO DATE  135                       148    -13      177
  SINCE MAR 1   1210                      1506   -296     1622
  SINCE JUL 1   6376                      6800   -424     7226

 COOLING
  TODAY            0                         2     -2        3
  MONTH TO DATE   18                        28    -10       32
  SINCE MAR 1     19                        39    -20       41
  SINCE JAN 1     19                        39    -20       41
..................................................................


WIND (MPH)
  HIGHEST WIND SPEED    21   HIGHEST WIND DIRECTION    NW (330)
  HIGHEST GUST SPEED    26   HIGHEST GUST DIRECTION    NW (320)
  AVERAGE WIND SPEED    10.3


SKY COVER
  POSSIBLE SUNSHINE  MM
  AVERAGE SKY COVER 0.0


WEATHER CONDITIONS
 THE FOLLOWING WEATHER WAS RECORDED TODAY.
  NO SIGNIFICANT WEATHER WAS OBSERVED.


RELATIVE HUMIDITY (PERCENT)
 HIGHEST    86           200 AM
 LOWEST     23           300 PM
 AVERAGE    55

..........................................................


THE SIOUX CITY IA CLIMATE NORMALS FOR TOMORROW
                         NORMAL    RECORD    YEAR
 MAXIMUM TEMPERATURE (F)   75        92      2010
                                             2000
                                             1925
 MINIMUM TEMPERATURE (F)   51        31      1963


SUNRISE AND SUNSET
MAY 21 2015...........SUNRISE   559 AM CDT   SUNSET   846 PM CDT
MAY 22 2015...........SUNRISE   558 AM CDT   SUNSET   847 PM CDT


-  INDICATES NEGATIVE NUMBERS.
R  INDICATES RECORD WAS SET OR TIED.
MM INDICATES DATA IS MISSING.
T  INDICATES TRACE AMOUNT.




$$
