000
CDUS43 KFSD 280648
CLISUX


CLIMATE REPORT
NATIONAL WEATHER SERVICE SIOUX FALLS SD
1248 AM CST TUE FEB 28 2017


...................................

...THE SIOUX CITY IA CLIMATE SUMMARY FOR FEBRUARY 27 2017...

CLIMATE NORMAL PERIOD 1981 TO 2010
CLIMATE RECORD PERIOD 1889 TO 2017


WEATHER ITEM   OBSERVED TIME   RECORD YEAR NORMAL DEPARTURE LAST
                VALUE   (LST)  VALUE       VALUE  FROM      YEAR
                                                  NORMAL
..................................................................
TEMPERATURE (F)
 YESTERDAY
  MAXIMUM         45    403 PM  73    2016  39      6       73
  MINIMUM         15    742 AM -15    1897  19     -4       28
  AVERAGE         30                        29      1       51

PRECIPITATION (IN)
  YESTERDAY        0.00          0.76 1948   0.03  -0.03     0.00
  MONTH TO DATE    0.91                      0.64   0.27     1.11
  SINCE DEC 1      3.06                      2.06   1.00     4.70
  SINCE JAN 1      1.58                      1.26   0.32     1.84

SNOWFALL (IN)
  YESTERDAY        0.0           5.0  1893   0.2   -0.2      0.0
  MONTH TO DATE   12.8                       6.4    6.4     13.9
  SINCE DEC 1     24.5                      20.9    3.6     30.6
  SINCE JUL 1     25.5                      26.3   -0.8     43.1
  SNOW DEPTH       6

DEGREE DAYS
 HEATING
  YESTERDAY       35                        36     -1       14
  MONTH TO DATE  802                      1082   -280      935
  SINCE DEC 1   3266                      3782   -516     3302
  SINCE JUL 1   4210                      5258  -1048     4408

 COOLING
  YESTERDAY        0                         0      0        0
  MONTH TO DATE    0                         0      0        0
  SINCE DEC 1      0                         0      0        0
  SINCE JAN 1      0                         0      0        0
..................................................................


WIND (MPH)
  HIGHEST WIND SPEED    15   HIGHEST WIND DIRECTION    SE (140)
  HIGHEST GUST SPEED    18   HIGHEST GUST DIRECTION    SE (140)
  AVERAGE WIND SPEED     8.9


SKY COVER
  POSSIBLE SUNSHINE  MM
  AVERAGE SKY COVER 0.2


WEATHER CONDITIONS
 THE FOLLOWING WEATHER WAS RECORDED YESTERDAY.
  FOG
  HAZE


RELATIVE HUMIDITY (PERCENT)
 HIGHEST    92           400 AM
 LOWEST     57           200 PM
 AVERAGE    75

..........................................................


THE SIOUX CITY IA CLIMATE NORMALS FOR TODAY
                         NORMAL    RECORD    YEAR
 MAXIMUM TEMPERATURE (F)   39        71      2000
 MINIMUM TEMPERATURE (F)   20       -26      1962


SUNRISE AND SUNSET
FEBRUARY 28 2017......SUNRISE   702 AM CST   SUNSET   615 PM CST
MARCH  1 2017.........SUNRISE   700 AM CST   SUNSET   616 PM CST


-  INDICATES NEGATIVE NUMBERS.
R  INDICATES RECORD WAS SET OR TIED.
MM INDICATES DATA IS MISSING.
T  INDICATES TRACE AMOUNT.




$$
