000
CDUS43 KFSD 010624
CLISUX


CLIMATE REPORT
NATIONAL WEATHER SERVICE SIOUX FALLS SD
1223 AM CST SUN MAR 1 2015


...................................

...THE SIOUX CITY IA CLIMATE SUMMARY FOR FEBRUARY 28 2015...

CLIMATE NORMAL PERIOD 1981 TO 2010
CLIMATE RECORD PERIOD 1889 TO 2015


WEATHER ITEM   OBSERVED TIME   RECORD YEAR NORMAL DEPARTURE LAST
                VALUE   (LST)  VALUE       VALUE  FROM      YEAR
                                                  NORMAL
..................................................................
TEMPERATURE (F)
 YESTERDAY
  MAXIMUM         29    351 PM  71    2000  39    -10       33
  MINIMUM          0    442 AM -26    1962  20    -20        5
  AVERAGE         15                        30    -15       19

PRECIPITATION (IN)
  YESTERDAY        0.00          1.05 1951   0.03  -0.03      T
  MONTH TO DATE    0.32                      0.67  -0.35     0.58
  SINCE DEC 1      2.36                      2.09   0.27     0.95
  SINCE JAN 1      0.96                      1.29  -0.33     0.77

SNOWFALL (IN)
  YESTERDAY        0.0           4.5  1907   0.2   -0.2      0.1
  MONTH TO DATE    4.9                       6.6   -1.7      8.5
  SINCE DEC 1     17.0                      21.1   -4.1     12.9
  SINCE JUL 1     21.5                      26.5   -5.0     13.8
  SNOW DEPTH       0

DEGREE DAYS
 HEATING
  YESTERDAY       50                        35     15       46
  MONTH TO DATE 1284                      1117    167     1289
  SINCE DEC 1   3671                      3818   -147     4180
  SINCE JUL 1   5166                      5294   -128     5604

 COOLING
  YESTERDAY        0                         0      0        0
  MONTH TO DATE    0                         0      0        0
  SINCE DEC 1      0                         0      0        0
  SINCE JAN 1      0                         0      0        0
..................................................................


WIND (MPH)
  HIGHEST WIND SPEED    20   HIGHEST WIND DIRECTION     S (190)
  HIGHEST GUST SPEED    25   HIGHEST GUST DIRECTION     S (200)
  AVERAGE WIND SPEED    10.8


SKY COVER
  POSSIBLE SUNSHINE  MM
  AVERAGE SKY COVER 0.3


WEATHER CONDITIONS
 THE FOLLOWING WEATHER WAS RECORDED YESTERDAY.
  NO SIGNIFICANT WEATHER WAS OBSERVED.


RELATIVE HUMIDITY (PERCENT)
 HIGHEST    88          1100 PM
 LOWEST     57           300 PM
 AVERAGE    73

..........................................................


THE SIOUX CITY IA CLIMATE NORMALS FOR TODAY
                         NORMAL    RECORD    YEAR
 MAXIMUM TEMPERATURE (F)   40        77      1992
 MINIMUM TEMPERATURE (F)   20       -15      1962


SUNRISE AND SUNSET
MARCH  1 2015.........SUNRISE   701 AM CST   SUNSET   615 PM CST
MARCH  2 2015.........SUNRISE   700 AM CST   SUNSET   616 PM CST


-  INDICATES NEGATIVE NUMBERS.
R  INDICATES RECORD WAS SET OR TIED.
MM INDICATES DATA IS MISSING.
T  INDICATES TRACE AMOUNT.




$$
