000
CDUS43 KFSD 240639
CLISUX


CLIMATE REPORT
NATIONAL WEATHER SERVICE SIOUX FALLS SD
136 AM CDT WED AUG 24 2016


...................................

...THE SIOUX CITY IA CLIMATE SUMMARY FOR AUGUST 23 2016...

CLIMATE NORMAL PERIOD 1981 TO 2010
CLIMATE RECORD PERIOD 1889 TO 2016


WEATHER ITEM   OBSERVED TIME   RECORD YEAR NORMAL DEPARTURE LAST
                VALUE   (LST)  VALUE       VALUE  FROM      YEAR
                                                  NORMAL
..................................................................
TEMPERATURE (F)
 YESTERDAY
  MAXIMUM         82    549 PM 102    1938  83     -1       71
  MINIMUM         65   1206 PM  40    1891  60      5       49
  AVERAGE         74                        71      3       60

PRECIPITATION (IN)
  YESTERDAY        2.45R         2.18 2010   0.10   2.35     0.00
  MONTH TO DATE    4.91                      2.38   2.53     3.77
  SINCE JUN 1      8.48                      9.71  -1.23    13.64
  SINCE JAN 1     24.21                     19.69   4.52    21.54

SNOWFALL (IN)
  YESTERDAY        0.0           0.0    MM   0.0    0.0      0.0
  MONTH TO DATE    0.0                       0.0    0.0      0.0
  SINCE JUN 1      0.0                       0.0    0.0      0.0
  SINCE JUL 1      0.0                       0.0    0.0      0.0
  SNOW DEPTH       0

DEGREE DAYS
 HEATING
  YESTERDAY        0                         1     -1        5
  MONTH TO DATE    0                         1     -1       10
  SINCE JUN 1      0                        31    -31       15
  SINCE JUL 1      0                         4     -4       13

 COOLING
  YESTERDAY        9                         7      2        0
  MONTH TO DATE  237                       185     52      171
  SINCE JUN 1    919                       666    253      668
  SINCE JAN 1    971                       730    241      697
..................................................................


WIND (MPH)
  HIGHEST WIND SPEED    28   HIGHEST WIND DIRECTION    NW (300)
  HIGHEST GUST SPEED    37   HIGHEST GUST DIRECTION    NW (310)
  AVERAGE WIND SPEED    10.5


SKY COVER
  POSSIBLE SUNSHINE  MM
  AVERAGE SKY COVER 0.4


WEATHER CONDITIONS
 THE FOLLOWING WEATHER WAS RECORDED YESTERDAY.
  THUNDERSTORM
  HEAVY RAIN
  LIGHT RAIN
  FOG
  FOG W/VISIBILITY <= 1/4 MILE


RELATIVE HUMIDITY (PERCENT)
 HIGHEST    87           400 AM
 LOWEST     68          1200 AM
 AVERAGE    78

..........................................................


THE SIOUX CITY IA CLIMATE NORMALS FOR TODAY
                         NORMAL    RECORD    YEAR
 MAXIMUM TEMPERATURE (F)   83       108      1936
 MINIMUM TEMPERATURE (F)   60        42      1928


SUNRISE AND SUNSET
AUGUST 24 2016........SUNRISE   643 AM CDT   SUNSET   812 PM CDT
AUGUST 25 2016........SUNRISE   644 AM CDT   SUNSET   810 PM CDT


-  INDICATES NEGATIVE NUMBERS.
R  INDICATES RECORD WAS SET OR TIED.
MM INDICATES DATA IS MISSING.
T  INDICATES TRACE AMOUNT.




$$
