000
CDUS43 KFSD 070624
CLISUX


CLIMATE REPORT
NATIONAL WEATHER SERVICE SIOUX FALLS SD
124 AM CDT TUE JUL 7 2015


...................................

...THE SIOUX CITY IA CLIMATE SUMMARY FOR JULY 6 2015...

CLIMATE NORMAL PERIOD 1981 TO 2010
CLIMATE RECORD PERIOD 1889 TO 2015


WEATHER ITEM   OBSERVED TIME   RECORD YEAR NORMAL DEPARTURE LAST
                VALUE   (LST)  VALUE       VALUE  FROM      YEAR
                                                  NORMAL
..................................................................
TEMPERATURE (F)
 YESTERDAY
  MAXIMUM         81    108 AM 101    1936  86     -5       92
  MINIMUM         58   1159 PM  50    1997  63     -5       67
  AVERAGE         70                        74     -4       80

PRECIPITATION (IN)
  YESTERDAY        0.24          2.15 1952   0.11   0.13     0.00
  MONTH TO DATE    0.82                      0.68   0.14     0.41
  SINCE JUN 1      5.01                      4.57   0.44    17.06
  SINCE JAN 1     12.91                     14.55  -1.64    22.31

SNOWFALL (IN)
  YESTERDAY        0.0           0.0    MM   0.0    0.0      0.0
  MONTH TO DATE    0.0                       0.0    0.0      0.0
  SINCE JUN 1      0.0                       0.0    0.0      0.0
  SINCE JUL 1      0.0                       0.0    0.0      0.0
  SNOW DEPTH       0

DEGREE DAYS
 HEATING
  YESTERDAY        0                         0      0        0
  MONTH TO DATE    0                         0      0        2
  SINCE JUN 1      2                        27    -25       22
  SINCE JUL 1      0                         0      0        2

 COOLING
  YESTERDAY        5                         9     -4       15
  MONTH TO DATE   30                        54    -24       34
  SINCE JUN 1    239                       242     -3      229
  SINCE JAN 1    268                       306    -38      350
..................................................................


WIND (MPH)
  HIGHEST WIND SPEED    25   HIGHEST WIND DIRECTION     N (360)
  HIGHEST GUST SPEED    31   HIGHEST GUST DIRECTION     N (360)
  AVERAGE WIND SPEED    11.4


SKY COVER
  POSSIBLE SUNSHINE  MM
  AVERAGE SKY COVER 0.7


WEATHER CONDITIONS
 THE FOLLOWING WEATHER WAS RECORDED YESTERDAY.
  THUNDERSTORM
  RAIN
  LIGHT RAIN
  FOG
  HAZE


RELATIVE HUMIDITY (PERCENT)
 HIGHEST    93           600 AM
 LOWEST     54           500 PM
 AVERAGE    74

..........................................................


THE SIOUX CITY IA CLIMATE NORMALS FOR TODAY
                         NORMAL    RECORD    YEAR
 MAXIMUM TEMPERATURE (F)   86       106      1980
 MINIMUM TEMPERATURE (F)   63        47      1934


SUNRISE AND SUNSET
JULY  7 2015..........SUNRISE   556 AM CDT   SUNSET   905 PM CDT
JULY  8 2015..........SUNRISE   556 AM CDT   SUNSET   904 PM CDT


-  INDICATES NEGATIVE NUMBERS.
R  INDICATES RECORD WAS SET OR TIED.
MM INDICATES DATA IS MISSING.
T  INDICATES TRACE AMOUNT.




$$
