000
CDUS43 KFSD 282236
CLISUX


CLIMATE REPORT
NATIONAL WEATHER SERVICE SIOUX FALLS SD
536 PM CDT THU MAY 28 2015


...................................

...THE SIOUX CITY IA CLIMATE SUMMARY FOR MAY 28 2015...
VALID TODAY AS OF 0500 PM LOCAL TIME.

CLIMATE NORMAL PERIOD 1981 TO 2010
CLIMATE RECORD PERIOD 1889 TO 2015


WEATHER ITEM   OBSERVED TIME   RECORD YEAR NORMAL DEPARTURE LAST
                VALUE   (LST)  VALUE       VALUE  FROM      YEAR
                                                  NORMAL
..................................................................
TEMPERATURE (F)
 TODAY
  MAXIMUM         78   1134 AM  98    2006  77      1       87
  MINIMUM         56    447 AM  31    1947  53      3       62
  AVERAGE         67                        65      2       75

PRECIPITATION (IN)
  TODAY            T             2.16 1959   0.12  -0.12     0.00
  MONTH TO DATE    3.31                      3.34  -0.03     1.72
  SINCE MAR 1      6.72                      8.29  -1.57     4.17
  SINCE JAN 1      7.68                      9.58  -1.90     4.94

SNOWFALL (IN)
  TODAY            0.0           0.8  1947   0.0    0.0      0.0
  MONTH TO DATE    0.0                       0.2   -0.2      0.0
  SINCE MAR 1      T                         8.5   -8.5     10.0
  SINCE JUL 1     21.5                      35.0  -13.5     23.8
  SNOW DEPTH       0

DEGREE DAYS
 HEATING
  TODAY            0                         3     -3        0
  MONTH TO DATE  151                       173    -22      177
  SINCE MAR 1   1226                      1531   -305     1622
  SINCE JUL 1   6392                      6825   -433     7226

 COOLING
  TODAY            2                         3     -1       10
  MONTH TO DATE   27                        45    -18       80
  SINCE MAR 1     28                        56    -28       89
  SINCE JAN 1     28                        56    -28       89
..................................................................


WIND (MPH)
  HIGHEST WIND SPEED    24   HIGHEST WIND DIRECTION     S (160)
  HIGHEST GUST SPEED    29   HIGHEST GUST DIRECTION     S (160)
  AVERAGE WIND SPEED     9.8


SKY COVER
  POSSIBLE SUNSHINE  MM
  AVERAGE SKY COVER 0.2


WEATHER CONDITIONS
 THE FOLLOWING WEATHER WAS RECORDED TODAY.
  LIGHT RAIN


RELATIVE HUMIDITY (PERCENT)
 HIGHEST    80           500 AM
 LOWEST     54          1100 AM
 AVERAGE    67

..........................................................


THE SIOUX CITY IA CLIMATE NORMALS FOR TOMORROW
                         NORMAL    RECORD    YEAR
 MAXIMUM TEMPERATURE (F)   77       103      1934
 MINIMUM TEMPERATURE (F)   53        27      1947


SUNRISE AND SUNSET
MAY 28 2015...........SUNRISE   553 AM CDT   SUNSET   853 PM CDT
MAY 29 2015...........SUNRISE   553 AM CDT   SUNSET   853 PM CDT


-  INDICATES NEGATIVE NUMBERS.
R  INDICATES RECORD WAS SET OR TIED.
MM INDICATES DATA IS MISSING.
T  INDICATES TRACE AMOUNT.




$$
