000
CDUS43 KFSD 040633
CLISUX


CLIMATE REPORT
NATIONAL WEATHER SERVICE SIOUX FALLS SD
131 AM CDT FRI SEP 4 2015


...................................

...THE SIOUX CITY IA CLIMATE SUMMARY FOR SEPTEMBER 3 2015...

CLIMATE NORMAL PERIOD 1981 TO 2010
CLIMATE RECORD PERIOD 1889 TO 2015


WEATHER ITEM   OBSERVED TIME   RECORD YEAR NORMAL DEPARTURE LAST
                VALUE   (LST)  VALUE       VALUE  FROM      YEAR
                                                  NORMAL
..................................................................
TEMPERATURE (F)
 YESTERDAY
  MAXIMUM         88    517 PM  99    1947  81      7       83
  MINIMUM         69    643 AM  37    1974  56     13       63
  AVERAGE         79                        68     11       73

PRECIPITATION (IN)
  YESTERDAY        0.00          3.07 2009   0.11  -0.11     0.00
  MONTH TO DATE    0.00                      0.32  -0.32     0.11
  SINCE SEP 1      0.00                      0.32  -0.32     0.11
  SINCE JAN 1     23.74                     20.86   2.88    35.74

SNOWFALL (IN)
  YESTERDAY        0.0           0.0    MM   0.0    0.0      0.0
  MONTH TO DATE    0.0                       0.0    0.0      0.0
  SINCE SEP 1      0.0                       0.0    0.0      0.0
  SINCE JUL 1      0.0                       0.0    0.0      0.0
  SNOW DEPTH       0

DEGREE DAYS
 HEATING
  YESTERDAY        0                         1     -1        0
  MONTH TO DATE    0                         3     -3        0
  SINCE SEP 1      0                         3     -3        0
  SINCE JUL 1     23                        18      5        6

 COOLING
  YESTERDAY       14                         5      9        8
  MONTH TO DATE   39                        15     24       16
  SINCE SEP 1     39                        15     24       16
  SINCE JAN 1    759                       792    -33      782
..................................................................


WIND (MPH)
  HIGHEST WIND SPEED    17   HIGHEST WIND DIRECTION    SE (150)
  HIGHEST GUST SPEED    22   HIGHEST GUST DIRECTION    SE (150)
  AVERAGE WIND SPEED     9.6


SKY COVER
  POSSIBLE SUNSHINE  MM
  AVERAGE SKY COVER 0.0


WEATHER CONDITIONS
 THE FOLLOWING WEATHER WAS RECORDED YESTERDAY.
  NO SIGNIFICANT WEATHER WAS OBSERVED.


RELATIVE HUMIDITY (PERCENT)
 HIGHEST    90          1200 AM
 LOWEST     48           100 PM
 AVERAGE    69

..........................................................


THE SIOUX CITY IA CLIMATE NORMALS FOR TODAY
                         NORMAL    RECORD    YEAR
 MAXIMUM TEMPERATURE (F)   80        99      1913
 MINIMUM TEMPERATURE (F)   56        37      1902


SUNRISE AND SUNSET
SEPTEMBER  4 2015.....SUNRISE   654 AM CDT   SUNSET   755 PM CDT
SEPTEMBER  5 2015.....SUNRISE   655 AM CDT   SUNSET   753 PM CDT


-  INDICATES NEGATIVE NUMBERS.
R  INDICATES RECORD WAS SET OR TIED.
MM INDICATES DATA IS MISSING.
T  INDICATES TRACE AMOUNT.




$$
