000
CDUS43 KFSD 250631
CLISUX


CLIMATE REPORT
NATIONAL WEATHER SERVICE SIOUX FALLS SD
125 AM CDT MON SEP 25 2017


...................................

...THE SIOUX CITY IA CLIMATE SUMMARY FOR SEPTEMBER 24 2017...

CLIMATE NORMAL PERIOD 1981 TO 2010
CLIMATE RECORD PERIOD 1889 TO 2017


WEATHER ITEM   OBSERVED TIME   RECORD YEAR NORMAL DEPARTURE LAST
                VALUE   (LST)  VALUE       VALUE  FROM      YEAR
                                                  NORMAL
..................................................................
TEMPERATURE (F)
 YESTERDAY
  MAXIMUM         86    102 PM  89    1956  73     13       87
  MINIMUM         58   1159 PM  30    2001  47     11       67
                                      1942
  AVERAGE         72                        60     12       77

PRECIPITATION (IN)
  YESTERDAY        0.17          1.23 2016   0.10   0.07     1.23
  MONTH TO DATE    0.68                      2.41  -1.73     2.78
  SINCE SEP 1      0.68                      2.41  -1.73     2.78
  SINCE JAN 1     20.87                     22.95  -2.08    27.13

SNOWFALL (IN)
  YESTERDAY        0.0           0.0    MM   0.0    0.0      0.0
  MONTH TO DATE    0.0                       0.0    0.0      0.0
  SINCE SEP 1      0.0                       0.0    0.0      0.0
  SINCE JUL 1      0.0                       0.0    0.0      0.0
  SNOW DEPTH       0

DEGREE DAYS
 HEATING
  YESTERDAY        0                         7     -7        0
  MONTH TO DATE   33                        86    -53       13
  SINCE SEP 1     33                        86    -53       13
  SINCE JUL 1     41                       101    -60       13

 COOLING
  YESTERDAY        7                         1      6       12
  MONTH TO DATE  119                        76     43      143
  SINCE SEP 1    119                        76     43      143
  SINCE JAN 1    951                       853     98     1165
..................................................................


WIND (MPH)
  HIGHEST WIND SPEED    23   HIGHEST WIND DIRECTION    SW (230)
  HIGHEST GUST SPEED    34   HIGHEST GUST DIRECTION    SW (230)
  AVERAGE WIND SPEED     9.9


SKY COVER
  POSSIBLE SUNSHINE  MM
  AVERAGE SKY COVER 0.2


WEATHER CONDITIONS
 THE FOLLOWING WEATHER WAS RECORDED YESTERDAY.
  THUNDERSTORM
  HEAVY RAIN
  RAIN
  LIGHT RAIN
  FOG


RELATIVE HUMIDITY (PERCENT)
 HIGHEST   100           100 AM
 LOWEST     51          1200 PM
 AVERAGE    76

..........................................................


THE SIOUX CITY IA CLIMATE NORMALS FOR TODAY
                         NORMAL    RECORD    YEAR
 MAXIMUM TEMPERATURE (F)   73        93      1998
                                             1897
 MINIMUM TEMPERATURE (F)   46        29      1926
                                             1893


SUNRISE AND SUNSET
SEPTEMBER 25 2017.....SUNRISE   716 AM CDT   SUNSET   717 PM CDT
SEPTEMBER 26 2017.....SUNRISE   717 AM CDT   SUNSET   715 PM CDT


-  INDICATES NEGATIVE NUMBERS.
R  INDICATES RECORD WAS SET OR TIED.
MM INDICATES DATA IS MISSING.
T  INDICATES TRACE AMOUNT.




$$
