000
CDUS43 KFSD 302228
CLISUX


CLIMATE REPORT
NATIONAL WEATHER SERVICE SIOUX FALLS SD
524 PM CDT SAT MAY 30 2015


...................................

...THE SIOUX CITY IA CLIMATE SUMMARY FOR MAY 30 2015...
VALID TODAY AS OF 0500 PM LOCAL TIME.

CLIMATE NORMAL PERIOD 1981 TO 2010
CLIMATE RECORD PERIOD 1889 TO 2015


WEATHER ITEM   OBSERVED TIME   RECORD YEAR NORMAL DEPARTURE LAST
                VALUE   (LST)  VALUE       VALUE  FROM      YEAR
                                                  NORMAL
..................................................................
TEMPERATURE (F)
 TODAY
  MAXIMUM         68    359 PM 105    1934  77     -9       86
  MINIMUM         50    554 AM  37    1947  54     -4       66
                                      1897
  AVERAGE         59                        66     -7       76

PRECIPITATION (IN)
  TODAY            0.00          1.99 1967   0.14  -0.14     0.31
  MONTH TO DATE    3.46                      3.61  -0.15     2.03
  SINCE MAR 1      6.87                      8.56  -1.69     4.48
  SINCE JAN 1      7.83                      9.85  -2.02     5.25

SNOWFALL (IN)
  TODAY            0.0           0.0    MM   0.0    0.0      0.0
  MONTH TO DATE    0.0                       0.2   -0.2      0.0
  SINCE MAR 1      T                         8.5   -8.5     10.0
  SINCE JUL 1     21.5                      35.0  -13.5     23.8
  SNOW DEPTH       0

DEGREE DAYS
 HEATING
  TODAY            6                         3      3        0
  MONTH TO DATE  157                       179    -22      177
  SINCE MAR 1   1232                      1537   -305     1622
  SINCE JUL 1   6398                      6831   -433     7226

 COOLING
  TODAY            0                         3     -3       11
  MONTH TO DATE   28                        51    -23       99
  SINCE MAR 1     29                        62    -33      108
  SINCE JAN 1     29                        62    -33      108
..................................................................


WIND (MPH)
  HIGHEST WIND SPEED    21   HIGHEST WIND DIRECTION     N (10)
  HIGHEST GUST SPEED    27   HIGHEST GUST DIRECTION     N (10)
  AVERAGE WIND SPEED    15.2


SKY COVER
  POSSIBLE SUNSHINE  MM
  AVERAGE SKY COVER 0.6


WEATHER CONDITIONS
 THE FOLLOWING WEATHER WAS RECORDED TODAY.
  NO SIGNIFICANT WEATHER WAS OBSERVED.


RELATIVE HUMIDITY (PERCENT)
 HIGHEST    77          1200 AM
 LOWEST     40           300 PM
 AVERAGE    59

..........................................................


THE SIOUX CITY IA CLIMATE NORMALS FOR TOMORROW
                         NORMAL    RECORD    YEAR
 MAXIMUM TEMPERATURE (F)   78       102      1934
 MINIMUM TEMPERATURE (F)   54        38      1897


SUNRISE AND SUNSET
MAY 30 2015...........SUNRISE   552 AM CDT   SUNSET   854 PM CDT
MAY 31 2015...........SUNRISE   552 AM CDT   SUNSET   855 PM CDT


-  INDICATES NEGATIVE NUMBERS.
R  INDICATES RECORD WAS SET OR TIED.
MM INDICATES DATA IS MISSING.
T  INDICATES TRACE AMOUNT.




$$
