000
CDUS43 KFSD 210654
CLISUX


CLIMATE REPORT
NATIONAL WEATHER SERVICE SIOUX FALLS SD
152 AM CDT SAT MAY 21 2016


...................................

...THE SIOUX CITY IA CLIMATE SUMMARY FOR MAY 20 2016...

CLIMATE NORMAL PERIOD 1981 TO 2010
CLIMATE RECORD PERIOD 1889 TO 2016


WEATHER ITEM   OBSERVED TIME   RECORD YEAR NORMAL DEPARTURE LAST
                VALUE   (LST)  VALUE       VALUE  FROM      YEAR
                                                  NORMAL
..................................................................
TEMPERATURE (F)
 YESTERDAY
  MAXIMUM         70    426 PM  98    1934  74     -4       51
  MINIMUM         45    505 AM  32    1997  50     -5       41
  AVERAGE         58                        62     -4       46

PRECIPITATION (IN)
  YESTERDAY        0.00          1.31 1898   0.12  -0.12     0.10
  MONTH TO DATE    1.69                      2.36  -0.67     2.29
  SINCE MAR 1     10.56                      7.31   3.25     5.70
  SINCE JAN 1     12.40                      8.60   3.80     6.66

SNOWFALL (IN)
  YESTERDAY        0.0           T    1931   0.0    0.0      0.0
                                      1892
  MONTH TO DATE    0.0                       0.2   -0.2      0.0
  SINCE MAR 1     14.5                       8.5    6.0       T
  SINCE JUL 1     57.6                      35.0   22.6     21.5
  SNOW DEPTH       0

DEGREE DAYS
 HEATING
  YESTERDAY        7                         5      2       19
  MONTH TO DATE  164                       143     21      128
  SINCE MAR 1   1191                      1501   -310     1203
  SINCE JUL 1   5650                      6795  -1145     6369

 COOLING
  YESTERDAY        0                         2     -2        0
  MONTH TO DATE    3                        26    -23       18
  SINCE MAR 1      3                        37    -34       19
  SINCE JAN 1      3                        37    -34       19
..................................................................


WIND (MPH)
  HIGHEST WIND SPEED    22   HIGHEST WIND DIRECTION     S (170)
  HIGHEST GUST SPEED    29   HIGHEST GUST DIRECTION     S (160)
  AVERAGE WIND SPEED    10.4


SKY COVER
  POSSIBLE SUNSHINE  MM
  AVERAGE SKY COVER 0.6


WEATHER CONDITIONS
 THE FOLLOWING WEATHER WAS RECORDED YESTERDAY.
  NO SIGNIFICANT WEATHER WAS OBSERVED.


RELATIVE HUMIDITY (PERCENT)
 HIGHEST    86           500 AM
 LOWEST     47           400 PM
 AVERAGE    67

..........................................................


THE SIOUX CITY IA CLIMATE NORMALS FOR TODAY
                         NORMAL    RECORD    YEAR
 MAXIMUM TEMPERATURE (F)   75        94      1973
 MINIMUM TEMPERATURE (F)   51        31      1895


SUNRISE AND SUNSET
MAY 21 2016...........SUNRISE   558 AM CDT   SUNSET   847 PM CDT
MAY 22 2016...........SUNRISE   557 AM CDT   SUNSET   848 PM CDT


-  INDICATES NEGATIVE NUMBERS.
R  INDICATES RECORD WAS SET OR TIED.
MM INDICATES DATA IS MISSING.
T  INDICATES TRACE AMOUNT.




$$
