000
CDUS43 KFSD 100629
CLISUX


CLIMATE REPORT
NATIONAL WEATHER SERVICE SIOUX FALLS SD
1227 AM CST WED FEB 10 2016


...................................

...THE SIOUX CITY IA CLIMATE SUMMARY FOR FEBRUARY 9 2016...

CLIMATE NORMAL PERIOD 1981 TO 2010
CLIMATE RECORD PERIOD 1889 TO 2016


WEATHER ITEM   OBSERVED TIME   RECORD YEAR NORMAL DEPARTURE LAST
                VALUE   (LST)  VALUE       VALUE  FROM      YEAR
                                                  NORMAL
..................................................................
TEMPERATURE (F)
 YESTERDAY
  MAXIMUM         25    632 PM  62    1954  33     -8       34
  MINIMUM         11    840 AM -29    1899  13     -2       32
  AVERAGE         18                        23     -5       33

PRECIPITATION (IN)
  YESTERDAY        0.00          0.81 1909   0.02  -0.02     0.00
  MONTH TO DATE    0.57                      0.18   0.39     0.18
  SINCE DEC 1      4.16                      1.60   2.56     2.22
  SINCE JAN 1      1.30                      0.80   0.50     0.82

SNOWFALL (IN)
  YESTERDAY        0.0          10.5  1909   0.3   -0.3      0.0
  MONTH TO DATE   12.9                       2.2   10.7      3.4
  SINCE DEC 1     29.6                      16.7   12.9     15.5
  SINCE JUL 1     42.1                      22.1   20.0     20.0
  SNOW DEPTH      13

DEGREE DAYS
 HEATING
  YESTERDAY       47                        42      5       32
  MONTH TO DATE  359                       383    -24      403
  SINCE DEC 1   2726                      3083   -357     2790
  SINCE JUL 1   3832                      4559   -727     4285

 COOLING
  YESTERDAY        0                         0      0        0
  MONTH TO DATE    0                         0      0        0
  SINCE DEC 1      0                         0      0        0
  SINCE JAN 1      0                         0      0        0
..................................................................


WIND (MPH)
  HIGHEST WIND SPEED    32   HIGHEST WIND DIRECTION     N (340)
  HIGHEST GUST SPEED    40   HIGHEST GUST DIRECTION     N (340)
  AVERAGE WIND SPEED    15.5


SKY COVER
  POSSIBLE SUNSHINE  MM
  AVERAGE SKY COVER 0.2


WEATHER CONDITIONS
 THE FOLLOWING WEATHER WAS RECORDED YESTERDAY.
  NO SIGNIFICANT WEATHER WAS OBSERVED.


RELATIVE HUMIDITY (PERCENT)
 HIGHEST    77          1000 PM
 LOWEST     56          1200 PM
 AVERAGE    67

..........................................................


THE SIOUX CITY IA CLIMATE NORMALS FOR TODAY
                         NORMAL    RECORD    YEAR
 MAXIMUM TEMPERATURE (F)   33        68      1999
 MINIMUM TEMPERATURE (F)   14       -17      1905


SUNRISE AND SUNSET
FEBRUARY 10 2016......SUNRISE   729 AM CST   SUNSET   551 PM CST
FEBRUARY 11 2016......SUNRISE   728 AM CST   SUNSET   552 PM CST


-  INDICATES NEGATIVE NUMBERS.
R  INDICATES RECORD WAS SET OR TIED.
MM INDICATES DATA IS MISSING.
T  INDICATES TRACE AMOUNT.




$$
